{"id":48560,"date":"2024-12-10T09:28:31","date_gmt":"2024-12-10T09:28:31","guid":{"rendered":"https:\/\/ruumistruumi.ee\/pood\/aline-poorlev-soogitool-antratsiitne-linane-kangas\/"},"modified":"2025-08-20T21:50:37","modified_gmt":"2025-08-20T21:50:37","slug":"aline-poorlev-soogitool-antratsiitne-linane-kangas","status":"publish","type":"product","link":"https:\/\/blankpage.ee\/_ruumist-ruumi\/pood\/aline-poorlev-soogitool-antratsiitne-linane-kangas\/","title":{"rendered":"Aline p\u00f6\u00f6rlev s\u00f6\u00f6gitool, antratsiitne linane kangas"},"content":{"rendered":"<h2>Aline p\u00f6\u00f6ratav s\u00f6\u00f6gitool<\/h2>\n<p>Aline p\u00f6\u00f6ratav s\u00f6\u00f6gitool on stiilne ja kaasaegne m\u00f6\u00f6bliese, mis on loodud teie eluruumi t\u00e4iustamiseks. Detailidele t\u00e4helepanu p\u00f6\u00f6rates valmistatud, pakub see s\u00f6\u00f6gitool v\u00f5rreldamatut mugavust ja rafineeritust.<\/p>\n<h4>Elegantne disain ja mugavus<\/h4>\n<p>See Aline p\u00f6\u00f6ratav s\u00f6\u00f6gitool antratsiidist linase katteriidega \u00fchendab elegantsuse ja mugavuse, olles t\u00e4iuslik t\u00e4iendus igasse ruumi. Pehme iste tagab stiilse l\u00f5\u00f5gastumise, samas kui kvaliteetsed materjalid kindlustavad vastupidavuse aastateks.<\/p>\n<h4>T\u00e4iuslik igasse ruumi<\/h4>\n<p>Otsid kas elutoa uuendust, hubast lugemisnurka v\u00f5i t\u00f5mbenumbriks olevat kontoritooli, Aline p\u00f6\u00f6ratav s\u00f6\u00f6gitool sobitub vaevata iga sisekujundusstiiliga. Selle mitmek\u00fclgne disain t\u00e4iendab nii kaasaegseid kui ka klassikalisi interj\u00f6\u00f6re.<\/p>\n<h4>Omadused<\/h4>\n<ul>\n<li>P\u00f6\u00f6ramisfunktsioon mugavaks liikuvuseks<\/li>\n<li>Luksuslik antratsiit linane viimistlus<\/li>\n<li>Vastupidav ja kvaliteetne konstruktsioon<\/li>\n<li>M\u00f5eldud mugavuse ja stiili jaoks<\/li>\n<li>T\u00e4iuslik lisa elutubadesse, magamistubadesse ja kontoritesse<\/li>\n<li>Kerge puhastada ja hooldada<\/li>\n<\/ul>\n<p>Avasta kaunis Aline p\u00f6\u00f6ratav s\u00f6\u00f6gitool. See stiilne tool, mis sobib ideaalselt nii s\u00f6\u00f6gituppa kui ka elutuppa, on saadaval kahes atraktiivses versioonis: klassikaline linane v\u00e4limus ja luksuslik sametversioon. Aline tool on varustatud mugavate k\u00e4etugedega ja muljetavaldava 180-kraadise p\u00f6\u00f6ramisfunktsiooniga, mis v\u00f5imaldab suunda h\u00f5lpsalt muuta ja t\u00e4ielikult sotsiaalsetest koosviibimistest osa saada. T\u00e4nu istmel kasutatud lisamugavusvahule pakub see p\u00f6\u00f6ratav tool erakordset istumismugavust pikkade \u00f5htus\u00f6\u00f6kide v\u00f5i koduste l\u00f5\u00f5gastusmomentide ajal. Uuenda oma interj\u00f6\u00f6ri selle mitmek\u00fclgse, kaasaegse s\u00f6\u00f6gitooliga ja naudi t\u00e4iuslikku disaini, mugavuse ja funktsionaalsuse kombinatsiooni. Aline p\u00f6\u00f6ratav tool on ideaalne neile, kes otsivad kaasaegset s\u00f6\u00f6gitooli, luksuslikku sametist tooli v\u00f5i stiilset p\u00f6\u00f6ratavat tooli oma koju.<\/p>\n","protected":false},"excerpt":{"rendered":"<p>Aline p\u00f6\u00f6ratav s\u00f6\u00f6gitool Aline p\u00f6\u00f6ratav s\u00f6\u00f6gitool on stiilne ja kaasaegne m\u00f6\u00f6bliese, mis on loodud teie eluruumi t\u00e4iustamiseks. Detailidele t\u00e4helepanu p\u00f6\u00f6rates valmistatud, pakub see s\u00f6\u00f6gitool v\u00f5rreldamatut mugavust ja rafineeritust. Elegantne disain ja mugavus See Aline p\u00f6\u00f6ratav s\u00f6\u00f6gitool antratsiidist linase katteriidega \u00fchendab elegantsuse ja mugavuse, olles t\u00e4iuslik t\u00e4iendus igasse ruumi. Pehme iste tagab stiilse l\u00f5\u00f5gastumise, samas kui [&hellip;]<\/p>\n","protected":false},"featured_media":48561,"comment_status":"open","ping_status":"open","template":"","meta":[],"product_brand":[],"product_cat":[108],"product_tag":[],"class_list":{"0":"post-48560","1":"product","2":"type-product","3":"status-publish","4":"has-post-thumbnail","6":"product_cat-soogitoolid","7":"product_shipping_class-furnicher","8":"pa_kollektsioon-aline","9":"pa_materjal-kangas","10":"pa_varv-antratsiit","12":"first","13":"outofstock","14":"sale","15":"taxable","16":"shipping-taxable","17":"purchasable","18":"product-type-simple"},"_links":{"self":[{"href":"https:\/\/blankpage.ee\/_ruumist-ruumi\/wp-json\/wp\/v2\/product\/48560","targetHints":{"allow":["GET"]}}],"collection":[{"href":"https:\/\/blankpage.ee\/_ruumist-ruumi\/wp-json\/wp\/v2\/product"}],"about":[{"href":"https:\/\/blankpage.ee\/_ruumist-ruumi\/wp-json\/wp\/v2\/types\/product"}],"replies":[{"embeddable":true,"href":"https:\/\/blankpage.ee\/_ruumist-ruumi\/wp-json\/wp\/v2\/comments?post=48560"}],"wp:featuredmedia":[{"embeddable":true,"href":"https:\/\/blankpage.ee\/_ruumist-ruumi\/wp-json\/wp\/v2\/media\/48561"}],"wp:attachment":[{"href":"https:\/\/blankpage.ee\/_ruumist-ruumi\/wp-json\/wp\/v2\/media?parent=48560"}],"wp:term":[{"taxonomy":"product_brand","embeddable":true,"href":"https:\/\/blankpage.ee\/_ruumist-ruumi\/wp-json\/wp\/v2\/product_brand?post=48560"},{"taxonomy":"product_cat","embeddable":true,"href":"https:\/\/blankpage.ee\/_ruumist-ruumi\/wp-json\/wp\/v2\/product_cat?post=48560"},{"taxonomy":"product_tag","embeddable":true,"href":"https:\/\/blankpage.ee\/_ruumist-ruumi\/wp-json\/wp\/v2\/product_tag?post=48560"}],"curies":[{"name":"wp","href":"https:\/\/api.w.org\/{rel}","templated":true}]}}