{"id":4899,"date":"2024-11-01T09:27:06","date_gmt":"2024-11-01T09:27:06","guid":{"rendered":"https:\/\/ruumistruumi.ee\/pood\/elevandiluu-varvi-pikendatav-soogilaud-verona-ve889-kaskpuust\/"},"modified":"2025-01-29T10:01:14","modified_gmt":"2025-01-29T10:01:14","slug":"elevandiluu-varvi-pikendatav-soogilaud-verona-ve889-kasepuidust","status":"publish","type":"product","link":"https:\/\/blankpage.ee\/_ruumist-ruumi\/pood\/elevandiluu-varvi-pikendatav-soogilaud-verona-ve889-kasepuidust\/","title":{"rendered":"Elevandiluu v\u00e4rvi pikendatav s\u00f6\u00f6gilaud Verona VE889, kasepuidust"},"content":{"rendered":"<p>Verona VE889 pikendatav s\u00f6\u00f6gilaud s\u00f6\u00f6gituppa. See elegantne t\u00e4ispuidust s\u00f6\u00f6gilaud, millel on kaunilt painutatud ja freesitud jalad, toob Provence&#8217;i stiili teie koju. Laua korpus on pooll\u00e4ikivas elevandiluuv\u00e4rvis, samas kui lauaplaat s\u00e4rab mee toonis l\u00e4ikega. Korpusel ja lauaplaadil on iseloomulik koore\u00fcraski muster ja dekoratiivsed needid, mis lisavad ainulaadset v\u00f5lu.<\/p>\n<p>Verona VE889 on ideaalne valik neile, kes hindavad kvaliteetset k\u00e4sit\u00f6\u00f6d ja ajatut disaini. Laua pikendatav funktsioon v\u00f5imaldab teil lihtsalt kohandada selle suurust vastavalt vajadusele, muutes selle sobivaks nii intiimseteks \u00f5htus\u00f6\u00f6kideks kui ka suuremateks koosviibimisteks. Laua osaline kokkupanek t\u00e4hendab, et see on paigaldamiseks valmis, s\u00e4\u00e4stes teie aega ja vaeva.<\/p>\n<p>Omadused:<br \/>\n<strong>Materjal:<\/strong> Kvaliteetne kask.<br \/>\n<strong>V\u00e4rv:<\/strong> Elevandiluu korpus ja mee toonis lauaplaat.<br \/>\n<strong>M\u00f5\u00f5tmed:<\/strong> Laius 178-228 cm, s\u00fcgavus 104 cm, k\u00f5rgus 78 cm.<br \/>\n<strong>T\u00e4iendavad detailid:<\/strong> Iseloomulik koore\u00fcraski muster ja dekoratiivsed needid.<br \/>\n<strong>Kokkupanek:<\/strong> Osaliselt kokku pandud, ei vaja paigaldust. S\u00e4\u00e4stab aega ja vaeva.<\/p>\n<p>&nbsp;<\/p>\n","protected":false},"excerpt":{"rendered":"<p>Verona VE889 pikendatav s\u00f6\u00f6gilaud s\u00f6\u00f6gituppa. See elegantne t\u00e4ispuidust s\u00f6\u00f6gilaud, millel on kaunilt painutatud ja freesitud jalad, toob Provence&#8217;i stiili teie koju. Laua korpus on pooll\u00e4ikivas elevandiluuv\u00e4rvis, samas kui lauaplaat s\u00e4rab mee toonis l\u00e4ikega. Korpusel ja lauaplaadil on iseloomulik koore\u00fcraski muster ja dekoratiivsed needid, mis lisavad ainulaadset v\u00f5lu. Verona VE889 on ideaalne valik neile, kes hindavad [&hellip;]<\/p>\n","protected":false},"featured_media":4900,"comment_status":"open","ping_status":"closed","template":"","meta":[],"product_brand":[],"product_cat":[93],"product_tag":[],"class_list":{"0":"post-4899","1":"product","2":"type-product","3":"status-publish","4":"has-post-thumbnail","6":"product_cat-soogilauad","7":"product_shipping_class-livin-hill","8":"pa_kollektsioon-verona","9":"pa_materjal-pajupuit","10":"pa_varv-elevandiluukarva","12":"first","13":"outofstock","14":"sale","15":"taxable","16":"shipping-taxable","17":"purchasable","18":"product-type-simple"},"_links":{"self":[{"href":"https:\/\/blankpage.ee\/_ruumist-ruumi\/wp-json\/wp\/v2\/product\/4899","targetHints":{"allow":["GET"]}}],"collection":[{"href":"https:\/\/blankpage.ee\/_ruumist-ruumi\/wp-json\/wp\/v2\/product"}],"about":[{"href":"https:\/\/blankpage.ee\/_ruumist-ruumi\/wp-json\/wp\/v2\/types\/product"}],"replies":[{"embeddable":true,"href":"https:\/\/blankpage.ee\/_ruumist-ruumi\/wp-json\/wp\/v2\/comments?post=4899"}],"wp:featuredmedia":[{"embeddable":true,"href":"https:\/\/blankpage.ee\/_ruumist-ruumi\/wp-json\/wp\/v2\/media\/4900"}],"wp:attachment":[{"href":"https:\/\/blankpage.ee\/_ruumist-ruumi\/wp-json\/wp\/v2\/media?parent=4899"}],"wp:term":[{"taxonomy":"product_brand","embeddable":true,"href":"https:\/\/blankpage.ee\/_ruumist-ruumi\/wp-json\/wp\/v2\/product_brand?post=4899"},{"taxonomy":"product_cat","embeddable":true,"href":"https:\/\/blankpage.ee\/_ruumist-ruumi\/wp-json\/wp\/v2\/product_cat?post=4899"},{"taxonomy":"product_tag","embeddable":true,"href":"https:\/\/blankpage.ee\/_ruumist-ruumi\/wp-json\/wp\/v2\/product_tag?post=4899"}],"curies":[{"name":"wp","href":"https:\/\/api.w.org\/{rel}","templated":true}]}}

Elevandiluu värvi pikendatav söögilaud Verona VE889, kasepuidust

<p>Verona VE889 pikendatav söögilaud söögituppa. See elegantne täispuidust söögilaud, millel on kaunilt painutatud ja freesitud jalad, toob Provence&#8217;i stiili teie koju. Laua korpus on poolläikivas elevandiluuvärvis, samas kui lauaplaat särab mee toonis läikega. Korpusel ja lauaplaadil on iseloomulik kooreüraski muster ja dekoratiivsed needid, mis lisavad ainulaadset võlu.</p>
<p>Verona VE889 on ideaalne valik neile, kes hindavad kvaliteetset käsitööd ja ajatut disaini. Laua pikendatav funktsioon võimaldab teil lihtsalt kohandada selle suurust vastavalt vajadusele, muutes selle sobivaks nii intiimseteks õhtusöökideks kui ka suuremateks koosviibimisteks. Laua osaline kokkupanek tähendab, et see on paigaldamiseks valmis, säästes teie aega ja vaeva.</p>
<p>Omadused:<br />
<strong>Materjal:</strong> Kvaliteetne kask.<br />
<strong>Värv:</strong> Elevandiluu korpus ja mee toonis lauaplaat.<br />
<strong>Mõõtmed:</strong> Laius 178-228 cm, sügavus 104 cm, kõrgus 78 cm.<br />
<strong>Täiendavad detailid:</strong> Iseloomulik kooreüraski muster ja dekoratiivsed needid.<br />
<strong>Kokkupanek:</strong> Osaliselt kokku pandud, ei vaja paigaldust. Säästab aega ja vaeva.</p>
<p>&nbsp;</p>

<p>Verona VE889 pikendatav söögilaud söögituppa. See elegantne täispuidust söögilaud, millel on kaunilt painutatud ja freesitud jalad, toob Provence&#8217;i stiili teie koju. Laua korpus on poolläikivas elevandiluuvärvis, samas kui lauaplaat särab mee toonis läikega. Korpusel ja lauaplaadil on iseloomulik kooreüraski muster ja dekoratiivsed needid, mis lisavad ainulaadset võlu. Verona VE889 on ideaalne valik neile, kes hindavad [&hellip;]</p>
