{"id":49245,"date":"2024-12-10T09:35:06","date_gmt":"2024-12-10T09:35:06","guid":{"rendered":"https:\/\/ruumistruumi.ee\/pood\/soogitool-maez-konjakivarvi-pu-nahk\/"},"modified":"2025-08-20T21:50:19","modified_gmt":"2025-08-20T21:50:19","slug":"soogitool-maez-konjakivarvi-pu-nahk-2-tk-komplektis","status":"publish","type":"product","link":"https:\/\/blankpage.ee\/_ruumist-ruumi\/pood\/soogitool-maez-konjakivarvi-pu-nahk-2-tk-komplektis\/","title":{"rendered":"S\u00f6\u00f6gitoolid Maez, konjakiv\u00e4rvi PU nahk, 2 tk komplektis"},"content":{"rendered":"<h2>Maez einetoolid, 2 tk komplektis<\/h2>\n<p>Maez einetool on stiilne ja moodne m\u00f6\u00f6bliese, mis on loodud teie eluruumi t\u00e4iustamiseks. Hoolikalt meisterdatud detailide t\u00e4helepanuga pakub see einetool \u00fcletamatut mugavust ja v\u00e4ljapeetust.<\/p>\n<h4>Elegantne disain ja mugavus<\/h4>\n<p>See Maez einetool konjaki tooni PU-nahast pakub elegantsi ja mugavuse segu, olles ideaalne t\u00e4iendus igasse ruumi. Luksuslik iste v\u00f5imaldab l\u00f5\u00f5gastuda stiilselt, samas kui kvaliteetsed materjalid tagavad vastupidavuse aastateks.<\/p>\n<h4>Ideaalne igasse ruumi<\/h4>\n<p>Kas soovite v\u00e4rskendada oma elutuba, luua hubase lugemisnurgakese v\u00f5i lisada efektset elementi oma kontorisse, Maez einetool sobib vaevata igasse sisekujundusstiili. Selle mitmek\u00fclgne disain t\u00e4iendab nii kaasaegset kui ka klassikalist interj\u00f6\u00f6ri.<\/p>\n<h4>Omadused<\/h4>\n<ul>\n<li>P\u00f6\u00f6rdfunktsioon lihtsaks liikumiseks<\/li>\n<li>Luksuslik konjaki tooni PU-nahast viimistlus<\/li>\n<li>Vastupidav ja kvaliteetne konstruktsioon<\/li>\n<li>Loodud nii mugavuse kui stiili jaoks<\/li>\n<li>T\u00e4iuslik t\u00e4iendus elutubadesse, magamistubadesse ja kontoritesse<\/li>\n<li>Lihtne puhastada ja hooldada<\/li>\n<\/ul>\n<p>Ausalt \u00f6eldes, kas see einetool ei ole lihtsalt suurep\u00e4rane? Seda saab kombineerida mis tahes elustiiliga. Paigutage tool tugeva puidust s\u00f6\u00f6gilaua juurde ja see tunneb end t\u00e4iesti koduselt. See sobib suurep\u00e4raselt ka tumedasse interj\u00f6\u00f6ri, kui eelistate industriaalset ilmet. Kuid see tool annab ka laheda n\u00fcansi kaasaegsesse interj\u00f6\u00f6ri v\u00f5i Skandinaavia disaini. S\u00f6\u00f6gitool on valmistatud kvaliteetsest mikro nahast. See tundub imeliselt sile ja on mugav. Luksuslik kangas on vastupidav ja suudab taluda ka koormust. Selle metallist alus muudab tooli tugevaks ja annab sellele ka j\u00f5ulise ilme.<\/p>\n","protected":false},"excerpt":{"rendered":"<p>Maez einetoolid, 2 tk komplektis Maez einetool on stiilne ja moodne m\u00f6\u00f6bliese, mis on loodud teie eluruumi t\u00e4iustamiseks. Hoolikalt meisterdatud detailide t\u00e4helepanuga pakub see einetool \u00fcletamatut mugavust ja v\u00e4ljapeetust. Elegantne disain ja mugavus See Maez einetool konjaki tooni PU-nahast pakub elegantsi ja mugavuse segu, olles ideaalne t\u00e4iendus igasse ruumi. Luksuslik iste v\u00f5imaldab l\u00f5\u00f5gastuda stiilselt, samas [&hellip;]<\/p>\n","protected":false},"featured_media":49246,"comment_status":"open","ping_status":"closed","template":"","meta":[],"product_brand":[],"product_cat":[108],"product_tag":[],"class_list":{"0":"post-49245","1":"product","2":"type-product","3":"status-publish","4":"has-post-thumbnail","6":"product_cat-soogitoolid","7":"product_shipping_class-furnicher","8":"pa_kollektsioon-maez","9":"pa_materjal-pu-nahk","10":"pa_varv-konjak","12":"first","13":"instock","14":"sale","15":"taxable","16":"shipping-taxable","17":"purchasable","18":"product-type-simple"},"_links":{"self":[{"href":"https:\/\/blankpage.ee\/_ruumist-ruumi\/wp-json\/wp\/v2\/product\/49245","targetHints":{"allow":["GET"]}}],"collection":[{"href":"https:\/\/blankpage.ee\/_ruumist-ruumi\/wp-json\/wp\/v2\/product"}],"about":[{"href":"https:\/\/blankpage.ee\/_ruumist-ruumi\/wp-json\/wp\/v2\/types\/product"}],"replies":[{"embeddable":true,"href":"https:\/\/blankpage.ee\/_ruumist-ruumi\/wp-json\/wp\/v2\/comments?post=49245"}],"wp:featuredmedia":[{"embeddable":true,"href":"https:\/\/blankpage.ee\/_ruumist-ruumi\/wp-json\/wp\/v2\/media\/49246"}],"wp:attachment":[{"href":"https:\/\/blankpage.ee\/_ruumist-ruumi\/wp-json\/wp\/v2\/media?parent=49245"}],"wp:term":[{"taxonomy":"product_brand","embeddable":true,"href":"https:\/\/blankpage.ee\/_ruumist-ruumi\/wp-json\/wp\/v2\/product_brand?post=49245"},{"taxonomy":"product_cat","embeddable":true,"href":"https:\/\/blankpage.ee\/_ruumist-ruumi\/wp-json\/wp\/v2\/product_cat?post=49245"},{"taxonomy":"product_tag","embeddable":true,"href":"https:\/\/blankpage.ee\/_ruumist-ruumi\/wp-json\/wp\/v2\/product_tag?post=49245"}],"curies":[{"name":"wp","href":"https:\/\/api.w.org\/{rel}","templated":true}]}}