{"id":49254,"date":"2024-12-10T09:37:28","date_gmt":"2024-12-10T09:37:28","guid":{"rendered":"https:\/\/ruumistruumi.ee\/pood\/soogitool-maez-roheline-pu-nahk\/"},"modified":"2025-08-20T21:50:15","modified_gmt":"2025-08-20T21:50:15","slug":"soogitool-maez-roheline-pu-nahk","status":"publish","type":"product","link":"https:\/\/blankpage.ee\/_ruumist-ruumi\/pood\/soogitool-maez-roheline-pu-nahk\/","title":{"rendered":"S\u00f6\u00f6gitoolid Maez, roheline PU nahk, 2tk komplektis"},"content":{"rendered":"<h2>Maez s\u00f6\u00f6gitoolid, 2tk komplektis<\/h2>\n<p>Maez s\u00f6\u00f6gitool on stiilne ja modernne ese, mis on disainitud teie eluruumi kaunistamiseks. T\u00e4helepanelikult viimistletud tool pakub v\u00f5rreldamatut mugavust ja peenetundelisust.<\/p>\n<h4>Elegantne disain ja mugavus<\/h4>\n<p>See Maez s\u00f6\u00f6gitool rohelisest PU-nahast \u00fchendab elegantsi ja mugavuse, muutes selle ideaalseks lisaesemeks igas ruumis. Pehme iste tagab, et saate stiilselt l\u00f5\u00f5gastuda, samal ajal kui kvaliteetsed materjalid tagavad vastupidavuse aastateks.<\/p>\n<h4>Ideaalne igasse ruumi<\/h4>\n<p>Olenemata sellest, kas soovite uuendada oma elutuba, luua hubase lugemisnurga v\u00f5i lisada oma kontorisse pilkup\u00fc\u00fcdva eseme, sobib Maez s\u00f6\u00f6gitool h\u00f5lpsalt igasse sisustusstiili. Selle mitmek\u00fclgne disain t\u00e4iendab nii kaasaegseid kui ka klassikalisi interj\u00f6\u00f6re.<\/p>\n<h4>Omadused<\/h4>\n<ul>\n<li>P\u00f6\u00f6rlev funktsioon lihtsaks liikumiseks<\/li>\n<li>Luksuslik roheline PU-nahast viimistlus<\/li>\n<li>Kvaliteetne ja vastupidav konstruktsioon<\/li>\n<li>Disainitud nii mugavuse kui stiili jaoks<\/li>\n<li>Ideaalne lisand elutuppa, magamistuppa ja kontorisse<\/li>\n<li>Lihtne puhastada ja hooldada<\/li>\n<\/ul>\n<p>Tunnistage ise, kas see s\u00f6\u00f6gitool pole mitte t\u00e4iesti suurep\u00e4rane? See sobib igasse elustiili. Asetage tool tugeva puidust s\u00f6\u00f6gilaua juurde ja see tunneb end t\u00e4iesti koduselt. Samuti sobib see ideaalselt tumedasse interj\u00f6\u00f6ri, kui teile meeldib industriaalne v\u00e4limus. Aga see tool lisab ka laheda noodi modernsele interj\u00f6\u00f6rile v\u00f5i Skandinaavia disainile. S\u00f6\u00f6gitool on valmistatud kvaliteetsest mikronahast. See tundub m\u00f5nusalt pehme ja on mugav. Luksuslik kangas on vastupidav ja peab ka k\u00f5vasti vastu. Selle metallist raam annab toolile kindla stabiilsuse ja lisab sellele ka robustset aktsenti.<\/p>\n","protected":false},"excerpt":{"rendered":"<p>Maez s\u00f6\u00f6gitoolid, 2tk komplektis Maez s\u00f6\u00f6gitool on stiilne ja modernne ese, mis on disainitud teie eluruumi kaunistamiseks. T\u00e4helepanelikult viimistletud tool pakub v\u00f5rreldamatut mugavust ja peenetundelisust. Elegantne disain ja mugavus See Maez s\u00f6\u00f6gitool rohelisest PU-nahast \u00fchendab elegantsi ja mugavuse, muutes selle ideaalseks lisaesemeks igas ruumis. Pehme iste tagab, et saate stiilselt l\u00f5\u00f5gastuda, samal ajal kui kvaliteetsed [&hellip;]<\/p>\n","protected":false},"featured_media":49255,"comment_status":"open","ping_status":"closed","template":"","meta":[],"product_brand":[],"product_cat":[108],"product_tag":[],"class_list":{"0":"post-49254","1":"product","2":"type-product","3":"status-publish","4":"has-post-thumbnail","6":"product_cat-soogitoolid","7":"product_shipping_class-furnicher","8":"pa_kollektsioon-maez","9":"pa_materjal-pu-nahk","10":"pa_varv-roheline","12":"first","13":"outofstock","14":"sale","15":"taxable","16":"shipping-taxable","17":"purchasable","18":"product-type-simple"},"_links":{"self":[{"href":"https:\/\/blankpage.ee\/_ruumist-ruumi\/wp-json\/wp\/v2\/product\/49254","targetHints":{"allow":["GET"]}}],"collection":[{"href":"https:\/\/blankpage.ee\/_ruumist-ruumi\/wp-json\/wp\/v2\/product"}],"about":[{"href":"https:\/\/blankpage.ee\/_ruumist-ruumi\/wp-json\/wp\/v2\/types\/product"}],"replies":[{"embeddable":true,"href":"https:\/\/blankpage.ee\/_ruumist-ruumi\/wp-json\/wp\/v2\/comments?post=49254"}],"wp:featuredmedia":[{"embeddable":true,"href":"https:\/\/blankpage.ee\/_ruumist-ruumi\/wp-json\/wp\/v2\/media\/49255"}],"wp:attachment":[{"href":"https:\/\/blankpage.ee\/_ruumist-ruumi\/wp-json\/wp\/v2\/media?parent=49254"}],"wp:term":[{"taxonomy":"product_brand","embeddable":true,"href":"https:\/\/blankpage.ee\/_ruumist-ruumi\/wp-json\/wp\/v2\/product_brand?post=49254"},{"taxonomy":"product_cat","embeddable":true,"href":"https:\/\/blankpage.ee\/_ruumist-ruumi\/wp-json\/wp\/v2\/product_cat?post=49254"},{"taxonomy":"product_tag","embeddable":true,"href":"https:\/\/blankpage.ee\/_ruumist-ruumi\/wp-json\/wp\/v2\/product_tag?post=49254"}],"curies":[{"name":"wp","href":"https:\/\/api.w.org\/{rel}","templated":true}]}}