{"id":4949,"date":"2024-11-01T09:32:40","date_gmt":"2024-11-01T09:32:40","guid":{"rendered":"https:\/\/ruumistruumi.ee\/pood\/must-ookap-adesso-adesb02-akatsiapuidust\/"},"modified":"2025-01-18T08:05:55","modified_gmt":"2025-01-18T08:05:55","slug":"must-ookap-adesso-adesb02-akatsiapuidust","status":"publish","type":"product","link":"https:\/\/blankpage.ee\/_ruumist-ruumi\/pood\/must-ookap-adesso-adesb02-akatsiapuidust\/","title":{"rendered":"Must \u00f6\u00f6kapp Adesso ADESB02, akaatsiapuidust"},"content":{"rendered":"<p>Adesso ADESB02 \u00f6\u00f6kapp magamistuppa. See retrostiilis \u00f6\u00f6kapp on osa Adesso kollektsioonist ja toob ruumi ainulaadset isikup\u00e4ra. Kapi esipaneelid on valmistatud erinevatest t\u00e4ispuidust toonidest, mille 3D struktuur ja varieeruv tekstuur loovad visuaalselt huvitava ja praktilise disaini, kuna neid saab kasutada ka k\u00e4epidemetena. Mustad metallist jalad lisavad stabiilsust ja elegantsi, samas kui musta v\u00e4rvi korpus t\u00e4iendab kogu m\u00f6\u00f6blieseme v\u00e4limust.<\/p>\n<p>Adesso ADESB02 \u00f6\u00f6kapp on valmistatud kvaliteetsest akaatsiapuidust ja MDF-ist, mis tagavad vastupidavuse ja pikaealisuse. Selle kapp on valmis kokkupandud, s\u00e4\u00e4stes teie aega ja vaeva paigaldamisel. Kapi m\u00f5\u00f5tmed on 60 cm lai, 45 cm s\u00fcgav ja 58 cm k\u00f5rge, muutes selle sobivaks erinevatesse magamistubadesse. Milled k\u00e4epidemed ja mustad metallist jalad lisavad sellele stiilset ja kaasaegset v\u00e4limust.<\/p>\n<p>Omadused:<br \/>\n<strong>Materjal:<\/strong> Akaatsiapuit, MDF, metallist jalad.<br \/>\n<strong>V\u00e4rv:<\/strong> Must, erinevad halli ja bee\u017ei toonid, mustad jalad.<br \/>\n<strong>M\u00f5\u00f5tmed:<\/strong> Laius 60 cm, s\u00fcgavus 45 cm, k\u00f5rgus 58 cm.<br \/>\n<strong>T\u00e4iendavad detailid:<\/strong> Milled k\u00e4epidemed, mustad metallist jalad.<br \/>\n<strong>Kokkupanek:<\/strong> Kokkupandud, ei vaja paigaldust. S\u00e4\u00e4stab aega ja vaeva.<\/p>\n<p>&nbsp;<\/p>\n","protected":false},"excerpt":{"rendered":"<p>Adesso ADESB02 \u00f6\u00f6kapp magamistuppa. See retrostiilis \u00f6\u00f6kapp on osa Adesso kollektsioonist ja toob ruumi ainulaadset isikup\u00e4ra. Kapi esipaneelid on valmistatud erinevatest t\u00e4ispuidust toonidest, mille 3D struktuur ja varieeruv tekstuur loovad visuaalselt huvitava ja praktilise disaini, kuna neid saab kasutada ka k\u00e4epidemetena. Mustad metallist jalad lisavad stabiilsust ja elegantsi, samas kui musta v\u00e4rvi korpus t\u00e4iendab kogu [&hellip;]<\/p>\n","protected":false},"featured_media":4950,"comment_status":"open","ping_status":"open","template":"","meta":[],"product_brand":[],"product_cat":[92],"product_tag":[],"class_list":{"0":"post-4949","1":"product","2":"type-product","3":"status-publish","4":"has-post-thumbnail","6":"product_cat-ookapid","7":"product_shipping_class-livin-hill","8":"pa_kaepidemed-freesitud-kaepidemed","9":"pa_kollektsioon-adesso","10":"pa_materjal-akaatsiapuit","11":"pa_sahtlite-arv-87","12":"pa_varv-must","14":"first","15":"outofstock","16":"sale","17":"taxable","18":"shipping-taxable","19":"purchasable","20":"product-type-simple"},"_links":{"self":[{"href":"https:\/\/blankpage.ee\/_ruumist-ruumi\/wp-json\/wp\/v2\/product\/4949","targetHints":{"allow":["GET"]}}],"collection":[{"href":"https:\/\/blankpage.ee\/_ruumist-ruumi\/wp-json\/wp\/v2\/product"}],"about":[{"href":"https:\/\/blankpage.ee\/_ruumist-ruumi\/wp-json\/wp\/v2\/types\/product"}],"replies":[{"embeddable":true,"href":"https:\/\/blankpage.ee\/_ruumist-ruumi\/wp-json\/wp\/v2\/comments?post=4949"}],"wp:featuredmedia":[{"embeddable":true,"href":"https:\/\/blankpage.ee\/_ruumist-ruumi\/wp-json\/wp\/v2\/media\/4950"}],"wp:attachment":[{"href":"https:\/\/blankpage.ee\/_ruumist-ruumi\/wp-json\/wp\/v2\/media?parent=4949"}],"wp:term":[{"taxonomy":"product_brand","embeddable":true,"href":"https:\/\/blankpage.ee\/_ruumist-ruumi\/wp-json\/wp\/v2\/product_brand?post=4949"},{"taxonomy":"product_cat","embeddable":true,"href":"https:\/\/blankpage.ee\/_ruumist-ruumi\/wp-json\/wp\/v2\/product_cat?post=4949"},{"taxonomy":"product_tag","embeddable":true,"href":"https:\/\/blankpage.ee\/_ruumist-ruumi\/wp-json\/wp\/v2\/product_tag?post=4949"}],"curies":[{"name":"wp","href":"https:\/\/api.w.org\/{rel}","templated":true}]}}