{"id":4958,"date":"2024-11-01T09:33:11","date_gmt":"2024-11-01T09:33:11","guid":{"rendered":"https:\/\/ruumistruumi.ee\/pood\/must-kummut-adesso-adesb03-akaatsiapuidust\/"},"modified":"2025-04-10T11:56:55","modified_gmt":"2025-04-10T11:56:55","slug":"must-kummut-adesso-adesb03-akaatsiapuidust","status":"publish","type":"product","link":"https:\/\/blankpage.ee\/_ruumist-ruumi\/pood\/must-kummut-adesso-adesb03-akaatsiapuidust\/","title":{"rendered":"Must kummut Adesso ADESB03, akaatsiapuidust"},"content":{"rendered":"<p>Adesso ADESB03 kummut elutuppa. See retrostiilis kummut on ideaalne valik, kui otsite m\u00f6\u00f6blieset, mis lisab teie elutuppa iseloomu ja funktsionaalsust. Kummuti esipaneelid on valmistatud erinevatest tugevast puidust toonidest, mille 3D-struktuur ja puidupinna mitmekesine tekstuur loovad ainulaadse v\u00e4limuse. Esipaneelid toimivad ka praktiliste servak\u00e4epidemetena. Mustad metallist jalad lisavad kummutile modernset ja elegantset ilmet.<\/p>\n<p>Kummuti Adesso ADESB03 erip\u00e4raks on selle vastupidavus ja stiilne disain. Akaatsiapuit ja MDF tagavad kummuti pikaealisuse, samas kui mustad metallist jalad annavad sellele stabiilsuse. Kummuti erinevad toonid musta, halli ja bee\u017ei varjundites loovad harmoonilise ja pilkup\u00fc\u00fcdva kombinatsiooni, mis sobib ideaalselt erinevatesse interj\u00f6\u00f6ridesse.<\/p>\n<p>Kokkuv\u00f5ttes on Adesso ADESB03 kummut suurep\u00e4rane valik elutuppa, pakkudes nii esteetilist naudingut kui ka praktilist hoiuruumi.<\/p>\n<p>Omadused:<br \/>\n<strong>Materjal:<\/strong> Akaatsiapuit, MDF, metallist jalad.<br \/>\n<strong>V\u00e4rv:<\/strong> Must, halli ja bee\u017ei varjundid, mustad jalad.<br \/>\n<strong>M\u00f5\u00f5tmed:<\/strong> Laius 100 cm, s\u00fcgavus 45 cm, k\u00f5rgus 125 cm.<br \/>\n<strong>T\u00e4iendavad detailid:<\/strong> K\u00e4sitsi v\u00e4rvitud esipaneelid ja metallist jalad.<br \/>\n<strong>Kokkupanek:<\/strong> Kokkupandud, ei vaja paigaldust. S\u00e4\u00e4stab aega ja vaeva.<\/p>\n<p>&nbsp;<\/p>\n","protected":false},"excerpt":{"rendered":"<p>Adesso ADESB03 kummut elutuppa. See retrostiilis kummut on ideaalne valik, kui otsite m\u00f6\u00f6blieset, mis lisab teie elutuppa iseloomu ja funktsionaalsust. Kummuti esipaneelid on valmistatud erinevatest tugevast puidust toonidest, mille 3D-struktuur ja puidupinna mitmekesine tekstuur loovad ainulaadse v\u00e4limuse. Esipaneelid toimivad ka praktiliste servak\u00e4epidemetena. Mustad metallist jalad lisavad kummutile modernset ja elegantset ilmet. Kummuti Adesso ADESB03 erip\u00e4raks [&hellip;]<\/p>\n","protected":false},"featured_media":4959,"comment_status":"open","ping_status":"closed","template":"","meta":[],"product_brand":[],"product_cat":[81],"product_tag":[],"class_list":{"0":"post-4958","1":"product","2":"type-product","3":"status-publish","4":"has-post-thumbnail","6":"product_cat-kapid-riiulid-ja-kummutid","7":"product_shipping_class-livin-hill","8":"pa_kaepidemed-freesitud-kaepidemed","9":"pa_kollektsioon-adesso","10":"pa_materjal-akaatsiapuit","11":"pa_sahtlite-arv-79","12":"pa_varv-must","14":"first","15":"instock","16":"sale","17":"taxable","18":"shipping-taxable","19":"purchasable","20":"product-type-simple"},"_links":{"self":[{"href":"https:\/\/blankpage.ee\/_ruumist-ruumi\/wp-json\/wp\/v2\/product\/4958","targetHints":{"allow":["GET"]}}],"collection":[{"href":"https:\/\/blankpage.ee\/_ruumist-ruumi\/wp-json\/wp\/v2\/product"}],"about":[{"href":"https:\/\/blankpage.ee\/_ruumist-ruumi\/wp-json\/wp\/v2\/types\/product"}],"replies":[{"embeddable":true,"href":"https:\/\/blankpage.ee\/_ruumist-ruumi\/wp-json\/wp\/v2\/comments?post=4958"}],"wp:featuredmedia":[{"embeddable":true,"href":"https:\/\/blankpage.ee\/_ruumist-ruumi\/wp-json\/wp\/v2\/media\/4959"}],"wp:attachment":[{"href":"https:\/\/blankpage.ee\/_ruumist-ruumi\/wp-json\/wp\/v2\/media?parent=4958"}],"wp:term":[{"taxonomy":"product_brand","embeddable":true,"href":"https:\/\/blankpage.ee\/_ruumist-ruumi\/wp-json\/wp\/v2\/product_brand?post=4958"},{"taxonomy":"product_cat","embeddable":true,"href":"https:\/\/blankpage.ee\/_ruumist-ruumi\/wp-json\/wp\/v2\/product_cat?post=4958"},{"taxonomy":"product_tag","embeddable":true,"href":"https:\/\/blankpage.ee\/_ruumist-ruumi\/wp-json\/wp\/v2\/product_tag?post=4958"}],"curies":[{"name":"wp","href":"https:\/\/api.w.org\/{rel}","templated":true}]}}