{"id":4968,"date":"2024-11-01T09:33:42","date_gmt":"2024-11-01T09:33:42","guid":{"rendered":"https:\/\/ruumistruumi.ee\/pood\/must-kummut-adesso-adesb04-akatsiapuust\/"},"modified":"2025-01-11T10:51:21","modified_gmt":"2025-01-11T10:51:21","slug":"must-kummut-sahtlitega-adesso-adesb04-akaatsiapuidust","status":"publish","type":"product","link":"https:\/\/blankpage.ee\/_ruumist-ruumi\/pood\/must-kummut-sahtlitega-adesso-adesb04-akaatsiapuidust\/","title":{"rendered":"Must kummut sahtlitega Adesso ADESB04, akaatsiapuidust"},"content":{"rendered":"<p>Adesso ADESB04 kummut elutuppa. See retrostiilis kummut on osa Adesso kollektsioonist ning toob teie elutuppa ajatu elegantsi ja praktilisuse. Kummuti esipaneelid on valmistatud erinevatest t\u00e4ispuidust toonidest, mis loovad 3D struktuuri ja rikastavad puidu tekstuuri. Need esipaneelid toimivad ka praktiliste servak\u00e4epidemetena, pakkudes mugavat kasutuskogemust. Kummuti mustad metallist jalad lisavad sellele modernset ja stiilset ilmet.<\/p>\n<p>Adesso ADESB04 kummut on valmistatud kvaliteetsest akaatsiapuidust ja MDF-ist, mis tagab vastupidavuse ja pikaealisuse. Selle mustad, hallid ja bee\u017eid toonid loovad harmoonilise v\u00e4rvipaleti, mis sobib h\u00e4sti erinevatesse interj\u00f6\u00f6ridesse. Kummuti m\u00f5\u00f5tmed on 150 cm lai, 45 cm s\u00fcgav ja 80 cm k\u00f5rge, pakkudes piisavalt hoiuruumi teie elutoa tarvikute jaoks.<\/p>\n<p>Omadused:<br \/>\n<strong>Materjal:<\/strong> Akaatsiapuit, MDF, metallist jalad.<br \/>\n<strong>V\u00e4rv:<\/strong> Must, halli ja bee\u017ei toonid, mustad jalad.<br \/>\n<strong>M\u00f5\u00f5tmed:<\/strong> Laius 150 cm, s\u00fcgavus 45 cm, k\u00f5rgus 80 cm.<br \/>\n<strong>T\u00e4iendavad detailid:<\/strong> K\u00e4sitsi v\u00e4rvitud esipaneelid ja metallist jalad.<br \/>\n<strong>Kokkupanek:<\/strong> Kokkupandud, ei vaja paigaldust. S\u00e4\u00e4stab aega ja vaeva.<\/p>\n<p>&nbsp;<\/p>\n","protected":false},"excerpt":{"rendered":"<p>Adesso ADESB04 kummut elutuppa. See retrostiilis kummut on osa Adesso kollektsioonist ning toob teie elutuppa ajatu elegantsi ja praktilisuse. Kummuti esipaneelid on valmistatud erinevatest t\u00e4ispuidust toonidest, mis loovad 3D struktuuri ja rikastavad puidu tekstuuri. Need esipaneelid toimivad ka praktiliste servak\u00e4epidemetena, pakkudes mugavat kasutuskogemust. Kummuti mustad metallist jalad lisavad sellele modernset ja stiilset ilmet. Adesso ADESB04 [&hellip;]<\/p>\n","protected":false},"featured_media":4969,"comment_status":"open","ping_status":"closed","template":"","meta":[],"product_brand":[],"product_cat":[81],"product_tag":[],"class_list":{"0":"post-4968","1":"product","2":"type-product","3":"status-publish","4":"has-post-thumbnail","6":"product_cat-kapid-riiulid-ja-kummutid","7":"product_shipping_class-livin-hill","8":"pa_kaepidemed-freesitud-kaepidemed","9":"pa_kollektsioon-adesso","10":"pa_materjal-akaatsiapuit","11":"pa_sahtlite-arv-79","12":"pa_varv-must","14":"first","15":"outofstock","16":"sale","17":"taxable","18":"shipping-taxable","19":"purchasable","20":"product-type-simple"},"_links":{"self":[{"href":"https:\/\/blankpage.ee\/_ruumist-ruumi\/wp-json\/wp\/v2\/product\/4968","targetHints":{"allow":["GET"]}}],"collection":[{"href":"https:\/\/blankpage.ee\/_ruumist-ruumi\/wp-json\/wp\/v2\/product"}],"about":[{"href":"https:\/\/blankpage.ee\/_ruumist-ruumi\/wp-json\/wp\/v2\/types\/product"}],"replies":[{"embeddable":true,"href":"https:\/\/blankpage.ee\/_ruumist-ruumi\/wp-json\/wp\/v2\/comments?post=4968"}],"wp:featuredmedia":[{"embeddable":true,"href":"https:\/\/blankpage.ee\/_ruumist-ruumi\/wp-json\/wp\/v2\/media\/4969"}],"wp:attachment":[{"href":"https:\/\/blankpage.ee\/_ruumist-ruumi\/wp-json\/wp\/v2\/media?parent=4968"}],"wp:term":[{"taxonomy":"product_brand","embeddable":true,"href":"https:\/\/blankpage.ee\/_ruumist-ruumi\/wp-json\/wp\/v2\/product_brand?post=4968"},{"taxonomy":"product_cat","embeddable":true,"href":"https:\/\/blankpage.ee\/_ruumist-ruumi\/wp-json\/wp\/v2\/product_cat?post=4968"},{"taxonomy":"product_tag","embeddable":true,"href":"https:\/\/blankpage.ee\/_ruumist-ruumi\/wp-json\/wp\/v2\/product_tag?post=4968"}],"curies":[{"name":"wp","href":"https:\/\/api.w.org\/{rel}","templated":true}]}}