{"id":4979,"date":"2024-11-01T09:34:11","date_gmt":"2024-11-01T09:34:11","guid":{"rendered":"https:\/\/ruumistruumi.ee\/pood\/hall-ja-beez-seinapeegel-adesso-adesb05-akatsiapuust-mdf-ja-klaasist\/"},"modified":"2025-04-10T11:56:55","modified_gmt":"2025-04-10T11:56:55","slug":"beez-seinapeegel-adesso-adesb05-akaatsiapuidust","status":"publish","type":"product","link":"https:\/\/blankpage.ee\/_ruumist-ruumi\/pood\/beez-seinapeegel-adesso-adesb05-akaatsiapuidust\/","title":{"rendered":"Bee\u017e seinapeegel Adesso ADESB05, akaatsiapuidust"},"content":{"rendered":"<p>Adesso ADESB05 seinapeegel kaunistuseks. See retrostiilis peegel lisab igale ruumile isikup\u00e4ra ja elegantsi. Originaalne puidust raam, mis on valmistatud akaatsiapuidust ja MDF-ist, on viimistletud hallide ja bee\u017eide toonidega, luues pehme ja rahuliku atmosf\u00e4\u00e4ri.<\/p>\n<p>Peegli laius on 120 cm, s\u00fcgavus 3 cm ja k\u00f5rgus 100 cm, mis teeb sellest silmapaistva ja praktilise sisustuselemendi. Klaaspind peegeldab valgust, aidates ruumi visuaalselt avardada ja tuua esile selle parimad omadused. Adesso kollektsiooni kuuluv peegel on ideaalne t\u00e4iendus nii kaasaegsetesse kui ka traditsioonilistesse interj\u00f6\u00f6ridesse.<\/p>\n<p>Omadused:<br \/>\n<strong>Materjal:<\/strong> Akaatsiapuit, MDF, klaas.<br \/>\n<strong>V\u00e4rv:<\/strong> Hallide ja bee\u017eide toonidega raam.<br \/>\n<strong>M\u00f5\u00f5tmed:<\/strong> Laius 120 cm, s\u00fcgavus 3 cm, k\u00f5rgus 100 cm.<br \/>\n<strong>T\u00e4iendavad detailid:<\/strong> Retrostiilis disain, mis lisab ruumile isikup\u00e4ra.<br \/>\n<strong>Kokkupanek:<\/strong> Kokkupandud, ei vaja paigaldust. S\u00e4\u00e4stab aega ja vaeva.<\/p>\n<p>&nbsp;<\/p>\n","protected":false},"excerpt":{"rendered":"<p>Adesso ADESB05 seinapeegel kaunistuseks. See retrostiilis peegel lisab igale ruumile isikup\u00e4ra ja elegantsi. Originaalne puidust raam, mis on valmistatud akaatsiapuidust ja MDF-ist, on viimistletud hallide ja bee\u017eide toonidega, luues pehme ja rahuliku atmosf\u00e4\u00e4ri. Peegli laius on 120 cm, s\u00fcgavus 3 cm ja k\u00f5rgus 100 cm, mis teeb sellest silmapaistva ja praktilise sisustuselemendi. Klaaspind peegeldab valgust, [&hellip;]<\/p>\n","protected":false},"featured_media":4980,"comment_status":"open","ping_status":"closed","template":"","meta":[],"product_brand":[],"product_cat":[104],"product_tag":[],"class_list":{"0":"post-4979","1":"product","2":"type-product","3":"status-publish","4":"has-post-thumbnail","6":"product_cat-peeglid","7":"product_shipping_class-livin-hill","8":"pa_kollektsioon-adesso","9":"pa_materjal-akaatsiapuit","10":"pa_varv-pruun","12":"first","13":"instock","14":"sale","15":"taxable","16":"shipping-taxable","17":"purchasable","18":"product-type-simple"},"_links":{"self":[{"href":"https:\/\/blankpage.ee\/_ruumist-ruumi\/wp-json\/wp\/v2\/product\/4979","targetHints":{"allow":["GET"]}}],"collection":[{"href":"https:\/\/blankpage.ee\/_ruumist-ruumi\/wp-json\/wp\/v2\/product"}],"about":[{"href":"https:\/\/blankpage.ee\/_ruumist-ruumi\/wp-json\/wp\/v2\/types\/product"}],"replies":[{"embeddable":true,"href":"https:\/\/blankpage.ee\/_ruumist-ruumi\/wp-json\/wp\/v2\/comments?post=4979"}],"wp:featuredmedia":[{"embeddable":true,"href":"https:\/\/blankpage.ee\/_ruumist-ruumi\/wp-json\/wp\/v2\/media\/4980"}],"wp:attachment":[{"href":"https:\/\/blankpage.ee\/_ruumist-ruumi\/wp-json\/wp\/v2\/media?parent=4979"}],"wp:term":[{"taxonomy":"product_brand","embeddable":true,"href":"https:\/\/blankpage.ee\/_ruumist-ruumi\/wp-json\/wp\/v2\/product_brand?post=4979"},{"taxonomy":"product_cat","embeddable":true,"href":"https:\/\/blankpage.ee\/_ruumist-ruumi\/wp-json\/wp\/v2\/product_cat?post=4979"},{"taxonomy":"product_tag","embeddable":true,"href":"https:\/\/blankpage.ee\/_ruumist-ruumi\/wp-json\/wp\/v2\/product_tag?post=4979"}],"curies":[{"name":"wp","href":"https:\/\/api.w.org\/{rel}","templated":true}]}}