{"id":4983,"date":"2024-11-01T09:34:43","date_gmt":"2024-11-01T09:34:43","guid":{"rendered":"https:\/\/ruumistruumi.ee\/pood\/must-kummut-adesso-adesd01-akaatsiapuidust\/"},"modified":"2025-04-10T11:56:55","modified_gmt":"2025-04-10T11:56:55","slug":"must-kummut-adesso-adesd01-akaatsiapuidust","status":"publish","type":"product","link":"https:\/\/blankpage.ee\/_ruumist-ruumi\/pood\/must-kummut-adesso-adesd01-akaatsiapuidust\/","title":{"rendered":"Must kummut Adesso ADESD01, akaatsiapuidust"},"content":{"rendered":"<p>Adesso ADESD01 kummut elutuppa. See retrostiilis kummut on ideaalne lisa teie elutoa sisustusse, pakkudes nii funktsionaalsust kui ka stiili. Kummuti esipaneelid on valmistatud erinevatest t\u00e4ispuidust toonidest, mis loovad 3D-struktuuri ja annavad puidupinnale mitmekesise tekstuuri. Need esipaneelid toimivad ka servak\u00e4epidemetena, lisades elegantsi ja praktilisust. Kummuti mustad metallist jalad annavad sellele kindla ja kaasaegse ilme.<\/p>\n<p>Omadused:<br \/>\n&#8211; Materjal: Akaatsiapuit, MDF ja metallist jalad.<br \/>\n&#8211; V\u00e4rv: Must, halli ja bee\u017ei varjundid, mustad jalad.<br \/>\n&#8211; M\u00f5\u00f5tmed: Laius 155 cm, s\u00fcgavus 45 cm, k\u00f5rgus 80 cm.<br \/>\n&#8211; T\u00e4iendavad detailid: 3 ust, 2 riiulit, freesitud k\u00e4epidemed.<br \/>\n&#8211; Kokkupanek: Kokkupandud, ei vaja paigaldust. S\u00e4\u00e4stab aega ja vaeva.<\/p>\n<p>Adesso ADESD01 kummut \u00fchendab endas ainulaadse disaini ja praktilisuse, olles suurep\u00e4rane valik igasse elutuppa, kus hinnatakse kvaliteetset ja stiilset m\u00f6\u00f6blit.<\/p>\n<p>&nbsp;<\/p>\n","protected":false},"excerpt":{"rendered":"<p>Adesso ADESD01 kummut elutuppa. See retrostiilis kummut on ideaalne lisa teie elutoa sisustusse, pakkudes nii funktsionaalsust kui ka stiili. Kummuti esipaneelid on valmistatud erinevatest t\u00e4ispuidust toonidest, mis loovad 3D-struktuuri ja annavad puidupinnale mitmekesise tekstuuri. Need esipaneelid toimivad ka servak\u00e4epidemetena, lisades elegantsi ja praktilisust. Kummuti mustad metallist jalad annavad sellele kindla ja kaasaegse ilme. Omadused: &#8211; [&hellip;]<\/p>\n","protected":false},"featured_media":4984,"comment_status":"open","ping_status":"closed","template":"","meta":[],"product_brand":[],"product_cat":[81],"product_tag":[],"class_list":{"0":"post-4983","1":"product","2":"type-product","3":"status-publish","4":"has-post-thumbnail","6":"product_cat-kapid-riiulid-ja-kummutid","7":"product_shipping_class-livin-hill","8":"pa_kaepidemed-freesitud-kaepidemed","9":"pa_kollektsioon-adesso","10":"pa_materjal-akaatsiapuit","11":"pa_riiulite-arv-76","12":"pa_uste-arv-84","13":"pa_varv-must","15":"first","16":"instock","17":"sale","18":"taxable","19":"shipping-taxable","20":"purchasable","21":"product-type-simple"},"_links":{"self":[{"href":"https:\/\/blankpage.ee\/_ruumist-ruumi\/wp-json\/wp\/v2\/product\/4983","targetHints":{"allow":["GET"]}}],"collection":[{"href":"https:\/\/blankpage.ee\/_ruumist-ruumi\/wp-json\/wp\/v2\/product"}],"about":[{"href":"https:\/\/blankpage.ee\/_ruumist-ruumi\/wp-json\/wp\/v2\/types\/product"}],"replies":[{"embeddable":true,"href":"https:\/\/blankpage.ee\/_ruumist-ruumi\/wp-json\/wp\/v2\/comments?post=4983"}],"wp:featuredmedia":[{"embeddable":true,"href":"https:\/\/blankpage.ee\/_ruumist-ruumi\/wp-json\/wp\/v2\/media\/4984"}],"wp:attachment":[{"href":"https:\/\/blankpage.ee\/_ruumist-ruumi\/wp-json\/wp\/v2\/media?parent=4983"}],"wp:term":[{"taxonomy":"product_brand","embeddable":true,"href":"https:\/\/blankpage.ee\/_ruumist-ruumi\/wp-json\/wp\/v2\/product_brand?post=4983"},{"taxonomy":"product_cat","embeddable":true,"href":"https:\/\/blankpage.ee\/_ruumist-ruumi\/wp-json\/wp\/v2\/product_cat?post=4983"},{"taxonomy":"product_tag","embeddable":true,"href":"https:\/\/blankpage.ee\/_ruumist-ruumi\/wp-json\/wp\/v2\/product_tag?post=4983"}],"curies":[{"name":"wp","href":"https:\/\/api.w.org\/{rel}","templated":true}]}}