{"id":50177,"date":"2025-02-21T12:36:15","date_gmt":"2025-02-21T12:36:15","guid":{"rendered":"https:\/\/ruumistruumi.ee\/pood\/ava-konverentsitool-must-nahk-ja-kroomviimistlus\/"},"modified":"2025-08-20T21:25:40","modified_gmt":"2025-08-20T21:25:40","slug":"ava-konverentsitool-must-nahk-korge-seljatugi","status":"publish","type":"product","link":"https:\/\/blankpage.ee\/_ruumist-ruumi\/pood\/ava-konverentsitool-must-nahk-korge-seljatugi\/","title":{"rendered":"Ava konverentsitool, must nahk, k\u00f5rge seljatugi"},"content":{"rendered":"<h2>Ava konverentsitool, must nahk, k\u00f5rge seljatugi<\/h2>\n<p><strong>Ava konverentsitool<\/strong> \u00fchendab endas ajatu disaini ja esmaklassilise materjalikasutuse, pakkudes mugavust ning stiili igasse koosolekuruumi v\u00f5i kontorisse. Selle modernne ribitud polsterdusega k\u00f5rge seljatugi tagab optimaalse toe ja esteetiliselt viimistletud ilme.<\/p>\n<h4>Ergonoomiline disain ja reguleeritav istumisk\u00f5rgus<\/h4>\n<p>Tooli mugavust suurendab <strong>reguleeritav istumisk\u00f5rgus<\/strong>, mis v\u00f5imaldab leida kasutajale sobivaima positsiooni ning tagab \u00f5ige kehahoiaku. T\u00e4nu h\u00e4sti l\u00e4bim\u00f5eldud ergonoomikale sobib Ava tool pikaaegseks istumiseks, aidates v\u00e4ltida ebamugavustunnet ka pikkadel koosolekutel.<\/p>\n<h4>360\u00b0 p\u00f6\u00f6rlev mehhanism ja stabiilsed jalad<\/h4>\n<p>Ava konverentsitoolil on <strong>360-kraadine p\u00f6\u00f6rlemisv\u00f5imalus<\/strong>, mis suurendab paindlikkust ja kasutajamugavust. Valida saab fikseeritud jalgade v\u00f5i rataste vahel \u2013 fikseeritud jalad pakuvad t\u00e4iendavat stabiilsust ametlikemates keskkondades, samas kui rattad lisavad liikuvust ja sobivad aktiivse t\u00f6\u00f6ala jaoks.<\/p>\n<h4>Kvaliteetsed materjalid ja vastupidav konstruktsioon<\/h4>\n<p>Tooli pealispind on kaetud <strong>mustast nahast<\/strong>, mis lisab elegantset ja soliidset ilmet. Seljatoe tagumine osa on viimistletud kvaliteetse vegan-nahaga. Stabiilse ja kaasaegse v\u00e4limuse annab <strong>roostevabast terasest<\/strong> kroomitud raam, mis kindlustab tooli vastupidavuse ja pika kasutusea.<\/p>\n<h4>Toote omadused:<\/h4>\n<ul>\n<li>K\u00f5rge seljatugi tagab toetava ja mugava istumiskogemuse<\/li>\n<li>Reguleeritav istumisk\u00f5rgus (44\u201352 cm), et kohandada tooli vastavalt vajadusele<\/li>\n<li>Mustast nahast polsterdus ning vegan-nahast tagak\u00fclg tagavad elegantse v\u00e4limuse<\/li>\n<li>360\u00b0 p\u00f6\u00f6rlemisv\u00f5imalus suurendab kasutajamugavust<\/li>\n<li>Kroomitud roostevabast terasest raam tagab vastupidavuse ja stabiilsuse<\/li>\n<li>Laius: 59 cm, s\u00fcgavus: 59 cm, seljatoe k\u00f5rgus: 99\u2013107 cm<\/li>\n<li>Kandev\u00f5ime kuni 130 kg<\/li>\n<\/ul>\n<p>Ava konverentsitool on ideaalne valik nii esinduslikesse koosolekuruumidesse kui ka igap\u00e4evaseks t\u00f6\u00f6ks, pakkudes stiili, mugavust ja funktsionaalsust.<\/p>\n<div class=\"desc-attributes\"><strong>Laius<\/strong>: 59 cm<br \/>\n<strong>K\u00f5rgus<\/strong>: 99-107 cm<br \/>\n<strong>S\u00fcgavus<\/strong>: 59 cm<br \/>\n<strong>Istme k\u00f5rgus<\/strong>: 44-52 cm<br \/>\n<strong>Iste s\u00fcgavus<\/strong>: 42 cm<br \/>\n<strong>K\u00e4etoe k\u00f5rgus<\/strong>: 64\u201372 cm<br \/>\n<strong>Seljatoe k\u00f5rgus<\/strong>: 99-107 cm<br \/>\n<strong>Kandev\u00f5ime<\/strong>: 130 kg<br \/>\n<strong>Tootet\u00fc\u00fcp<\/strong>: Konverentsitool<br \/>\n<strong>Valik<\/strong>: Ava<br \/>\n<strong>V\u00e4rvus<\/strong>: Must<br \/>\n<strong>Jalgade v\u00e4rvus<\/strong>: Kroom<br \/>\n<strong>Materjal<\/strong>: Nahk<br \/>\n<strong>Aluse\/raami materjal<\/strong>: Roostevaba teras<br \/>\n<strong>Eriomadused<\/strong>: Reguleeritava k\u00f5rgusega, P\u00f6\u00f6rlev<\/div>\n","protected":false},"excerpt":{"rendered":"<p>Ava konverentsitool, must nahk, k\u00f5rge seljatugi Ava konverentsitool \u00fchendab endas ajatu disaini ja esmaklassilise materjalikasutuse, pakkudes mugavust ning stiili igasse koosolekuruumi v\u00f5i kontorisse. Selle modernne ribitud polsterdusega k\u00f5rge seljatugi tagab optimaalse toe ja esteetiliselt viimistletud ilme. Ergonoomiline disain ja reguleeritav istumisk\u00f5rgus Tooli mugavust suurendab reguleeritav istumisk\u00f5rgus, mis v\u00f5imaldab leida kasutajale sobivaima positsiooni ning tagab \u00f5ige [&hellip;]<\/p>\n","protected":false},"featured_media":50178,"comment_status":"open","ping_status":"open","template":"","meta":[],"product_brand":[],"product_cat":[1714],"product_tag":[],"class_list":{"0":"post-50177","1":"product","2":"type-product","3":"status-publish","4":"has-post-thumbnail","6":"product_cat-konverentsitoolid","7":"product_shipping_class-furnicher","8":"pa_kollektsioon-ava","9":"pa_peamine-materjal-nahk","10":"pa_varv-must","12":"first","13":"instock","14":"sale","15":"taxable","16":"shipping-taxable","17":"purchasable","18":"product-type-simple"},"_links":{"self":[{"href":"https:\/\/blankpage.ee\/_ruumist-ruumi\/wp-json\/wp\/v2\/product\/50177","targetHints":{"allow":["GET"]}}],"collection":[{"href":"https:\/\/blankpage.ee\/_ruumist-ruumi\/wp-json\/wp\/v2\/product"}],"about":[{"href":"https:\/\/blankpage.ee\/_ruumist-ruumi\/wp-json\/wp\/v2\/types\/product"}],"replies":[{"embeddable":true,"href":"https:\/\/blankpage.ee\/_ruumist-ruumi\/wp-json\/wp\/v2\/comments?post=50177"}],"wp:featuredmedia":[{"embeddable":true,"href":"https:\/\/blankpage.ee\/_ruumist-ruumi\/wp-json\/wp\/v2\/media\/50178"}],"wp:attachment":[{"href":"https:\/\/blankpage.ee\/_ruumist-ruumi\/wp-json\/wp\/v2\/media?parent=50177"}],"wp:term":[{"taxonomy":"product_brand","embeddable":true,"href":"https:\/\/blankpage.ee\/_ruumist-ruumi\/wp-json\/wp\/v2\/product_brand?post=50177"},{"taxonomy":"product_cat","embeddable":true,"href":"https:\/\/blankpage.ee\/_ruumist-ruumi\/wp-json\/wp\/v2\/product_cat?post=50177"},{"taxonomy":"product_tag","embeddable":true,"href":"https:\/\/blankpage.ee\/_ruumist-ruumi\/wp-json\/wp\/v2\/product_tag?post=50177"}],"curies":[{"name":"wp","href":"https:\/\/api.w.org\/{rel}","templated":true}]}}

Ava konverentsitool, must nahk, kõrge seljatugi

<h2>Ava konverentsitool, must nahk, kõrge seljatugi</h2>
<p><strong>Ava konverentsitool</strong> ühendab endas ajatu disaini ja esmaklassilise materjalikasutuse, pakkudes mugavust ning stiili igasse koosolekuruumi või kontorisse. Selle modernne ribitud polsterdusega kõrge seljatugi tagab optimaalse toe ja esteetiliselt viimistletud ilme.</p>
<h4>Ergonoomiline disain ja reguleeritav istumiskõrgus</h4>
<p>Tooli mugavust suurendab <strong>reguleeritav istumiskõrgus</strong>, mis võimaldab leida kasutajale sobivaima positsiooni ning tagab õige kehahoiaku. Tänu hästi läbimõeldud ergonoomikale sobib Ava tool pikaaegseks istumiseks, aidates vältida ebamugavustunnet ka pikkadel koosolekutel.</p>
<h4>360° pöörlev mehhanism ja stabiilsed jalad</h4>
<p>Ava konverentsitoolil on <strong>360-kraadine pöörlemisvõimalus</strong>, mis suurendab paindlikkust ja kasutajamugavust. Valida saab fikseeritud jalgade või rataste vahel – fikseeritud jalad pakuvad täiendavat stabiilsust ametlikemates keskkondades, samas kui rattad lisavad liikuvust ja sobivad aktiivse tööala jaoks.</p>
<h4>Kvaliteetsed materjalid ja vastupidav konstruktsioon</h4>
<p>Tooli pealispind on kaetud <strong>mustast nahast</strong>, mis lisab elegantset ja soliidset ilmet. Seljatoe tagumine osa on viimistletud kvaliteetse vegan-nahaga. Stabiilse ja kaasaegse välimuse annab <strong>roostevabast terasest</strong> kroomitud raam, mis kindlustab tooli vastupidavuse ja pika kasutusea.</p>
<h4>Toote omadused:</h4>
<ul>
<li>Kõrge seljatugi tagab toetava ja mugava istumiskogemuse</li>
<li>Reguleeritav istumiskõrgus (44–52 cm), et kohandada tooli vastavalt vajadusele</li>
<li>Mustast nahast polsterdus ning vegan-nahast tagakülg tagavad elegantse välimuse</li>
<li>360° pöörlemisvõimalus suurendab kasutajamugavust</li>
<li>Kroomitud roostevabast terasest raam tagab vastupidavuse ja stabiilsuse</li>
<li>Laius: 59 cm, sügavus: 59 cm, seljatoe kõrgus: 99–107 cm</li>
<li>Kandevõime kuni 130 kg</li>
</ul>
<p>Ava konverentsitool on ideaalne valik nii esinduslikesse koosolekuruumidesse kui ka igapäevaseks tööks, pakkudes stiili, mugavust ja funktsionaalsust.</p>
<div class="desc-attributes"><strong>Laius</strong>: 59 cm<br />
<strong>Kõrgus</strong>: 99-107 cm<br />
<strong>Sügavus</strong>: 59 cm<br />
<strong>Istme kõrgus</strong>: 44-52 cm<br />
<strong>Iste sügavus</strong>: 42 cm<br />
<strong>Käetoe kõrgus</strong>: 64–72 cm<br />
<strong>Seljatoe kõrgus</strong>: 99-107 cm<br />
<strong>Kandevõime</strong>: 130 kg<br />
<strong>Tootetüüp</strong>: Konverentsitool<br />
<strong>Valik</strong>: Ava<br />
<strong>Värvus</strong>: Must<br />
<strong>Jalgade värvus</strong>: Kroom<br />
<strong>Materjal</strong>: Nahk<br />
<strong>Aluse/raami materjal</strong>: Roostevaba teras<br />
<strong>Eriomadused</strong>: Reguleeritava kõrgusega, Pöörlev</div>

<p>Ava konverentsitool, must nahk, kõrge seljatugi Ava konverentsitool ühendab endas ajatu disaini ja esmaklassilise materjalikasutuse, pakkudes mugavust ning stiili igasse koosolekuruumi või kontorisse. Selle modernne ribitud polsterdusega kõrge seljatugi tagab optimaalse toe ja esteetiliselt viimistletud ilme. Ergonoomiline disain ja reguleeritav istumiskõrgus Tooli mugavust suurendab reguleeritav istumiskõrgus, mis võimaldab leida kasutajale sobivaima positsiooni ning tagab õige [&hellip;]</p>
