{"id":50266,"date":"2025-02-21T12:35:58","date_gmt":"2025-02-21T12:35:58","guid":{"rendered":"https:\/\/ruumistruumi.ee\/pood\/bern-kontoritool-tumepruun-nahk-ja-kroomviimistlus\/"},"modified":"2025-08-20T21:26:32","modified_gmt":"2025-08-20T21:26:32","slug":"bern-madala-seljatoega-kontoritool-tumepruun-nahk","status":"publish","type":"product","link":"https:\/\/blankpage.ee\/_ruumist-ruumi\/pood\/bern-madala-seljatoega-kontoritool-tumepruun-nahk\/","title":{"rendered":"Bern madala seljatoega kontoritool, tumepruun nahk"},"content":{"rendered":"<h2>Bern madala seljatoega kontoritool, tumepruun nahk<\/h2>\n<p>Bern madala seljatoega kontoritool \u00fchendab endas stiili ja mugavuse. Tooli kvaliteetne tumepruun nahkkate ning vegan nahast tagak\u00fclg annavad sellele eksklusiivse ja ajatu v\u00e4limuse. Polsterdatud iste ja seljatugi pakuvad suurep\u00e4rast toe, muutes selle ideaalseks lahenduseks nii kaasaegsetesse kontoritesse kui ka kodustesse t\u00f6\u00f6ruumidesse.<\/p>\n<h4>Ergonoomiline disain ja reguleeritavad omadused<\/h4>\n<p>Sellel t\u00f6\u00f6toolil on reguleeritava k\u00f5rgusega mehhanism, mis v\u00f5imaldab istumisk\u00f5rgust kohandada vastavalt kasutaja vajadustele. Pehme polsterdus ja ergonoomiline kuju aitavad v\u00e4hendada pingeid pikkadel t\u00f6\u00f6p\u00e4evadel, pakkudes maksimaalset mugavust.<\/p>\n<h4>360-kraadine p\u00f6\u00f6rlev mehhanism ja v\u00f5imalus valida jalgade t\u00fc\u00fcp<\/h4>\n<p>Bern kontoritoolil on 360-kraadine p\u00f6\u00f6rlemisv\u00f5ime, mis tagab sujuva liikumise. Lisaks saab valida kahe jalgade variandi vahel \u2013 fikseeritud jalad v\u00f5i rattad. Ratastega mudel sobib ideaalselt d\u00fcnaamilist t\u00f6\u00f6ruumi loomiseks, v\u00f5imaldades h\u00f5lpsalt laua \u00fcmber liikuda. Fikseeritud jalad tagavad erilise stabiilsuse, muutes tooli suurep\u00e4raseks valikuks n\u00f5upidamisruumidesse ja esinduslikesse kontoritesse.<\/p>\n<h4>Kroomitud metallist raam elegantses stiilis<\/h4>\n<p>Tooli tugevdatud kroomitud metallraam lisab vastupidavust ja toetab kuni 130 kg raskust. Selle madal seljatugi ning ajatu keskmise sajandi disain seovad kaasaegse stiili praktilisusega, luues meeldiva ja stiilse t\u00f6\u00f6keskkonna.<\/p>\n<h4>Olulisemad omadused<\/h4>\n<ul>\n<li>Elegantne madala seljatoega disain<\/li>\n<li>Kvaliteetne tumepruun nahkkate ja vegan nahast tagak\u00fclg<\/li>\n<li>Reguleeritava k\u00f5rgusega mehhanism ergonoomilise istumisasendi jaoks<\/li>\n<li>360-kraadine p\u00f6\u00f6rlemisfunktsioon<\/li>\n<li>Valikus fikseeritud jalad v\u00f5i rattad<\/li>\n<li>Kroomitud metallist raam tagab vastupidavuse ja stabiilsuse<\/li>\n<li>Polsterdatud iste ja seljatugi maksimaalse mugavuse tagamiseks<\/li>\n<\/ul>\n<div class=\"desc-attributes\"><strong>Laius<\/strong>: 59 cm<br \/>\n<strong>K\u00f5rgus<\/strong>: 87-91 cm<br \/>\n<strong>S\u00fcgavus<\/strong>: 59 cm<br \/>\n<strong>Istme k\u00f5rgus<\/strong>: 49-53 cm<br \/>\n<strong>Iste s\u00fcgavus<\/strong>: 38 cm<br \/>\n<strong>K\u00e4etoe k\u00f5rgus<\/strong>: 65\u201369 cm<br \/>\n<strong>Seljatoe k\u00f5rgus<\/strong>: 87-91 cm<br \/>\n<strong>Kandev\u00f5ime<\/strong>: 130 kg<br \/>\n<strong>Tootet\u00fc\u00fcp<\/strong>: Kontoritool<br \/>\n<strong>Valik<\/strong>: Bern<br \/>\n<strong>V\u00e4rvus<\/strong>: Pruun<br \/>\n<strong>Jalgade v\u00e4rvus<\/strong>: Kroom<br \/>\n<strong>Materjal<\/strong>: Nahk<br \/>\n<strong>Aluse\/raami materjal<\/strong>: Roostevaba teras<br \/>\n<strong>Eriomadused<\/strong>: Reguleeritava k\u00f5rgusega, P\u00f6\u00f6rlev<br \/>\n<strong>Garantii<\/strong>: 2 aastat<\/div>\n","protected":false},"excerpt":{"rendered":"<p>Bern madala seljatoega kontoritool, tumepruun nahk Bern madala seljatoega kontoritool \u00fchendab endas stiili ja mugavuse. Tooli kvaliteetne tumepruun nahkkate ning vegan nahast tagak\u00fclg annavad sellele eksklusiivse ja ajatu v\u00e4limuse. Polsterdatud iste ja seljatugi pakuvad suurep\u00e4rast toe, muutes selle ideaalseks lahenduseks nii kaasaegsetesse kontoritesse kui ka kodustesse t\u00f6\u00f6ruumidesse. Ergonoomiline disain ja reguleeritavad omadused Sellel t\u00f6\u00f6toolil on [&hellip;]<\/p>\n","protected":false},"featured_media":50267,"comment_status":"open","ping_status":"open","template":"","meta":[],"product_brand":[],"product_cat":[866],"product_tag":[],"class_list":{"0":"post-50266","1":"product","2":"type-product","3":"status-publish","4":"has-post-thumbnail","6":"product_cat-kontoritoolid","7":"product_shipping_class-furnicher","8":"pa_kollektsioon-bern","9":"pa_peamine-materjal-nahk","10":"pa_varv-pruun","12":"first","13":"instock","14":"sale","15":"taxable","16":"shipping-taxable","17":"purchasable","18":"product-type-simple"},"_links":{"self":[{"href":"https:\/\/blankpage.ee\/_ruumist-ruumi\/wp-json\/wp\/v2\/product\/50266","targetHints":{"allow":["GET"]}}],"collection":[{"href":"https:\/\/blankpage.ee\/_ruumist-ruumi\/wp-json\/wp\/v2\/product"}],"about":[{"href":"https:\/\/blankpage.ee\/_ruumist-ruumi\/wp-json\/wp\/v2\/types\/product"}],"replies":[{"embeddable":true,"href":"https:\/\/blankpage.ee\/_ruumist-ruumi\/wp-json\/wp\/v2\/comments?post=50266"}],"wp:featuredmedia":[{"embeddable":true,"href":"https:\/\/blankpage.ee\/_ruumist-ruumi\/wp-json\/wp\/v2\/media\/50267"}],"wp:attachment":[{"href":"https:\/\/blankpage.ee\/_ruumist-ruumi\/wp-json\/wp\/v2\/media?parent=50266"}],"wp:term":[{"taxonomy":"product_brand","embeddable":true,"href":"https:\/\/blankpage.ee\/_ruumist-ruumi\/wp-json\/wp\/v2\/product_brand?post=50266"},{"taxonomy":"product_cat","embeddable":true,"href":"https:\/\/blankpage.ee\/_ruumist-ruumi\/wp-json\/wp\/v2\/product_cat?post=50266"},{"taxonomy":"product_tag","embeddable":true,"href":"https:\/\/blankpage.ee\/_ruumist-ruumi\/wp-json\/wp\/v2\/product_tag?post=50266"}],"curies":[{"name":"wp","href":"https:\/\/api.w.org\/{rel}","templated":true}]}}