{"id":5031,"date":"2024-11-01T09:37:51","date_gmt":"2024-11-01T09:37:51","guid":{"rendered":"https:\/\/ruumistruumi.ee\/pood\/must-korge-kummut-adesso-adesl04-akatsiast-puidust\/"},"modified":"2024-12-13T13:18:27","modified_gmt":"2024-12-13T13:18:27","slug":"must-korge-kummut-adesso-adesl04-akaatsiapuidust","status":"publish","type":"product","link":"https:\/\/blankpage.ee\/_ruumist-ruumi\/pood\/must-korge-kummut-adesso-adesl04-akaatsiapuidust\/","title":{"rendered":"Must k\u00f5rge kummut Adesso ADESL04, akaatsiapuidust"},"content":{"rendered":"<p>Adesso ADESL04 k\u00f5rge kummut elutuppa. See retrostiilis k\u00f5rge kummut toob teie elutuppa sooja ja koduse atmosf\u00e4\u00e4ri. Kummuti esipaneelid on valmistatud kvaliteetsest massiivpuust, millel on erinevad tooni variatsioonid, luues visuaalselt huvitava ja tekstuurse efekti. Kummuti mustad metallist jalad lisavad sellele modernset ilmet ning tagavad stabiilsuse.<\/p>\n<p>Omadused:<br \/>\n<strong>Materjal:<\/strong> Kummut on valmistatud akaatsiapuidust ja MDF-st, millel on metallist jalad.<br \/>\n<strong>V\u00e4rv:<\/strong> Must, halli ja bee\u017ei tooni variatsioonid, mustad jalad.<br \/>\n<strong>M\u00f5\u00f5tmed:<\/strong> Laius 110 cm, s\u00fcgavus 40 cm, k\u00f5rgus 140 cm.<br \/>\n<strong>T\u00e4iendavad detailid:<\/strong> Kummut sisaldab kahte ust ja nelja riiulit, mis pakuvad piisavalt ruumi erinevate esemete hoidmiseks. Kapi esipaneelidel on freesitud k\u00e4epidemed, mis lisavad elegantsi ja mugavust.<br \/>\n<strong>Kokkupanek:<\/strong> Kummut on kokkupandud, ei vaja paigaldust. S\u00e4\u00e4stab aega ja vaeva.<\/p>\n<p>Adesso ADESL04 k\u00f5rge kummut on suurep\u00e4rane valik, et t\u00e4iendada teie elutuba, pakkudes nii funktsionaalsust kui ka stiili.<\/p>\n<p>&nbsp;<\/p>\n","protected":false},"excerpt":{"rendered":"<p>Adesso ADESL04 k\u00f5rge kummut elutuppa. See retrostiilis k\u00f5rge kummut toob teie elutuppa sooja ja koduse atmosf\u00e4\u00e4ri. Kummuti esipaneelid on valmistatud kvaliteetsest massiivpuust, millel on erinevad tooni variatsioonid, luues visuaalselt huvitava ja tekstuurse efekti. Kummuti mustad metallist jalad lisavad sellele modernset ilmet ning tagavad stabiilsuse. Omadused: Materjal: Kummut on valmistatud akaatsiapuidust ja MDF-st, millel on metallist [&hellip;]<\/p>\n","protected":false},"featured_media":5032,"comment_status":"open","ping_status":"closed","template":"","meta":[],"product_brand":[],"product_cat":[81],"product_tag":[],"class_list":{"0":"post-5031","1":"product","2":"type-product","3":"status-publish","4":"has-post-thumbnail","6":"product_cat-kapid-riiulid-ja-kummutid","7":"product_shipping_class-livin-hill","8":"pa_kaepidemed-freesitud-kaepidemed","9":"pa_kollektsioon-adesso","10":"pa_materjal-akaatsiapuit","11":"pa_riiulite-arv-110","12":"pa_uste-arv-94","13":"pa_varv-must","15":"first","16":"outofstock","17":"sale","18":"taxable","19":"shipping-taxable","20":"purchasable","21":"product-type-simple"},"_links":{"self":[{"href":"https:\/\/blankpage.ee\/_ruumist-ruumi\/wp-json\/wp\/v2\/product\/5031","targetHints":{"allow":["GET"]}}],"collection":[{"href":"https:\/\/blankpage.ee\/_ruumist-ruumi\/wp-json\/wp\/v2\/product"}],"about":[{"href":"https:\/\/blankpage.ee\/_ruumist-ruumi\/wp-json\/wp\/v2\/types\/product"}],"replies":[{"embeddable":true,"href":"https:\/\/blankpage.ee\/_ruumist-ruumi\/wp-json\/wp\/v2\/comments?post=5031"}],"wp:featuredmedia":[{"embeddable":true,"href":"https:\/\/blankpage.ee\/_ruumist-ruumi\/wp-json\/wp\/v2\/media\/5032"}],"wp:attachment":[{"href":"https:\/\/blankpage.ee\/_ruumist-ruumi\/wp-json\/wp\/v2\/media?parent=5031"}],"wp:term":[{"taxonomy":"product_brand","embeddable":true,"href":"https:\/\/blankpage.ee\/_ruumist-ruumi\/wp-json\/wp\/v2\/product_brand?post=5031"},{"taxonomy":"product_cat","embeddable":true,"href":"https:\/\/blankpage.ee\/_ruumist-ruumi\/wp-json\/wp\/v2\/product_cat?post=5031"},{"taxonomy":"product_tag","embeddable":true,"href":"https:\/\/blankpage.ee\/_ruumist-ruumi\/wp-json\/wp\/v2\/product_tag?post=5031"}],"curies":[{"name":"wp","href":"https:\/\/api.w.org\/{rel}","templated":true}]}}