{"id":5051,"date":"2024-11-01T09:39:09","date_gmt":"2024-11-01T09:39:09","guid":{"rendered":"https:\/\/ruumistruumi.ee\/pood\/hall-ja-beez-kohvilaud-adesso-adesl07-akaatsiapuidust\/"},"modified":"2025-04-10T11:56:58","modified_gmt":"2025-04-10T11:56:58","slug":"pruun-kohvilaud-adesso-adesl07-akaatsiapuidust","status":"publish","type":"product","link":"https:\/\/blankpage.ee\/_ruumist-ruumi\/pood\/pruun-kohvilaud-adesso-adesl07-akaatsiapuidust\/","title":{"rendered":"Pruun kohvilaud Adesso ADESL07, akaatsiapuidust"},"content":{"rendered":"<p>Adesso ADESL07 kohvilaud elutuppa. See retrostiilis kohvilaud lisab igasse elutuppa isikup\u00e4ra ja stiili. Lauaplaat on valmistatud vastupidavast akaatsiapuidust, millel on harjatud viimistlus, pakkudes mitmekesiseid pinnatekstuure erinevates halli ja bee\u017ei toonides. Mustad metallist jalad lisavad lauale modernset kontrasti ja stabiilsust.<\/p>\n<p>Omadused:<br \/>\n<strong>Materjal:<\/strong> Akaatsiapuit, MDF, metallist jalad.<br \/>\n<strong>V\u00e4rv:<\/strong> Halli ja bee\u017ei toonides lauaplaat, mustad jalad.<br \/>\n<strong>M\u00f5\u00f5tmed:<\/strong> Laius 50 cm, s\u00fcgavus 50 cm, k\u00f5rgus 50 cm.<br \/>\n<strong>T\u00e4iendavad detailid:<\/strong> Lauaplaadi ainulaadne tekstuur ja viimistlus.<br \/>\n<strong>Kokkupanek:<\/strong> Osaliselt kokku pandud, ei vaja paigaldust. S\u00e4\u00e4stab aega ja vaeva.<\/p>\n<p>&nbsp;<\/p>\n","protected":false},"excerpt":{"rendered":"<p>Adesso ADESL07 kohvilaud elutuppa. See retrostiilis kohvilaud lisab igasse elutuppa isikup\u00e4ra ja stiili. Lauaplaat on valmistatud vastupidavast akaatsiapuidust, millel on harjatud viimistlus, pakkudes mitmekesiseid pinnatekstuure erinevates halli ja bee\u017ei toonides. Mustad metallist jalad lisavad lauale modernset kontrasti ja stabiilsust. Omadused: Materjal: Akaatsiapuit, MDF, metallist jalad. V\u00e4rv: Halli ja bee\u017ei toonides lauaplaat, mustad jalad. M\u00f5\u00f5tmed: Laius [&hellip;]<\/p>\n","protected":false},"featured_media":5052,"comment_status":"open","ping_status":"closed","template":"","meta":[],"product_brand":[],"product_cat":[118],"product_tag":[],"class_list":{"0":"post-5051","1":"product","2":"type-product","3":"status-publish","4":"has-post-thumbnail","6":"product_cat-diivanilauad","7":"product_shipping_class-livin-hill","8":"pa_kollektsioon-adesso","9":"pa_materjal-akaatsiapuit","10":"pa_varv-pruun","12":"first","13":"instock","14":"sale","15":"taxable","16":"shipping-taxable","17":"purchasable","18":"product-type-simple"},"_links":{"self":[{"href":"https:\/\/blankpage.ee\/_ruumist-ruumi\/wp-json\/wp\/v2\/product\/5051","targetHints":{"allow":["GET"]}}],"collection":[{"href":"https:\/\/blankpage.ee\/_ruumist-ruumi\/wp-json\/wp\/v2\/product"}],"about":[{"href":"https:\/\/blankpage.ee\/_ruumist-ruumi\/wp-json\/wp\/v2\/types\/product"}],"replies":[{"embeddable":true,"href":"https:\/\/blankpage.ee\/_ruumist-ruumi\/wp-json\/wp\/v2\/comments?post=5051"}],"wp:featuredmedia":[{"embeddable":true,"href":"https:\/\/blankpage.ee\/_ruumist-ruumi\/wp-json\/wp\/v2\/media\/5052"}],"wp:attachment":[{"href":"https:\/\/blankpage.ee\/_ruumist-ruumi\/wp-json\/wp\/v2\/media?parent=5051"}],"wp:term":[{"taxonomy":"product_brand","embeddable":true,"href":"https:\/\/blankpage.ee\/_ruumist-ruumi\/wp-json\/wp\/v2\/product_brand?post=5051"},{"taxonomy":"product_cat","embeddable":true,"href":"https:\/\/blankpage.ee\/_ruumist-ruumi\/wp-json\/wp\/v2\/product_cat?post=5051"},{"taxonomy":"product_tag","embeddable":true,"href":"https:\/\/blankpage.ee\/_ruumist-ruumi\/wp-json\/wp\/v2\/product_tag?post=5051"}],"curies":[{"name":"wp","href":"https:\/\/api.w.org\/{rel}","templated":true}]}}