{"id":51088,"date":"2024-12-18T11:12:20","date_gmt":"2024-12-18T11:12:20","guid":{"rendered":"https:\/\/ruumistruumi.ee\/pood\/ovaalne-soogilaud-adore-must-ja-messingist\/"},"modified":"2025-08-20T21:49:50","modified_gmt":"2025-08-20T21:49:50","slug":"ovaalne-soogilaud-adore-must-ja-messingist","status":"publish","type":"product","link":"https:\/\/blankpage.ee\/_ruumist-ruumi\/pood\/ovaalne-soogilaud-adore-must-ja-messingist\/","title":{"rendered":"Ovaalne s\u00f6\u00f6gilaud Adore, must ja messingist"},"content":{"rendered":"<h2>S\u00f6\u00f6gilaud Adore, ovaalne, must mangopuu pealispind ja kullaviimistlusega skulpturaalsed jalad \u2013 Kaasaegne industriaalne disain<\/h2>\n<p>S\u00f6\u00f6gilaud Adore on disainitud j\u00e4tkusuutliku musta mangopuu ovaalse pealisega, mis lisab igale ruumile modernset elegantsi ja luksust. Selle silmapaistev v\u00e4rv ja kuju muudavad selle loomulikuks keskpunktiks, sobides ideaalselt s\u00f6\u00f6gitubadesse, kus hinnatakse stiili ja funktsionaalsust kaasaegses industriaalses disainis.<\/p>\n<h4>Skulpturaalsed ristuvad metallist jalad kullaviimistluses<\/h4>\n<p>Unikaalse ristuva metallist jalgade koostise ja kullatud viimistlusega laua alus lisab kunstip\u00e4rast n\u00fcanssi. Skulpturaalsed metallist jalad pakuvad rafineeritud struktuuri, mis kontrasteerub elegantselt tumeda puidust pealispinnaga ja tagab vastupidavuse ning visuaalse v\u00f5lu igas modernses keskkonnas.<\/p>\n<h4>Paindlik ja avar erinevateks interj\u00f6\u00f6rilahendusteks<\/h4>\n<p>Rikkaliku istumisruumiga s\u00f6\u00f6gilaud Adore on kujundatud t\u00e4iendama nii elamu- kui ka \u00e4riruume. Selle elegantne must pealispind sobib erinevate interj\u00f6\u00f6ridega, alates minimalistlikest kuni industriaalseteni, pakkudes mitmek\u00fclgset v\u00e4limust, mis kohandub muutuvate trendidega, s\u00e4ilitades samas ajatu veetluse.<\/p>\n<h4>Omadused<\/h4>\n<ul>\n<li>J\u00e4tkusuutlik must mangopuu ovaalne pealispind, moodne keskpunkt<\/li>\n<li>Skulpturaalsed ristuvad metallist jalad kullaviimistluses, luksuslik lisand<\/li>\n<li>Ideaalne kaasaegsete ja industriaalsete interj\u00f6\u00f6ride jaoks<\/li>\n<li>Kuni 6 istet einestamiseks ja koosviibimisteks<\/li>\n<li>Vastupidav ja elegantne, sobilik s\u00f6\u00f6gitubadesse ja \u0161ikkidesse restoranidesse<\/li>\n<\/ul>\n","protected":false},"excerpt":{"rendered":"<p>S\u00f6\u00f6gilaud Adore, ovaalne, must mangopuu pealispind ja kullaviimistlusega skulpturaalsed jalad \u2013 Kaasaegne industriaalne disain S\u00f6\u00f6gilaud Adore on disainitud j\u00e4tkusuutliku musta mangopuu ovaalse pealisega, mis lisab igale ruumile modernset elegantsi ja luksust. Selle silmapaistev v\u00e4rv ja kuju muudavad selle loomulikuks keskpunktiks, sobides ideaalselt s\u00f6\u00f6gitubadesse, kus hinnatakse stiili ja funktsionaalsust kaasaegses industriaalses disainis. Skulpturaalsed ristuvad metallist jalad [&hellip;]<\/p>\n","protected":false},"featured_media":51089,"comment_status":"closed","ping_status":"open","template":"","meta":[],"product_brand":[],"product_cat":[93],"product_tag":[],"class_list":{"0":"post-51088","1":"product","2":"type-product","3":"status-publish","4":"has-post-thumbnail","6":"product_cat-soogilauad","7":"product_shipping_class-furnicher","8":"pa_istekohtade-arv-kuni-6","9":"pa_kollektsioon-adore","10":"pa_laua-korgus-1188","11":"pa_laua-pikkus-1187","12":"pa_materjal-metallist-puit","13":"pa_varv-must","15":"first","16":"outofstock","17":"sale","18":"taxable","19":"shipping-taxable","20":"purchasable","21":"product-type-simple"},"_links":{"self":[{"href":"https:\/\/blankpage.ee\/_ruumist-ruumi\/wp-json\/wp\/v2\/product\/51088","targetHints":{"allow":["GET"]}}],"collection":[{"href":"https:\/\/blankpage.ee\/_ruumist-ruumi\/wp-json\/wp\/v2\/product"}],"about":[{"href":"https:\/\/blankpage.ee\/_ruumist-ruumi\/wp-json\/wp\/v2\/types\/product"}],"replies":[{"embeddable":true,"href":"https:\/\/blankpage.ee\/_ruumist-ruumi\/wp-json\/wp\/v2\/comments?post=51088"}],"wp:featuredmedia":[{"embeddable":true,"href":"https:\/\/blankpage.ee\/_ruumist-ruumi\/wp-json\/wp\/v2\/media\/51089"}],"wp:attachment":[{"href":"https:\/\/blankpage.ee\/_ruumist-ruumi\/wp-json\/wp\/v2\/media?parent=51088"}],"wp:term":[{"taxonomy":"product_brand","embeddable":true,"href":"https:\/\/blankpage.ee\/_ruumist-ruumi\/wp-json\/wp\/v2\/product_brand?post=51088"},{"taxonomy":"product_cat","embeddable":true,"href":"https:\/\/blankpage.ee\/_ruumist-ruumi\/wp-json\/wp\/v2\/product_cat?post=51088"},{"taxonomy":"product_tag","embeddable":true,"href":"https:\/\/blankpage.ee\/_ruumist-ruumi\/wp-json\/wp\/v2\/product_tag?post=51088"}],"curies":[{"name":"wp","href":"https:\/\/api.w.org\/{rel}","templated":true}]}}