{"id":51093,"date":"2024-12-18T11:12:20","date_gmt":"2024-12-18T11:12:20","guid":{"rendered":"https:\/\/ruumistruumi.ee\/pood\/soogilaud-adore-must-ristkulikukujuline\/"},"modified":"2025-08-20T21:49:51","modified_gmt":"2025-08-20T21:49:51","slug":"soogilaud-adore-must-ristkulikukujuline","status":"publish","type":"product","link":"https:\/\/blankpage.ee\/_ruumist-ruumi\/pood\/soogilaud-adore-must-ristkulikukujuline\/","title":{"rendered":"S\u00f6\u00f6gilaud Adore, must, ristk\u00fclikukujuline"},"content":{"rendered":"<h2>Adore ristk\u00fclikukujuline s\u00f6\u00f6gilaud: must elegantne<\/h2>\n<p>Avasta Adore ristk\u00fclikukujuline s\u00f6\u00f6gilaud, mis on imeline t\u00e4iendus igasse kaasaegsesse interj\u00f6\u00f6ri. Selle stiilne must viimistlus \u00fchendab kaasaegse stiili ajatu rafineeritusega, muutes selle sinu s\u00f6\u00f6gitoa v\u00f5i k\u00f6\u00f6gi t\u00e4iuslikuks keskpunktiks.<\/p>\n<h4>Silmapaistev disain<\/h4>\n<p>Sellel s\u00f6\u00f6gilaual on ainulaadne ja stiilne disain, mis sobib ideaalselt iga ruumi esteetika t\u00e4iustamiseks. Ristk\u00fclikukujuline vorm ja puhtad jooned lisavad sinu ruumile modernset elegantsi.<\/p>\n<h4>Kaasaegne s\u00f6\u00f6gilaud<\/h4>\n<p>Kas soovid uuendada oma s\u00f6\u00f6gituba v\u00f5i lisada oma \u00e4rikeskkonda stiilse elemendi, selle laua mitmek\u00fclgne disain teeb sellest ideaalse valiku. Elegantne must viimistlus sobitub erinevate interj\u00f6\u00f6ristiilidega, alates minimalistlikust kuni industriaalseni.<\/p>\n<h4>Omadused<\/h4>\n<ul>\n<li>Stiilne must viimistlus rafineeritud v\u00e4limuse saavutamiseks<\/li>\n<li>Stiilne ja unikaalne disain<\/li>\n<li>Ideaalne kaasaegsetele ja industriaalsetele interj\u00f6\u00f6ridele<\/li>\n<li>Sobib nii kodu- kui ka \u00e4ripindadele<\/li>\n<li>Ruumikas pind s\u00f6\u00f6giks ja meelelahutuseks<\/li>\n<\/ul>\n","protected":false},"excerpt":{"rendered":"<p>Adore ristk\u00fclikukujuline s\u00f6\u00f6gilaud: must elegantne Avasta Adore ristk\u00fclikukujuline s\u00f6\u00f6gilaud, mis on imeline t\u00e4iendus igasse kaasaegsesse interj\u00f6\u00f6ri. Selle stiilne must viimistlus \u00fchendab kaasaegse stiili ajatu rafineeritusega, muutes selle sinu s\u00f6\u00f6gitoa v\u00f5i k\u00f6\u00f6gi t\u00e4iuslikuks keskpunktiks. Silmapaistev disain Sellel s\u00f6\u00f6gilaual on ainulaadne ja stiilne disain, mis sobib ideaalselt iga ruumi esteetika t\u00e4iustamiseks. Ristk\u00fclikukujuline vorm ja puhtad jooned lisavad [&hellip;]<\/p>\n","protected":false},"featured_media":51094,"comment_status":"closed","ping_status":"open","template":"","meta":[],"product_brand":[],"product_cat":[93],"product_tag":[],"class_list":{"0":"post-51093","1":"product","2":"type-product","3":"status-publish","4":"has-post-thumbnail","6":"product_cat-soogilauad","7":"product_shipping_class-furnicher","8":"pa_istekohtade-arv-kuni-8","9":"pa_kollektsioon-adore","10":"pa_laua-korgus-1188","11":"pa_laua-pikkus-1189","12":"pa_materjal-metallist-puit","13":"pa_varv-must","15":"first","16":"outofstock","17":"sale","18":"taxable","19":"shipping-taxable","20":"purchasable","21":"product-type-simple"},"_links":{"self":[{"href":"https:\/\/blankpage.ee\/_ruumist-ruumi\/wp-json\/wp\/v2\/product\/51093","targetHints":{"allow":["GET"]}}],"collection":[{"href":"https:\/\/blankpage.ee\/_ruumist-ruumi\/wp-json\/wp\/v2\/product"}],"about":[{"href":"https:\/\/blankpage.ee\/_ruumist-ruumi\/wp-json\/wp\/v2\/types\/product"}],"replies":[{"embeddable":true,"href":"https:\/\/blankpage.ee\/_ruumist-ruumi\/wp-json\/wp\/v2\/comments?post=51093"}],"wp:featuredmedia":[{"embeddable":true,"href":"https:\/\/blankpage.ee\/_ruumist-ruumi\/wp-json\/wp\/v2\/media\/51094"}],"wp:attachment":[{"href":"https:\/\/blankpage.ee\/_ruumist-ruumi\/wp-json\/wp\/v2\/media?parent=51093"}],"wp:term":[{"taxonomy":"product_brand","embeddable":true,"href":"https:\/\/blankpage.ee\/_ruumist-ruumi\/wp-json\/wp\/v2\/product_brand?post=51093"},{"taxonomy":"product_cat","embeddable":true,"href":"https:\/\/blankpage.ee\/_ruumist-ruumi\/wp-json\/wp\/v2\/product_cat?post=51093"},{"taxonomy":"product_tag","embeddable":true,"href":"https:\/\/blankpage.ee\/_ruumist-ruumi\/wp-json\/wp\/v2\/product_tag?post=51093"}],"curies":[{"name":"wp","href":"https:\/\/api.w.org\/{rel}","templated":true}]}}