{"id":51172,"date":"2024-12-18T11:12:57","date_gmt":"2024-12-18T11:12:57","guid":{"rendered":"https:\/\/ruumistruumi.ee\/pood\/soogilaud-copenhagen-naturaalne-tamm\/"},"modified":"2025-08-20T21:49:45","modified_gmt":"2025-08-20T21:49:45","slug":"soogilaud-copenhagen-naturaalne-tamm","status":"publish","type":"product","link":"https:\/\/blankpage.ee\/_ruumist-ruumi\/pood\/soogilaud-copenhagen-naturaalne-tamm\/","title":{"rendered":"S\u00f6\u00f6gilaud Copenhagen, naturaalne tamm"},"content":{"rendered":"<h2>S\u00f6\u00f6gilaud naturaalsest tammest &#8211; Kopenhaageni seeria<\/h2>\n<p>See Kopenhaageni seeria s\u00f6\u00f6gilaud on lihtsa, kuid stiilse disainiga. S\u00f6\u00f6gilaud on uuendatud versioon traditsioonilisest Skandinaavia stiilist, millel on \u00f5huke profiil, mis loob kerge ja kaasaegse ilme.<\/p>\n<h4>Kaasaegne disain<\/h4>\n<p>Laua tugevad jalad annavad sellele kaasaegse tunnetuse, sulandudes vaevata kaasaegsesse interj\u00f6\u00f6ri. Selle naturaalse tamme viimistlus lisab s\u00f6\u00f6gialale soojust ja rafineeritust.<\/p>\n<h4>Mitmek\u00fclgne ja avar<\/h4>\n<p>Laud mahutab mugavalt kuni 10 inimest, mist\u00f5ttu on see ideaalne nii peres\u00fcndmusteks kui ka \u00f5htus\u00f6\u00f6gipidudeks. Selle tasandatud pakendis disain tagab lihtsa transpordi ja kokkupaneku.<\/p>\n<h4>Omadused<\/h4>\n<ul>\n<li>Kaasaegne t\u00f5lgendus klassikalisest Skandinaavia disainist<\/li>\n<li>Kokkupakitav lihtsa transpordi jaoks<\/li>\n<li>Pisut hooldust n\u00f5udev<\/li>\n<li>Mahutab mugavalt kuni 10 inimest<\/li>\n<\/ul>\n","protected":false},"excerpt":{"rendered":"<p>S\u00f6\u00f6gilaud naturaalsest tammest &#8211; Kopenhaageni seeria See Kopenhaageni seeria s\u00f6\u00f6gilaud on lihtsa, kuid stiilse disainiga. S\u00f6\u00f6gilaud on uuendatud versioon traditsioonilisest Skandinaavia stiilist, millel on \u00f5huke profiil, mis loob kerge ja kaasaegse ilme. Kaasaegne disain Laua tugevad jalad annavad sellele kaasaegse tunnetuse, sulandudes vaevata kaasaegsesse interj\u00f6\u00f6ri. Selle naturaalse tamme viimistlus lisab s\u00f6\u00f6gialale soojust ja rafineeritust. Mitmek\u00fclgne [&hellip;]<\/p>\n","protected":false},"featured_media":51173,"comment_status":"closed","ping_status":"open","template":"","meta":[],"product_brand":[],"product_cat":[93],"product_tag":[],"class_list":{"0":"post-51172","1":"product","2":"type-product","3":"status-publish","4":"has-post-thumbnail","6":"product_cat-soogilauad","7":"product_shipping_class-furnicher","8":"pa_istekohtade-arv-kuni-6","9":"pa_kollektsioon-copenhagen","10":"pa_laua-korgus-74-6","11":"pa_laua-pikkus-1198","12":"pa_materjal-puit","13":"pa_varv-naturaalne","15":"first","16":"outofstock","17":"sale","18":"taxable","19":"shipping-taxable","20":"purchasable","21":"product-type-simple"},"_links":{"self":[{"href":"https:\/\/blankpage.ee\/_ruumist-ruumi\/wp-json\/wp\/v2\/product\/51172","targetHints":{"allow":["GET"]}}],"collection":[{"href":"https:\/\/blankpage.ee\/_ruumist-ruumi\/wp-json\/wp\/v2\/product"}],"about":[{"href":"https:\/\/blankpage.ee\/_ruumist-ruumi\/wp-json\/wp\/v2\/types\/product"}],"replies":[{"embeddable":true,"href":"https:\/\/blankpage.ee\/_ruumist-ruumi\/wp-json\/wp\/v2\/comments?post=51172"}],"wp:featuredmedia":[{"embeddable":true,"href":"https:\/\/blankpage.ee\/_ruumist-ruumi\/wp-json\/wp\/v2\/media\/51173"}],"wp:attachment":[{"href":"https:\/\/blankpage.ee\/_ruumist-ruumi\/wp-json\/wp\/v2\/media?parent=51172"}],"wp:term":[{"taxonomy":"product_brand","embeddable":true,"href":"https:\/\/blankpage.ee\/_ruumist-ruumi\/wp-json\/wp\/v2\/product_brand?post=51172"},{"taxonomy":"product_cat","embeddable":true,"href":"https:\/\/blankpage.ee\/_ruumist-ruumi\/wp-json\/wp\/v2\/product_cat?post=51172"},{"taxonomy":"product_tag","embeddable":true,"href":"https:\/\/blankpage.ee\/_ruumist-ruumi\/wp-json\/wp\/v2\/product_tag?post=51172"}],"curies":[{"name":"wp","href":"https:\/\/api.w.org\/{rel}","templated":true}]}}