{"id":51221,"date":"2024-12-18T11:13:21","date_gmt":"2024-12-18T11:13:21","guid":{"rendered":"https:\/\/ruumistruumi.ee\/pood\/ovaalne-soogilaud-duarte-must-puit\/"},"modified":"2025-08-20T21:49:19","modified_gmt":"2025-08-20T21:49:19","slug":"ovaalne-soogilaud-duarte-tumepruun","status":"publish","type":"product","link":"https:\/\/blankpage.ee\/_ruumist-ruumi\/pood\/ovaalne-soogilaud-duarte-tumepruun\/","title":{"rendered":"Ovaalne s\u00f6\u00f6gilaud Duarte, tumepruun"},"content":{"rendered":"<h2>Mustast puidust s\u00f6\u00f6gilaud Duarte<\/h2>\n<p>T\u00f5stke oma s\u00f6\u00f6gikogemus uuele tasemele tumepruunist puidust s\u00f6\u00f6gilauaga Duarte, mis on kaasaegse disaini ja traditsioonilise k\u00e4sit\u00f6\u00f6 kaunis kooslus.<\/p>\n<h4>Vaieldamatu elegants koos Duarte&#8217;ga<\/h4>\n<p>Valmistatud esmaklassilisest tumedast puidust, kiirgab see laud tagasihoidlikku elegantsi, mis k\u00f6idab meeli. Olgu tegu p\u00fchap\u00e4evase brunch&#8217;i v\u00f5i pere\u00f5htus\u00f6\u00f6giga, muutub Duarte s\u00f6\u00f6gilaud keskpunktiks, mis tagab unustamatud koosviibimised. Ovaalne s\u00f6\u00f6gilaud loob sooja ja vestlevat atmosf\u00e4\u00e4ri ning iga eine muutub kalliks m\u00e4lestuseks. Kuu kujuga jalad tagavad vastupidavuse ning siledapinnaline puidust lauaplaat, tuntud oma tugevuse poolest, t\u00e4iustab disaini t\u00e4iuslikult. Iga laudadele s\u00f6\u00f6vitatud puus\u00fc\u00fc muster on ainulaadne, lisades teie s\u00f6\u00f6gituppa isikup\u00e4ra.<\/p>\n<h4>Kaasaegne disain kohtub minimalistliku stiiliga<\/h4>\n<p>Duarte \u00fchendab kaasaegse esteetika ajatute v\u00e4\u00e4rtustega, olles n\u00f5utav keskpunkt teie s\u00f6\u00f6gitoas. Elegantne musta puidu konstruktsioon tasakaalustub t\u00e4iuslikult oma detailsete puus\u00fc\u00fc mustritega, luues segu kaasaegsest ja maal\u00e4hedasest v\u00f5lust. S\u00f6\u00f6gilaua minimalistlik disain lisab igale ruumile klassi puudutuse, muutes selle hetkega soojuse ja elegantsi ruumiks. Laud mahutab mugavalt kuni 6 inimest ning v\u00f5imaldab teil s\u00fc\u00fca ja veini nautida nii kaua, kui soovite.<\/p>\n<h4>Omadused<\/h4>\n<ul>\n<li>Esmaklassiline tumepruun puidu konstruktsioon<\/li>\n<li>Ainulaadsed puus\u00fc\u00fc mustrid isikup\u00e4raseks puudutuseks<\/li>\n<li>Stiilne ovaalne disain<\/li>\n<li>Vastupidavad kuu kujuga jalad<\/li>\n<li>Mahutab kuni 6 inimest<\/li>\n<li>Kaasaegse ja maal\u00e4hedase v\u00f5lu kombinatsioon<\/li>\n<\/ul>\n","protected":false},"excerpt":{"rendered":"<p>Mustast puidust s\u00f6\u00f6gilaud Duarte T\u00f5stke oma s\u00f6\u00f6gikogemus uuele tasemele tumepruunist puidust s\u00f6\u00f6gilauaga Duarte, mis on kaasaegse disaini ja traditsioonilise k\u00e4sit\u00f6\u00f6 kaunis kooslus. Vaieldamatu elegants koos Duarte&#8217;ga Valmistatud esmaklassilisest tumedast puidust, kiirgab see laud tagasihoidlikku elegantsi, mis k\u00f6idab meeli. Olgu tegu p\u00fchap\u00e4evase brunch&#8217;i v\u00f5i pere\u00f5htus\u00f6\u00f6giga, muutub Duarte s\u00f6\u00f6gilaud keskpunktiks, mis tagab unustamatud koosviibimised. Ovaalne s\u00f6\u00f6gilaud loob [&hellip;]<\/p>\n","protected":false},"featured_media":51222,"comment_status":"closed","ping_status":"closed","template":"","meta":[],"product_brand":[],"product_cat":[93],"product_tag":[],"class_list":{"0":"post-51221","1":"product","2":"type-product","3":"status-publish","4":"has-post-thumbnail","6":"product_cat-soogilauad","7":"product_shipping_class-furnicher","8":"pa_istekohtade-arv-kuni-6","9":"pa_kollektsioon-duarte","10":"pa_laua-korgus-1190","11":"pa_laua-pikkus-1187","12":"pa_materjal-puit","13":"pa_varv-tumepruun","15":"first","16":"instock","17":"sale","18":"taxable","19":"shipping-taxable","20":"purchasable","21":"product-type-simple"},"_links":{"self":[{"href":"https:\/\/blankpage.ee\/_ruumist-ruumi\/wp-json\/wp\/v2\/product\/51221","targetHints":{"allow":["GET"]}}],"collection":[{"href":"https:\/\/blankpage.ee\/_ruumist-ruumi\/wp-json\/wp\/v2\/product"}],"about":[{"href":"https:\/\/blankpage.ee\/_ruumist-ruumi\/wp-json\/wp\/v2\/types\/product"}],"replies":[{"embeddable":true,"href":"https:\/\/blankpage.ee\/_ruumist-ruumi\/wp-json\/wp\/v2\/comments?post=51221"}],"wp:featuredmedia":[{"embeddable":true,"href":"https:\/\/blankpage.ee\/_ruumist-ruumi\/wp-json\/wp\/v2\/media\/51222"}],"wp:attachment":[{"href":"https:\/\/blankpage.ee\/_ruumist-ruumi\/wp-json\/wp\/v2\/media?parent=51221"}],"wp:term":[{"taxonomy":"product_brand","embeddable":true,"href":"https:\/\/blankpage.ee\/_ruumist-ruumi\/wp-json\/wp\/v2\/product_brand?post=51221"},{"taxonomy":"product_cat","embeddable":true,"href":"https:\/\/blankpage.ee\/_ruumist-ruumi\/wp-json\/wp\/v2\/product_cat?post=51221"},{"taxonomy":"product_tag","embeddable":true,"href":"https:\/\/blankpage.ee\/_ruumist-ruumi\/wp-json\/wp\/v2\/product_tag?post=51221"}],"curies":[{"name":"wp","href":"https:\/\/api.w.org\/{rel}","templated":true}]}}