{"id":51225,"date":"2024-12-18T11:13:21","date_gmt":"2024-12-18T11:13:21","guid":{"rendered":"https:\/\/ruumistruumi.ee\/pood\/ummargune-soogilaud-duarte-must-puit\/"},"modified":"2025-08-20T21:49:20","modified_gmt":"2025-08-20T21:49:20","slug":"ummargune-soogilaud-duarte-tumepruun","status":"publish","type":"product","link":"https:\/\/blankpage.ee\/_ruumist-ruumi\/pood\/ummargune-soogilaud-duarte-tumepruun\/","title":{"rendered":"\u00dcmmargune s\u00f6\u00f6gilaud Duarte, tumepruun"},"content":{"rendered":"<h2>\u00dcmmargune s\u00f6\u00f6gilaud Duarte, tumepruun<\/h2>\n<p>Tutvuge Duarte \u00fcmmarguse s\u00f6\u00f6gilauaga, mis on graatsia ja funktsionaalsuse kehastus, armastusega meisterdatud rikkalikust mustast puidust.<\/p>\n<h4>Ideaalses harmoonias: Duarte\u2019i ringikujuline v\u00f5lu<\/h4>\n<p>Selle ringikujuline siluett on ideaalne lisandus intiimseteks peres\u00f6\u00f6gikordadeks v\u00f5i elavateks seltskondlikeks kogunemisteks, luues \u00fchtsuse ja \u00fchenduse nende viie seas, kes istuvad laua \u00e4\u00e4res. Duarte \u00fcmmargune s\u00f6\u00f6gilaud pole mitte ainult visuaalselt meeldiv; see on tugevuse s\u00fcmbol. \u00dcmar must jalg voodriga struktuuriga on kindel ja stiilne. Mustast puidust vormitud laud on tuntud oma vastupidavuse poolest, taludes igap\u00e4evaelu koormusi. Iga ainulaadne puidus\u00fc\u00fc mustrit lisab selle ilule, tagades, et teie s\u00f6\u00f6gilaud on sama eriline kui teie kodu.<\/p>\n<h4>\u0160ikk elegants kaasaegses disainis<\/h4>\n<p>Duarte s\u00f6\u00f6gilauaga omaks v\u00f5tate kaasaegse elegantsi ja ajatu v\u00f5lu harmoonilise sulandumise. Selle \u00fcmar kuju on viide traditsioonilistele disainip\u00f5him\u00f5tetele, samas kui selle s\u00e4rav musta puidu viimistlus lisab modernset h\u00f5ngu. Olgu teie maitse minimalistlik v\u00f5i k\u00fclluslik, see \u00fcmmargune s\u00f6\u00f6gilaud j\u00e4tab rafineeritud mulje.<\/p>\n<h4>Omadused<\/h4>\n<ul>\n<li>Graatsiline ringikujuline siluett<\/li>\n<li>Kvaliteetne tumepruun puidust konstruktsioon<\/li>\n<li>Ainulaadsed puidus\u00fc\u00fc mustrid<\/li>\n<li>Kindel ja stiilne \u00fcmar must jalg<\/li>\n<li>M\u00f5eldud kuni 5 inimesele<\/li>\n<li>Kaasaegse elegantsi ja ajatu v\u00f5lu sulandumine<\/li>\n<\/ul>\n","protected":false},"excerpt":{"rendered":"<p>\u00dcmmargune s\u00f6\u00f6gilaud Duarte, tumepruun Tutvuge Duarte \u00fcmmarguse s\u00f6\u00f6gilauaga, mis on graatsia ja funktsionaalsuse kehastus, armastusega meisterdatud rikkalikust mustast puidust. Ideaalses harmoonias: Duarte\u2019i ringikujuline v\u00f5lu Selle ringikujuline siluett on ideaalne lisandus intiimseteks peres\u00f6\u00f6gikordadeks v\u00f5i elavateks seltskondlikeks kogunemisteks, luues \u00fchtsuse ja \u00fchenduse nende viie seas, kes istuvad laua \u00e4\u00e4res. Duarte \u00fcmmargune s\u00f6\u00f6gilaud pole mitte ainult visuaalselt meeldiv; [&hellip;]<\/p>\n","protected":false},"featured_media":51226,"comment_status":"closed","ping_status":"closed","template":"","meta":[],"product_brand":[],"product_cat":[93],"product_tag":[],"class_list":{"0":"post-51225","1":"product","2":"type-product","3":"status-publish","4":"has-post-thumbnail","6":"product_cat-soogilauad","7":"product_shipping_class-furnicher","8":"pa_istekohtade-arv-kuni-4","9":"pa_kollektsioon-duarte","10":"pa_laua-korgus-1190","11":"pa_laua-pikkus-1195","12":"pa_materjal-puit","13":"pa_varv-tumepruun","15":"first","16":"instock","17":"sale","18":"taxable","19":"shipping-taxable","20":"purchasable","21":"product-type-simple"},"_links":{"self":[{"href":"https:\/\/blankpage.ee\/_ruumist-ruumi\/wp-json\/wp\/v2\/product\/51225","targetHints":{"allow":["GET"]}}],"collection":[{"href":"https:\/\/blankpage.ee\/_ruumist-ruumi\/wp-json\/wp\/v2\/product"}],"about":[{"href":"https:\/\/blankpage.ee\/_ruumist-ruumi\/wp-json\/wp\/v2\/types\/product"}],"replies":[{"embeddable":true,"href":"https:\/\/blankpage.ee\/_ruumist-ruumi\/wp-json\/wp\/v2\/comments?post=51225"}],"wp:featuredmedia":[{"embeddable":true,"href":"https:\/\/blankpage.ee\/_ruumist-ruumi\/wp-json\/wp\/v2\/media\/51226"}],"wp:attachment":[{"href":"https:\/\/blankpage.ee\/_ruumist-ruumi\/wp-json\/wp\/v2\/media?parent=51225"}],"wp:term":[{"taxonomy":"product_brand","embeddable":true,"href":"https:\/\/blankpage.ee\/_ruumist-ruumi\/wp-json\/wp\/v2\/product_brand?post=51225"},{"taxonomy":"product_cat","embeddable":true,"href":"https:\/\/blankpage.ee\/_ruumist-ruumi\/wp-json\/wp\/v2\/product_cat?post=51225"},{"taxonomy":"product_tag","embeddable":true,"href":"https:\/\/blankpage.ee\/_ruumist-ruumi\/wp-json\/wp\/v2\/product_tag?post=51225"}],"curies":[{"name":"wp","href":"https:\/\/api.w.org\/{rel}","templated":true}]}}