{"id":51236,"date":"2024-12-18T11:13:52","date_gmt":"2024-12-18T11:13:52","guid":{"rendered":"https:\/\/ruumistruumi.ee\/pood\/soogilaud-duke-valge-mdf-ja-kasepuit-alus\/"},"modified":"2025-08-20T21:48:57","modified_gmt":"2025-08-20T21:48:57","slug":"soogilaud-duke-valge-mdf-ja-kasepuit-alus","status":"publish","type":"product","link":"https:\/\/blankpage.ee\/_ruumist-ruumi\/pood\/soogilaud-duke-valge-mdf-ja-kasepuit-alus\/","title":{"rendered":"S\u00f6\u00f6gilaud Duke, valge MDF ja kasepuit alus"},"content":{"rendered":"<h2>S\u00f6\u00f6gilaud Duke: Keskajast inspireeritud moodne elegants<\/h2>\n<p>S\u00f6\u00f6gilaud Duke annab igale s\u00f6\u00f6gialale keskajast inspireeritud moodsa ilme. Esteetilist atraktiivsust lisavad soklialuse avatud raam ja skulptuursed jalad.<\/p>\n<h4>Ideaalne v\u00e4iksemate ruumide jaoks<\/h4>\n<p>Oma \u00fcmmarguse kuju t\u00f5ttu on s\u00f6\u00f6gilaud Duke ideaalne pisikeste ruumide jaoks ja annab s\u00f6\u00f6gitoale minimalistliku, kvaliteetse v\u00e4limuse. See mahutab mugavalt kuni neli inimest, olles suurep\u00e4rane intiimsete koosviibimiste ja mugavate einete jaoks.<\/p>\n<h4>Stiilne valge viimistlus<\/h4>\n<p>Puhta valge v\u00e4rvi ja matt valge pigmendiga jalad lisavad s\u00f6\u00f6gilaud Duke igale s\u00f6\u00f6gitoale elegantsi. Selle puhas ja selge v\u00e4limus t\u00e4iendab erinevaid sisekujundusstiile, alates kaasaegsest kuni klassikaliseni.<\/p>\n<h4>Omadused<\/h4>\n<ul>\n<li>Keskajast inspireeritud moodne ilme<\/li>\n<li>Avatud raamiga soklialus<\/li>\n<li>Lamedalt pakitud lihtsaks transportimiseks<\/li>\n<li>Ideaalne v\u00e4iksemate ruumide jaoks<\/li>\n<li>Mugavalt mahutab kuni 4 inimest<\/li>\n<\/ul>\n","protected":false},"excerpt":{"rendered":"<p>S\u00f6\u00f6gilaud Duke: Keskajast inspireeritud moodne elegants S\u00f6\u00f6gilaud Duke annab igale s\u00f6\u00f6gialale keskajast inspireeritud moodsa ilme. Esteetilist atraktiivsust lisavad soklialuse avatud raam ja skulptuursed jalad. Ideaalne v\u00e4iksemate ruumide jaoks Oma \u00fcmmarguse kuju t\u00f5ttu on s\u00f6\u00f6gilaud Duke ideaalne pisikeste ruumide jaoks ja annab s\u00f6\u00f6gitoale minimalistliku, kvaliteetse v\u00e4limuse. See mahutab mugavalt kuni neli inimest, olles suurep\u00e4rane intiimsete koosviibimiste [&hellip;]<\/p>\n","protected":false},"featured_media":51237,"comment_status":"closed","ping_status":"open","template":"","meta":[],"product_brand":[],"product_cat":[93],"product_tag":[],"class_list":{"0":"post-51236","1":"product","2":"type-product","3":"status-publish","4":"has-post-thumbnail","6":"product_cat-soogilauad","7":"product_shipping_class-furnicher","8":"pa_istekohtade-arv-kuni-4","9":"pa_kollektsioon-duke","10":"pa_laua-korgus-1190","11":"pa_laua-pikkus-1202","12":"pa_materjal-puit","13":"pa_varv-naturaalne","15":"first","16":"instock","17":"sale","18":"taxable","19":"shipping-taxable","20":"purchasable","21":"product-type-simple"},"_links":{"self":[{"href":"https:\/\/blankpage.ee\/_ruumist-ruumi\/wp-json\/wp\/v2\/product\/51236","targetHints":{"allow":["GET"]}}],"collection":[{"href":"https:\/\/blankpage.ee\/_ruumist-ruumi\/wp-json\/wp\/v2\/product"}],"about":[{"href":"https:\/\/blankpage.ee\/_ruumist-ruumi\/wp-json\/wp\/v2\/types\/product"}],"replies":[{"embeddable":true,"href":"https:\/\/blankpage.ee\/_ruumist-ruumi\/wp-json\/wp\/v2\/comments?post=51236"}],"wp:featuredmedia":[{"embeddable":true,"href":"https:\/\/blankpage.ee\/_ruumist-ruumi\/wp-json\/wp\/v2\/media\/51237"}],"wp:attachment":[{"href":"https:\/\/blankpage.ee\/_ruumist-ruumi\/wp-json\/wp\/v2\/media?parent=51236"}],"wp:term":[{"taxonomy":"product_brand","embeddable":true,"href":"https:\/\/blankpage.ee\/_ruumist-ruumi\/wp-json\/wp\/v2\/product_brand?post=51236"},{"taxonomy":"product_cat","embeddable":true,"href":"https:\/\/blankpage.ee\/_ruumist-ruumi\/wp-json\/wp\/v2\/product_cat?post=51236"},{"taxonomy":"product_tag","embeddable":true,"href":"https:\/\/blankpage.ee\/_ruumist-ruumi\/wp-json\/wp\/v2\/product_tag?post=51236"}],"curies":[{"name":"wp","href":"https:\/\/api.w.org\/{rel}","templated":true}]}}