{"id":51252,"date":"2024-12-18T11:13:52","date_gmt":"2024-12-18T11:13:52","guid":{"rendered":"https:\/\/ruumistruumi.ee\/pood\/soogilaud-eliza-must-marmor-ja-metallist-jalad-o110-cm\/"},"modified":"2025-08-20T21:49:02","modified_gmt":"2025-08-20T21:49:02","slug":"soogilaud-eliza-must-marmor-ja-metallist-jalad-o110-cm","status":"publish","type":"product","link":"https:\/\/blankpage.ee\/_ruumist-ruumi\/pood\/soogilaud-eliza-must-marmor-ja-metallist-jalad-o110-cm\/","title":{"rendered":"S\u00f6\u00f6gilaud Eliza, must marmor ja metallist jalad (\u00d8110 cm)"},"content":{"rendered":"<h2>S\u00f6\u00f6gilaud Eliza, must marmor<\/h2>\n<p>Lisage rohkem stiili s\u00f6\u00f6gilauale Eliza, must marmor (\u00d8110 cm). M\u00f5eldud sidemete tugevdamiseks.<\/p>\n<p>Selle laua elegantselt \u00fcmar kuju soodustab p\u00f5hjalikke vestlusi ja vahetut silmsidet, samal ajal kui luksuslik viimistlus ja v\u00e4ljendusrikas jalg annavad kogu s\u00f6\u00f6gitoale ise\u00e4raliku ilme.<\/p>\n<h4>Kaasaegne elegants<\/h4>\n<p>Sile marmormustriga s\u00f6\u00f6gilaud Eliza kiirgab kaasaegset elegantsi, muutes selle igas s\u00f6\u00f6gitoas silmapaistvaks. Must marmorpind on stiilne ja ajatu, t\u00e4iustades teie ruumi \u00fcldist esteetikat.<\/p>\n<h4>Vastupidavus ja mugavus<\/h4>\n<p>Nii vastupidavuseks kui ka mugavuseks loodud s\u00f6\u00f6gilaud Eliza sisaldab musta metallist alust, mis tagab suurep\u00e4rase stabiilsuse. Laua laiem jalg disain toetab selle stabiilsust, pakkudes samal ajal mugavat istekohta kuni neljale inimesele meeldej\u00e4\u00e4vateks eineteks.<\/p>\n<h4>Omadused<\/h4>\n<ul>\n<li>Kaasaegne disain<\/li>\n<li>Marmormuster, mis t\u00e4iustab modernset v\u00e4limust<\/li>\n<li>Laiem jalg suurema stabiilsuse tagamiseks<\/li>\n<li>Must metallist alus suurendab vastupidavust<\/li>\n<li>Mugavalt mahutab kuni 4 inimest<\/li>\n<\/ul>\n","protected":false},"excerpt":{"rendered":"<p>S\u00f6\u00f6gilaud Eliza, must marmor Lisage rohkem stiili s\u00f6\u00f6gilauale Eliza, must marmor (\u00d8110 cm). M\u00f5eldud sidemete tugevdamiseks. Selle laua elegantselt \u00fcmar kuju soodustab p\u00f5hjalikke vestlusi ja vahetut silmsidet, samal ajal kui luksuslik viimistlus ja v\u00e4ljendusrikas jalg annavad kogu s\u00f6\u00f6gitoale ise\u00e4raliku ilme. Kaasaegne elegants Sile marmormustriga s\u00f6\u00f6gilaud Eliza kiirgab kaasaegset elegantsi, muutes selle igas s\u00f6\u00f6gitoas silmapaistvaks. Must [&hellip;]<\/p>\n","protected":false},"featured_media":51253,"comment_status":"closed","ping_status":"open","template":"","meta":[],"product_brand":[],"product_cat":[93],"product_tag":[],"class_list":{"0":"post-51252","1":"product","2":"type-product","3":"status-publish","4":"has-post-thumbnail","6":"product_cat-soogilauad","7":"product_shipping_class-furnicher","8":"pa_istekohtade-arv-kuni-4","9":"pa_kollektsioon-eliza","10":"pa_laua-korgus-1193","11":"pa_laua-pikkus-1189","12":"pa_materjal-marmor","13":"pa_varv-must","15":"first","16":"outofstock","17":"sale","18":"taxable","19":"shipping-taxable","20":"purchasable","21":"product-type-simple"},"_links":{"self":[{"href":"https:\/\/blankpage.ee\/_ruumist-ruumi\/wp-json\/wp\/v2\/product\/51252","targetHints":{"allow":["GET"]}}],"collection":[{"href":"https:\/\/blankpage.ee\/_ruumist-ruumi\/wp-json\/wp\/v2\/product"}],"about":[{"href":"https:\/\/blankpage.ee\/_ruumist-ruumi\/wp-json\/wp\/v2\/types\/product"}],"replies":[{"embeddable":true,"href":"https:\/\/blankpage.ee\/_ruumist-ruumi\/wp-json\/wp\/v2\/comments?post=51252"}],"wp:featuredmedia":[{"embeddable":true,"href":"https:\/\/blankpage.ee\/_ruumist-ruumi\/wp-json\/wp\/v2\/media\/51253"}],"wp:attachment":[{"href":"https:\/\/blankpage.ee\/_ruumist-ruumi\/wp-json\/wp\/v2\/media?parent=51252"}],"wp:term":[{"taxonomy":"product_brand","embeddable":true,"href":"https:\/\/blankpage.ee\/_ruumist-ruumi\/wp-json\/wp\/v2\/product_brand?post=51252"},{"taxonomy":"product_cat","embeddable":true,"href":"https:\/\/blankpage.ee\/_ruumist-ruumi\/wp-json\/wp\/v2\/product_cat?post=51252"},{"taxonomy":"product_tag","embeddable":true,"href":"https:\/\/blankpage.ee\/_ruumist-ruumi\/wp-json\/wp\/v2\/product_tag?post=51252"}],"curies":[{"name":"wp","href":"https:\/\/api.w.org\/{rel}","templated":true}]}}