{"id":51362,"date":"2024-12-18T11:14:38","date_gmt":"2024-12-18T11:14:38","guid":{"rendered":"https:\/\/ruumistruumi.ee\/pood\/soogilaud-lazaro-hele-tamm-220-cm\/"},"modified":"2025-08-20T21:48:26","modified_gmt":"2025-08-20T21:48:26","slug":"soogilaud-lazaro-hele-tamm-220-cm","status":"publish","type":"product","link":"https:\/\/blankpage.ee\/_ruumist-ruumi\/pood\/soogilaud-lazaro-hele-tamm-220-cm\/","title":{"rendered":"S\u00f6\u00f6gilaud Lazaro, hele tamm &#8211; 220 cm"},"content":{"rendered":"<h2>S\u00f6\u00f6gilaud Lazaro, 6 kohaga, valge pigmenteeritud tamme viimistlusega, ristk\u00fclikukujuline, liistjalad \u2013 220 cm<\/h2>\n<p>Ristk\u00fclikukujuline s\u00f6\u00f6gilaud Lazaro, valmistatud valge pigmenteeritud tamme spoonist, toob esile puidu loomuliku tekstuuri ja mustri. Peen &#8220;v\u00e4lja pestud&#8221; efekt lisab teie s\u00f6\u00f6gialale modernset ja \u00f5hulist omadust, mis sobib ideaalselt heledatesse ja kaasaegsetesse interj\u00f6\u00f6ridesse.<\/p>\n<h4>Dekoratiivsed liistjalad stiilseks toetuseks<\/h4>\n<p>Laud koosneb dekoratiivsetest liistjalgadest, mis \u00fchendavad struktuurilise stabiilsuse ja peene esteetika. T\u00e4pselt viimistletud liistude detailid t\u00e4iustavad selle puhta disaini, t\u00f5stes esile kui pilkup\u00fc\u00fcdva keskpunkti igas moodsa s\u00f6\u00f6gitoas.<\/p>\n<h4>Mugav istekoht kuuele inimesele<\/h4>\n<p>Ruumikas ristk\u00fclikukujuline lauaplaat ja \u00fcmarad nurgad teevad Lazaro s\u00f6\u00f6gilaua mugavaks kuni kuuele inimesele. Olgu see siis peres\u00f6\u00f6k v\u00f5i vabaaja koosviibimine, see pakub teie koju nii praktilisust kui ka elegantsi.<\/p>\n<h4>Taani disain ajatu Skandinaavia stiili jaoks<\/h4>\n<p>Taani disainist inspireeritud laud kehastab Skandinaavia minimalismi oma puhastatud joonte ja looduslike materjalidega. Selle vormi ja funktsiooni kombinatsioon tagab mitmek\u00fclgse ja ajatu lisanduse teie s\u00f6\u00f6gialale.<\/p>\n<h4>Omadused<\/h4>\n<ul>\n<li>Ristk\u00fclikukujuline s\u00f6\u00f6gilaud Lazaro, valge pigmenteeritud tamme spoonviimistlus<\/li>\n<li>Pehme pigmenteerimine, mis r\u00f5hutab loomulikku tekstuuri ja mustrit<\/li>\n<li>Dekoratiivsed liistjalad visuaalse huvi ja stabiilsuse tagamiseks<\/li>\n<li>Ristk\u00fclikukujuline lauaplaat \u00fcmarate nurkadega pehme profiili jaoks<\/li>\n<li>M\u00f5eldud kuni 6 inimesele, ideaalne kokkusaamisteks ja peres\u00f6\u00f6kideks<\/li>\n<li>Taani disain Skandinaavia inspireeritud esteetikaks<\/li>\n<\/ul>\n","protected":false},"excerpt":{"rendered":"<p>S\u00f6\u00f6gilaud Lazaro, 6 kohaga, valge pigmenteeritud tamme viimistlusega, ristk\u00fclikukujuline, liistjalad \u2013 220 cm Ristk\u00fclikukujuline s\u00f6\u00f6gilaud Lazaro, valmistatud valge pigmenteeritud tamme spoonist, toob esile puidu loomuliku tekstuuri ja mustri. Peen &#8220;v\u00e4lja pestud&#8221; efekt lisab teie s\u00f6\u00f6gialale modernset ja \u00f5hulist omadust, mis sobib ideaalselt heledatesse ja kaasaegsetesse interj\u00f6\u00f6ridesse. Dekoratiivsed liistjalad stiilseks toetuseks Laud koosneb dekoratiivsetest liistjalgadest, mis [&hellip;]<\/p>\n","protected":false},"featured_media":51363,"comment_status":"closed","ping_status":"closed","template":"","meta":[],"product_brand":[],"product_cat":[93],"product_tag":[],"class_list":{"0":"post-51362","1":"product","2":"type-product","3":"status-publish","4":"has-post-thumbnail","6":"product_cat-soogilauad","7":"product_shipping_class-furnicher","8":"pa_istekohtade-arv-kuni-6","9":"pa_kollektsioon-lazaro","10":"pa_laua-korgus-1190","11":"pa_laua-pikkus-1202","12":"pa_materjal-puit","13":"pa_varv-naturaalne","15":"first","16":"instock","17":"sale","18":"taxable","19":"shipping-taxable","20":"purchasable","21":"product-type-simple"},"_links":{"self":[{"href":"https:\/\/blankpage.ee\/_ruumist-ruumi\/wp-json\/wp\/v2\/product\/51362","targetHints":{"allow":["GET"]}}],"collection":[{"href":"https:\/\/blankpage.ee\/_ruumist-ruumi\/wp-json\/wp\/v2\/product"}],"about":[{"href":"https:\/\/blankpage.ee\/_ruumist-ruumi\/wp-json\/wp\/v2\/types\/product"}],"replies":[{"embeddable":true,"href":"https:\/\/blankpage.ee\/_ruumist-ruumi\/wp-json\/wp\/v2\/comments?post=51362"}],"wp:featuredmedia":[{"embeddable":true,"href":"https:\/\/blankpage.ee\/_ruumist-ruumi\/wp-json\/wp\/v2\/media\/51363"}],"wp:attachment":[{"href":"https:\/\/blankpage.ee\/_ruumist-ruumi\/wp-json\/wp\/v2\/media?parent=51362"}],"wp:term":[{"taxonomy":"product_brand","embeddable":true,"href":"https:\/\/blankpage.ee\/_ruumist-ruumi\/wp-json\/wp\/v2\/product_brand?post=51362"},{"taxonomy":"product_cat","embeddable":true,"href":"https:\/\/blankpage.ee\/_ruumist-ruumi\/wp-json\/wp\/v2\/product_cat?post=51362"},{"taxonomy":"product_tag","embeddable":true,"href":"https:\/\/blankpage.ee\/_ruumist-ruumi\/wp-json\/wp\/v2\/product_tag?post=51362"}],"curies":[{"name":"wp","href":"https:\/\/api.w.org\/{rel}","templated":true}]}}