{"id":51372,"date":"2024-12-18T11:15:16","date_gmt":"2024-12-18T11:15:16","guid":{"rendered":"https:\/\/ruumistruumi.ee\/pood\/soogilaud-lyla-must-mdf-ja-metallist-raam\/"},"modified":"2025-08-20T21:48:03","modified_gmt":"2025-08-20T21:48:03","slug":"soogilaud-lyla-must-mdf-ja-metallist-raam","status":"publish","type":"product","link":"https:\/\/blankpage.ee\/_ruumist-ruumi\/pood\/soogilaud-lyla-must-mdf-ja-metallist-raam\/","title":{"rendered":"S\u00f6\u00f6gilaud Lyla, must MDF ja metallist raam"},"content":{"rendered":"<h2>Kaasaegne s\u00f6\u00f6gilaud<\/h2>\n<p>See s\u00f6\u00f6gilaud on \u0161ikk ja modernne t\u00e4iendus igasse eluruumi, mis paistab silma puhaste joonte ja kerge konstruktsiooniga. Pulberv\u00e4rvitud metallist jalad hoiavad \u00fcleval musta saarepuu lauda.<\/p>\n<h4>Stiilne ja funktsionaalne disain<\/h4>\n<p>Andke kaasaegsele s\u00f6\u00f6gilauale teie s\u00f6\u00f6gitoas v\u00e4\u00e4riline t\u00e4helepanu. Selle elegantne disain sobitub sujuvalt kaasaegsetesse interj\u00f6\u00f6ridesse, pakkudes keskpunkti, mis \u00fchendab endas stiili ja funktsiooni. Must saarepuu lauaplaat lisab rafineeritud puudutuse, samas kui pulberv\u00e4rvitud metallist jalad tagavad vastupidavuse ja stabiilsuse.<\/p>\n<h4>Ideaalne meelelahutuseks<\/h4>\n<p>See s\u00f6\u00f6gilaud sobib suurep\u00e4raselt \u00f5htus\u00f6\u00f6mingute ja peres\u00fcndmuste korraldamiseks. See mahutab mugavalt kuni 8 inimest, pakkudes piisavalt ruumi s\u00f6\u00f6gikordadeks ja vestlusteks. Lihtne hooldus t\u00e4hendab, et saate seda hoida laitmatuna v\u00e4hese vaevaga, muutes selle praktiliseks valikuks kiire elutempoga majapidamistes.<\/p>\n<h4>Omadused<\/h4>\n<ul>\n<li>Puhas joon ja kerge struktuur<\/li>\n<li>Musta saarepuu ilmega lauaplaat<\/li>\n<li>Pulberv\u00e4rvitud metallist jalad<\/li>\n<li>K\u00fclm ja moodne s\u00f6\u00f6gilaud<\/li>\n<li>Lihtne hooldada<\/li>\n<li>Mahutab mugavalt kuni 8 inimest<\/li>\n<\/ul>\n","protected":false},"excerpt":{"rendered":"<p>Kaasaegne s\u00f6\u00f6gilaud See s\u00f6\u00f6gilaud on \u0161ikk ja modernne t\u00e4iendus igasse eluruumi, mis paistab silma puhaste joonte ja kerge konstruktsiooniga. Pulberv\u00e4rvitud metallist jalad hoiavad \u00fcleval musta saarepuu lauda. Stiilne ja funktsionaalne disain Andke kaasaegsele s\u00f6\u00f6gilauale teie s\u00f6\u00f6gitoas v\u00e4\u00e4riline t\u00e4helepanu. Selle elegantne disain sobitub sujuvalt kaasaegsetesse interj\u00f6\u00f6ridesse, pakkudes keskpunkti, mis \u00fchendab endas stiili ja funktsiooni. Must saarepuu [&hellip;]<\/p>\n","protected":false},"featured_media":51373,"comment_status":"closed","ping_status":"open","template":"","meta":[],"product_brand":[],"product_cat":[93],"product_tag":[],"class_list":{"0":"post-51372","1":"product","2":"type-product","3":"status-publish","4":"has-post-thumbnail","6":"product_cat-soogilauad","7":"product_shipping_class-furnicher","8":"pa_istekohtade-arv-kuni-6","9":"pa_kollektsioon-lyla","10":"pa_laua-korgus-1193","11":"pa_laua-pikkus-1192","12":"pa_materjal-puit","13":"pa_varv-must","15":"first","16":"outofstock","17":"sale","18":"taxable","19":"shipping-taxable","20":"purchasable","21":"product-type-simple"},"_links":{"self":[{"href":"https:\/\/blankpage.ee\/_ruumist-ruumi\/wp-json\/wp\/v2\/product\/51372","targetHints":{"allow":["GET"]}}],"collection":[{"href":"https:\/\/blankpage.ee\/_ruumist-ruumi\/wp-json\/wp\/v2\/product"}],"about":[{"href":"https:\/\/blankpage.ee\/_ruumist-ruumi\/wp-json\/wp\/v2\/types\/product"}],"replies":[{"embeddable":true,"href":"https:\/\/blankpage.ee\/_ruumist-ruumi\/wp-json\/wp\/v2\/comments?post=51372"}],"wp:featuredmedia":[{"embeddable":true,"href":"https:\/\/blankpage.ee\/_ruumist-ruumi\/wp-json\/wp\/v2\/media\/51373"}],"wp:attachment":[{"href":"https:\/\/blankpage.ee\/_ruumist-ruumi\/wp-json\/wp\/v2\/media?parent=51372"}],"wp:term":[{"taxonomy":"product_brand","embeddable":true,"href":"https:\/\/blankpage.ee\/_ruumist-ruumi\/wp-json\/wp\/v2\/product_brand?post=51372"},{"taxonomy":"product_cat","embeddable":true,"href":"https:\/\/blankpage.ee\/_ruumist-ruumi\/wp-json\/wp\/v2\/product_cat?post=51372"},{"taxonomy":"product_tag","embeddable":true,"href":"https:\/\/blankpage.ee\/_ruumist-ruumi\/wp-json\/wp\/v2\/product_tag?post=51372"}],"curies":[{"name":"wp","href":"https:\/\/api.w.org\/{rel}","templated":true}]}}