{"id":51383,"date":"2024-12-18T11:15:16","date_gmt":"2024-12-18T11:15:16","guid":{"rendered":"https:\/\/ruumistruumi.ee\/pood\/pikendatav-soogilaud-melody-hele-tamm\/"},"modified":"2025-08-20T21:48:07","modified_gmt":"2025-08-20T21:48:07","slug":"pikendatav-soogilaud-melody-hele-tamm","status":"publish","type":"product","link":"https:\/\/blankpage.ee\/_ruumist-ruumi\/pood\/pikendatav-soogilaud-melody-hele-tamm\/","title":{"rendered":"Pikendatav s\u00f6\u00f6gilaud Melody, hele tamm"},"content":{"rendered":"<h2>Pikendatav ristk\u00fclikukujuline s\u00f6\u00f6gilaud Melody, hele tamm, kuni 8-le inimesele &#8211; 200 cm<\/h2>\n<p>S\u00f6\u00f6gilaud Melody, hele tamm, \u00fchendab endas puhta, minimalistliku disaini ja funktsionaalse paigutuse, olles t\u00e4iuslik keskpunkt skandinaavia ja modernses kodus. Selle valge pigmendiga tammevineeri viimistlus toob esile puidu loomuliku tekstuuri pehme ja kutsuva v\u00e4limuse saavutamiseks.<\/p>\n<h4>Kuni 8 kohta, laiendatav kuni 12-ni<\/h4>\n<p>Laud on loodud mahutama mugavalt kuni 8 inimest, kuid koos sobiva Melody pikendusplaadiga saab seda laiendada, et mahutada kuni 12 inimest. See mitmek\u00fclgsus teeb laua ideaalseks peres\u00f6\u00f6gikordadeks, kogunemisteks v\u00f5i erilisteks s\u00fcndmusteks, tagades alati valmisoleku lisa k\u00fclaliste jaoks.<\/p>\n<h4>Tammevineerist lauaplaat koos elegantsete ja vastupidavate jalgadega<\/h4>\n<p>Ristk\u00fclikukujuline lauaplaat on vastupidava tammevineerist pinnaga, mida t\u00e4iustab selle valge pigmendiga viimistlus ajatu atraktiivsuse s\u00e4ilitamiseks. Saledad ja vastupidavad tammejalad toetavad lauda, tuues kokku praktilisuse ja elegantsuse, mis kindlustavad selle igaveseks kohaks teie s\u00f6\u00f6giruumis.<\/p>\n<h4>Minimalistlik esteetika koos puhta v\u00e4ljan\u00e4gemisega<\/h4>\n<p>Minimalistliku disainiga Melody s\u00f6\u00f6gilaud sulandub sujuvalt erinevate sisustusstiilidega. Selle tagasihoidlik elegants ja puhtad jooned loovad harmoonilise atmosf\u00e4\u00e4ri, muutes selle mitmek\u00fclgseks valikuks nii juhuslikus kui ametlikus keskkonnas.<\/p>\n<h4>Omadused<\/h4>\n<ul>\n<li>Ristk\u00fclikukujuline s\u00f6\u00f6gilaud valge pigmendiga tammevineeri viimistlusega<\/li>\n<li>Kuni 8 inimest, sobib Melody pikendusplaadiga kuni 12 inimeseni<\/li>\n<li>Tammevineerist lauaplaat puhta ja ajatu v\u00e4limusega<\/li>\n<li>Elegantne ja vastupidav tammejalg usaldusv\u00e4\u00e4rse toe tagamiseks<\/li>\n<li>Minimalistlik disain sobib skandinaavia ja modernsesse sisekujundusse<\/li>\n<\/ul>\n","protected":false},"excerpt":{"rendered":"<p>Pikendatav ristk\u00fclikukujuline s\u00f6\u00f6gilaud Melody, hele tamm, kuni 8-le inimesele &#8211; 200 cm S\u00f6\u00f6gilaud Melody, hele tamm, \u00fchendab endas puhta, minimalistliku disaini ja funktsionaalse paigutuse, olles t\u00e4iuslik keskpunkt skandinaavia ja modernses kodus. Selle valge pigmendiga tammevineeri viimistlus toob esile puidu loomuliku tekstuuri pehme ja kutsuva v\u00e4limuse saavutamiseks. Kuni 8 kohta, laiendatav kuni 12-ni Laud on loodud [&hellip;]<\/p>\n","protected":false},"featured_media":51384,"comment_status":"closed","ping_status":"closed","template":"","meta":[],"product_brand":[],"product_cat":[93],"product_tag":[],"class_list":{"0":"post-51383","1":"product","2":"type-product","3":"status-publish","4":"has-post-thumbnail","6":"product_cat-soogilauad","7":"product_shipping_class-furnicher","8":"pa_istekohtade-arv-kuni-8","9":"pa_laua-korgus-75-3","10":"pa_laua-pikkus-1187","11":"pa_materjal-puit","12":"pa_varv-naturaalne","14":"first","15":"outofstock","16":"sale","17":"taxable","18":"shipping-taxable","19":"purchasable","20":"product-type-simple"},"_links":{"self":[{"href":"https:\/\/blankpage.ee\/_ruumist-ruumi\/wp-json\/wp\/v2\/product\/51383","targetHints":{"allow":["GET"]}}],"collection":[{"href":"https:\/\/blankpage.ee\/_ruumist-ruumi\/wp-json\/wp\/v2\/product"}],"about":[{"href":"https:\/\/blankpage.ee\/_ruumist-ruumi\/wp-json\/wp\/v2\/types\/product"}],"replies":[{"embeddable":true,"href":"https:\/\/blankpage.ee\/_ruumist-ruumi\/wp-json\/wp\/v2\/comments?post=51383"}],"wp:featuredmedia":[{"embeddable":true,"href":"https:\/\/blankpage.ee\/_ruumist-ruumi\/wp-json\/wp\/v2\/media\/51384"}],"wp:attachment":[{"href":"https:\/\/blankpage.ee\/_ruumist-ruumi\/wp-json\/wp\/v2\/media?parent=51383"}],"wp:term":[{"taxonomy":"product_brand","embeddable":true,"href":"https:\/\/blankpage.ee\/_ruumist-ruumi\/wp-json\/wp\/v2\/product_brand?post=51383"},{"taxonomy":"product_cat","embeddable":true,"href":"https:\/\/blankpage.ee\/_ruumist-ruumi\/wp-json\/wp\/v2\/product_cat?post=51383"},{"taxonomy":"product_tag","embeddable":true,"href":"https:\/\/blankpage.ee\/_ruumist-ruumi\/wp-json\/wp\/v2\/product_tag?post=51383"}],"curies":[{"name":"wp","href":"https:\/\/api.w.org\/{rel}","templated":true}]}}