{"id":51413,"date":"2024-12-18T11:15:38","date_gmt":"2024-12-18T11:15:38","guid":{"rendered":"https:\/\/ruumistruumi.ee\/pood\/soogilaud-omen-design-hall-puit-220-cm\/"},"modified":"2025-08-20T21:47:50","modified_gmt":"2025-08-20T21:47:50","slug":"soogilaud-omen-design-hall-puit-220-cm","status":"publish","type":"product","link":"https:\/\/blankpage.ee\/_ruumist-ruumi\/pood\/soogilaud-omen-design-hall-puit-220-cm\/","title":{"rendered":"S\u00f6\u00f6gilaud Omen Design, hall puit, 220 cm"},"content":{"rendered":"<h2>S\u00f6\u00f6gilaud Omen Design: Halli puidu elegants<\/h2>\n<p>Tutvustame Omen Design s\u00f6\u00f6gilauda, mis on vapustav t\u00e4iendus igale modernsele interj\u00f6\u00f6rile. Valmistatud elegantsest hallist puidust, \u00fchendab see 220 cm laud kaasaegse stiili praktilise funktsionaalsusega, muutes selle t\u00e4iuslikuks keskpunktiks teie s\u00f6\u00f6gitoas v\u00f5i k\u00f6\u00f6gis.<\/p>\n<h4>Eristuv disain<\/h4>\n<p>Sellel s\u00f6\u00f6gilaual on unikaalne ja stiilne disain, mis sobib ideaalselt ruumi esteetika t\u00e4iustamiseks. Selle avar pind ja puhtad jooned lisavad teie ruumile modernset elegantsi.<\/p>\n<h4>Disain s\u00f6\u00f6gilaud<\/h4>\n<p>Olenemata sellest, kas soovite oma s\u00f6\u00f6giala t\u00f5sta v\u00f5i lisada oma \u00e4rikeskkonda peenet elementi, selle laua mitmek\u00fclgne disain teeb sellest ideaalse valiku. Elegantne halli puidu viimistlus t\u00e4iendab erinevaid sisekujundusstiile, alates minimalistlikust kuni kaasaegseni.<\/p>\n<h4>Omadused<\/h4>\n<ul>\n<li>K\u00f5rgekvaliteetne halli puidu konstruktsioon<\/li>\n<li>Stiilne ja eristuv disain<\/li>\n<li>Ideaalne kaasaegsete ja minimalistlike interj\u00f6\u00f6ride jaoks<\/li>\n<li>Sobib nii elamute kui ka \u00e4ripindade jaoks<\/li>\n<li>Avatud 220 cm pindala s\u00f6\u00f6giks ja k\u00fclaliste vastuv\u00f5tuks<\/li>\n<\/ul>\n","protected":false},"excerpt":{"rendered":"<p>S\u00f6\u00f6gilaud Omen Design: Halli puidu elegants Tutvustame Omen Design s\u00f6\u00f6gilauda, mis on vapustav t\u00e4iendus igale modernsele interj\u00f6\u00f6rile. Valmistatud elegantsest hallist puidust, \u00fchendab see 220 cm laud kaasaegse stiili praktilise funktsionaalsusega, muutes selle t\u00e4iuslikuks keskpunktiks teie s\u00f6\u00f6gitoas v\u00f5i k\u00f6\u00f6gis. Eristuv disain Sellel s\u00f6\u00f6gilaual on unikaalne ja stiilne disain, mis sobib ideaalselt ruumi esteetika t\u00e4iustamiseks. Selle avar [&hellip;]<\/p>\n","protected":false},"featured_media":51414,"comment_status":"closed","ping_status":"open","template":"","meta":[],"product_brand":[],"product_cat":[93],"product_tag":[],"class_list":{"0":"post-51413","1":"product","2":"type-product","3":"status-publish","4":"has-post-thumbnail","6":"product_cat-soogilauad","7":"product_shipping_class-furnicher","8":"pa_istekohtade-arv-kuni-6","9":"pa_kollektsioon-omen","10":"pa_laua-korgus-1188","11":"pa_laua-pikkus-1189","12":"pa_materjal-puit","13":"pa_varv-hall","15":"first","16":"outofstock","17":"sale","18":"taxable","19":"shipping-taxable","20":"purchasable","21":"product-type-simple"},"_links":{"self":[{"href":"https:\/\/blankpage.ee\/_ruumist-ruumi\/wp-json\/wp\/v2\/product\/51413","targetHints":{"allow":["GET"]}}],"collection":[{"href":"https:\/\/blankpage.ee\/_ruumist-ruumi\/wp-json\/wp\/v2\/product"}],"about":[{"href":"https:\/\/blankpage.ee\/_ruumist-ruumi\/wp-json\/wp\/v2\/types\/product"}],"replies":[{"embeddable":true,"href":"https:\/\/blankpage.ee\/_ruumist-ruumi\/wp-json\/wp\/v2\/comments?post=51413"}],"wp:featuredmedia":[{"embeddable":true,"href":"https:\/\/blankpage.ee\/_ruumist-ruumi\/wp-json\/wp\/v2\/media\/51414"}],"wp:attachment":[{"href":"https:\/\/blankpage.ee\/_ruumist-ruumi\/wp-json\/wp\/v2\/media?parent=51413"}],"wp:term":[{"taxonomy":"product_brand","embeddable":true,"href":"https:\/\/blankpage.ee\/_ruumist-ruumi\/wp-json\/wp\/v2\/product_brand?post=51413"},{"taxonomy":"product_cat","embeddable":true,"href":"https:\/\/blankpage.ee\/_ruumist-ruumi\/wp-json\/wp\/v2\/product_cat?post=51413"},{"taxonomy":"product_tag","embeddable":true,"href":"https:\/\/blankpage.ee\/_ruumist-ruumi\/wp-json\/wp\/v2\/product_tag?post=51413"}],"curies":[{"name":"wp","href":"https:\/\/api.w.org\/{rel}","templated":true}]}}