{"id":51432,"date":"2024-12-18T11:15:38","date_gmt":"2024-12-18T11:15:38","guid":{"rendered":"https:\/\/ruumistruumi.ee\/pood\/soogilaud-saulo-ovaalne-tumepruun-180-cm\/"},"modified":"2025-08-20T21:47:57","modified_gmt":"2025-08-20T21:47:57","slug":"soogilaud-saulo-ovaalne-tumepruun-180-cm","status":"publish","type":"product","link":"https:\/\/blankpage.ee\/_ruumist-ruumi\/pood\/soogilaud-saulo-ovaalne-tumepruun-180-cm\/","title":{"rendered":"S\u00f6\u00f6gilaud Saulo ovaalne, tumepruun, 180 cm"},"content":{"rendered":"<h2>S\u00f6\u00f6gilaud Saulo ovaalne 180 cm, tumepruun<\/h2>\n<p>S\u00f6\u00f6gilaud Saulo ovaalne on stiilne ja moodne m\u00f6\u00f6bliese, mis rikastab teie eluruumi. Detailidele p\u00f6\u00f6ratud t\u00e4helepanu abil valmistatud v\u00e4ike s\u00f6\u00f6gilaud pakub erakordset mugavust ja rafineeritust.<\/p>\n<h4>Elegantne disain ja mugavus<\/h4>\n<p>See v\u00e4ike Saulo ovaalne s\u00f6\u00f6gilaud tumepruunis pakub elegantsi ja mugavuse kombinatsiooni, muutes selle ideaalseks lisanduseks igasse ruumi. Looge stiilne ja mugav s\u00f6\u00f6gituba ning lisage Saulo s\u00f6\u00f6gilaud, et nautida \u00f5htus\u00f6\u00f6ki koos k\u00fclalistega.<\/p>\n<h4>Ideaalne igasse ruumi<\/h4>\n<p>Kas soovite uuendada oma s\u00f6\u00f6gituba v\u00f5i k\u00f6\u00f6giala, Saulo ovaalne s\u00f6\u00f6gilaud sobitub vaevata igasse sisekujunduse stiili. Selle mitmek\u00fclgne disain t\u00e4iendab nii kaasaegseid kui ka klassikalisi interj\u00f6\u00f6re.<\/p>\n<h4>Omadused<\/h4>\n<ul>\n<li>Luksuslik tumepruun viimistlus<\/li>\n<li>Kauakestev ja kvaliteetne konstruktsioon<\/li>\n<li>Disainitud nii mugavuse kui ka stiili jaoks<\/li>\n<li>Ideaalne t\u00e4iendus elutubadesse, magamistubadesse ja kontoritesse<\/li>\n<li>Lihtne puhastada ja hooldada<\/li>\n<\/ul>\n<p>Otsite stiilset ja praktilist s\u00f6\u00f6gilauda? Siis on Saulo just teile. See laud, oma ainulaadse ovaalse disainiga, on otse Skandinaavia stiiliraamatust! Saulo pakub kolme suuruse valikut. Kas valite hubase ja kompaktse variandi, mille pikkus on 180 cm? V\u00f5i eelistate pigem avarat ja kutsuvat suurust 200 v\u00f5i 230 cm? Alati leidub t\u00e4iuslik suurus teie s\u00f6\u00f6gituppa. Saulo puhul saate valida ka kahe atraktiivse v\u00e4rvi vahel. Mis teeb selle laua t\u00f5eliselt eriliseks, on selle jalad. Need ei ole mitte ainult vastupidavad, vaid ka kauni ribimustriga. See annab lauale lisaks erilise elegantsi. \u00dches\u00f5naga: Saulo \u00fchendab disaini ja funktsionaalsuse. See on t\u00e4iuslik laud, et koguneda ning nautida einet koos pere ja s\u00f5pradega.<\/p>\n","protected":false},"excerpt":{"rendered":"<p>S\u00f6\u00f6gilaud Saulo ovaalne 180 cm, tumepruun S\u00f6\u00f6gilaud Saulo ovaalne on stiilne ja moodne m\u00f6\u00f6bliese, mis rikastab teie eluruumi. Detailidele p\u00f6\u00f6ratud t\u00e4helepanu abil valmistatud v\u00e4ike s\u00f6\u00f6gilaud pakub erakordset mugavust ja rafineeritust. Elegantne disain ja mugavus See v\u00e4ike Saulo ovaalne s\u00f6\u00f6gilaud tumepruunis pakub elegantsi ja mugavuse kombinatsiooni, muutes selle ideaalseks lisanduseks igasse ruumi. Looge stiilne ja mugav [&hellip;]<\/p>\n","protected":false},"featured_media":51433,"comment_status":"closed","ping_status":"open","template":"","meta":[],"product_brand":[],"product_cat":[93],"product_tag":[],"class_list":{"0":"post-51432","1":"product","2":"type-product","3":"status-publish","4":"has-post-thumbnail","6":"product_cat-soogilauad","7":"product_shipping_class-furnicher","8":"pa_istekohtade-arv-kuni-6","9":"pa_kollektsioon-saulo","10":"pa_laua-korgus-1186","11":"pa_laua-pikkus-1187","12":"pa_materjal-puit","13":"pa_varv-tume-puit","15":"first","16":"outofstock","17":"sale","18":"taxable","19":"shipping-taxable","20":"purchasable","21":"product-type-simple"},"_links":{"self":[{"href":"https:\/\/blankpage.ee\/_ruumist-ruumi\/wp-json\/wp\/v2\/product\/51432","targetHints":{"allow":["GET"]}}],"collection":[{"href":"https:\/\/blankpage.ee\/_ruumist-ruumi\/wp-json\/wp\/v2\/product"}],"about":[{"href":"https:\/\/blankpage.ee\/_ruumist-ruumi\/wp-json\/wp\/v2\/types\/product"}],"replies":[{"embeddable":true,"href":"https:\/\/blankpage.ee\/_ruumist-ruumi\/wp-json\/wp\/v2\/comments?post=51432"}],"wp:featuredmedia":[{"embeddable":true,"href":"https:\/\/blankpage.ee\/_ruumist-ruumi\/wp-json\/wp\/v2\/media\/51433"}],"wp:attachment":[{"href":"https:\/\/blankpage.ee\/_ruumist-ruumi\/wp-json\/wp\/v2\/media?parent=51432"}],"wp:term":[{"taxonomy":"product_brand","embeddable":true,"href":"https:\/\/blankpage.ee\/_ruumist-ruumi\/wp-json\/wp\/v2\/product_brand?post=51432"},{"taxonomy":"product_cat","embeddable":true,"href":"https:\/\/blankpage.ee\/_ruumist-ruumi\/wp-json\/wp\/v2\/product_cat?post=51432"},{"taxonomy":"product_tag","embeddable":true,"href":"https:\/\/blankpage.ee\/_ruumist-ruumi\/wp-json\/wp\/v2\/product_tag?post=51432"}],"curies":[{"name":"wp","href":"https:\/\/api.w.org\/{rel}","templated":true}]}}