{"id":51448,"date":"2024-12-18T11:15:38","date_gmt":"2024-12-18T11:15:38","guid":{"rendered":"https:\/\/ruumistruumi.ee\/pood\/soogilaud-saulo-ovaalne-tumepruun-230-cm\/"},"modified":"2025-08-20T21:48:00","modified_gmt":"2025-08-20T21:48:00","slug":"soogilaud-saulo-ovaalne-tumepruun-230-cm","status":"publish","type":"product","link":"https:\/\/blankpage.ee\/_ruumist-ruumi\/pood\/soogilaud-saulo-ovaalne-tumepruun-230-cm\/","title":{"rendered":"S\u00f6\u00f6gilaud Saulo ovaalne, tumepruun, 230 cm"},"content":{"rendered":"<h2>Ovaalne s\u00f6\u00f6gilaud Saulo 230 cm tumepruun<\/h2>\n<p>Ovaalne s\u00f6\u00f6gilaud Saulo on stiilne ja moodne m\u00f6\u00f6bliese, mis on loodud teie eluruumi t\u00e4iendamiseks. Detailidele p\u00f6\u00f6ratud t\u00e4helepanuga valmistatud suur s\u00f6\u00f6gilaud pakub v\u00f5rratut mugavust ja rafineeritust.<\/p>\n<h4>Elegantne disain ja mugavus<\/h4>\n<p>See suur ovaalne s\u00f6\u00f6gilaud Saulo tumepruunis toonis pakub elegantsi ja mugavuse kombinatsiooni, olles ideaalne t\u00e4iendus igasse ruumi. Looge stiilne ja mugav s\u00f6\u00f6giala ning naudige \u00f5htus\u00f6\u00f6ke oma k\u00fclalistega koos Saulo s\u00f6\u00f6gilauaga.<\/p>\n<h4>Ideaalne igasse ruumi<\/h4>\n<p>Olenemata sellest, kas soovite uuendada oma s\u00f6\u00f6gituba v\u00f5i k\u00f6\u00f6giala, Saulo ovaalne s\u00f6\u00f6gilaud sulandub pingutuseta igasuguse sisekujundusstiiliga. Selle mitmek\u00fclgne disain t\u00e4iendab nii kaasaegset kui ka klassikalist interj\u00f6\u00f6ri.<\/p>\n<h4>Omadused<\/h4>\n<ul>\n<li>Luksuslik tumepruun viimistlus<\/li>\n<li>Kestev ja kvaliteetne konstruktsioon<\/li>\n<li>Disainitud nii mugavuse kui ka stiili jaoks<\/li>\n<li>Ideaalne t\u00e4iendus elutuppa, magamistuppa ja kontorisse<\/li>\n<li>Lihtne puhastada ja hooldada<\/li>\n<\/ul>\n<p>Otsite stiilset ja praktilist s\u00f6\u00f6gilauda? Siis on Saulo just teile sobiv valik. See laud, oma unikaalse ovaalse disainiga, on otse Skandinaavia stiiliraamatust! Saulo pakub valikut kolmes suuruses. Kas eelistate hubast ja kompaktset 180 cm v\u00f5i pigem avarat ja kutsuvat 200 v\u00f5i 230 cm? Alati leidub suurus, mis sobib ideaalselt teie s\u00f6\u00f6gituppa. Saulo puhul saate valida ka kahe atraktiivse v\u00e4rvi vahel. Mis t\u00f5esti teeb selle laua eriliseks, on selle jalg. See on mitte ainult tugev, vaid ka ilusa ribimustriga. See annab lauale lisav\u00e4\u00e4rtuse. L\u00fchidalt: Saulo \u00fchendab disaini ja funktsionaalsuse. See on ideaalne laud, et koguneda ja s\u00f6\u00f6ki nautida.<\/p>\n","protected":false},"excerpt":{"rendered":"<p>Ovaalne s\u00f6\u00f6gilaud Saulo 230 cm tumepruun Ovaalne s\u00f6\u00f6gilaud Saulo on stiilne ja moodne m\u00f6\u00f6bliese, mis on loodud teie eluruumi t\u00e4iendamiseks. Detailidele p\u00f6\u00f6ratud t\u00e4helepanuga valmistatud suur s\u00f6\u00f6gilaud pakub v\u00f5rratut mugavust ja rafineeritust. Elegantne disain ja mugavus See suur ovaalne s\u00f6\u00f6gilaud Saulo tumepruunis toonis pakub elegantsi ja mugavuse kombinatsiooni, olles ideaalne t\u00e4iendus igasse ruumi. Looge stiilne ja [&hellip;]<\/p>\n","protected":false},"featured_media":51449,"comment_status":"closed","ping_status":"open","template":"","meta":[],"product_brand":[],"product_cat":[93],"product_tag":[],"class_list":{"0":"post-51448","1":"product","2":"type-product","3":"status-publish","4":"has-post-thumbnail","6":"product_cat-soogilauad","7":"product_shipping_class-furnicher","8":"pa_istekohtade-arv-kuni-8","9":"pa_kollektsioon-saulo","10":"pa_laua-korgus-1186","11":"pa_laua-pikkus-1189","12":"pa_materjal-puit","13":"pa_varv-tume-puit","15":"first","16":"outofstock","17":"sale","18":"taxable","19":"shipping-taxable","20":"purchasable","21":"product-type-simple"},"_links":{"self":[{"href":"https:\/\/blankpage.ee\/_ruumist-ruumi\/wp-json\/wp\/v2\/product\/51448","targetHints":{"allow":["GET"]}}],"collection":[{"href":"https:\/\/blankpage.ee\/_ruumist-ruumi\/wp-json\/wp\/v2\/product"}],"about":[{"href":"https:\/\/blankpage.ee\/_ruumist-ruumi\/wp-json\/wp\/v2\/types\/product"}],"replies":[{"embeddable":true,"href":"https:\/\/blankpage.ee\/_ruumist-ruumi\/wp-json\/wp\/v2\/comments?post=51448"}],"wp:featuredmedia":[{"embeddable":true,"href":"https:\/\/blankpage.ee\/_ruumist-ruumi\/wp-json\/wp\/v2\/media\/51449"}],"wp:attachment":[{"href":"https:\/\/blankpage.ee\/_ruumist-ruumi\/wp-json\/wp\/v2\/media?parent=51448"}],"wp:term":[{"taxonomy":"product_brand","embeddable":true,"href":"https:\/\/blankpage.ee\/_ruumist-ruumi\/wp-json\/wp\/v2\/product_brand?post=51448"},{"taxonomy":"product_cat","embeddable":true,"href":"https:\/\/blankpage.ee\/_ruumist-ruumi\/wp-json\/wp\/v2\/product_cat?post=51448"},{"taxonomy":"product_tag","embeddable":true,"href":"https:\/\/blankpage.ee\/_ruumist-ruumi\/wp-json\/wp\/v2\/product_tag?post=51448"}],"curies":[{"name":"wp","href":"https:\/\/api.w.org\/{rel}","templated":true}]}}