{"id":51529,"date":"2024-12-18T11:16:38","date_gmt":"2024-12-18T11:16:38","guid":{"rendered":"https:\/\/ruumistruumi.ee\/pood\/ummargune-soogilaud-talon-naturaalne-puit-ja-metallist\/"},"modified":"2025-08-20T21:47:27","modified_gmt":"2025-08-20T21:47:27","slug":"ummargune-soogilaud-talon-naturaalne-puit-ja-metallist","status":"publish","type":"product","link":"https:\/\/blankpage.ee\/_ruumist-ruumi\/pood\/ummargune-soogilaud-talon-naturaalne-puit-ja-metallist\/","title":{"rendered":"\u00dcmmargune s\u00f6\u00f6gilaud Talon, naturaalne puit ja metallist."},"content":{"rendered":"<h2>\u00dcmmargune s\u00f6\u00f6gilaud Talon<\/h2>\n<p>\u00dcmmargune s\u00f6\u00f6gilaud Talon, millel on loomulik puidust pealispind ja peen metallist alus, on loodud l\u00f5pututeks s\u00f6\u00f6maaegadeks.<\/p>\n<h4>Elegantne disain kaasaegsetesse kodudesse<\/h4>\n<p>See elegantne s\u00f6\u00f6gilaud \u00fchendab musta avatud raami pjedestaali alumiiniumist aluse ja pruuni poleeritud Emperador marmori t\u00f6\u00f6pinna, luues klassikalise ja kauni v\u00e4ljan\u00e4gemise. See pakub k\u00fcllaldaselt ruumi nauditavaks einestamiseks, tehes sellest suurep\u00e4rase lisanduse igasse koju. Materjalide kombinatsioon tagab nii vastupidavuse kui ka h\u00f5lpsa hooldatavuse.<\/p>\n<h4>Ideaalne intiimseteks koosviibimisteks<\/h4>\n<p>Pruun s\u00f6\u00f6gilaud mahutab mugavalt kuni 4 inimest, tehes sellest sobiva valiku v\u00e4ikesteks koosviibimisteks v\u00f5i pere einestamisteks. Selle tugev ja kaasaegne disain lisab stiilset puudutust igale s\u00f6\u00f6gialale, samas kui matt must metallist alus koos kareda pulberv\u00e4rvitud viimistlusega tagab \u00fchtlase ja \u0161iki v\u00e4limuse.<\/p>\n<h4>Omadused<\/h4>\n<ul>\n<li>V\u00f5imas ja ajatu disain, mis loob suurep\u00e4rase keskpunkti<\/li>\n<li>Pruun poleeritud Emperador marmor<\/li>\n<li>Valmistatud kergesti hooldatavatest materjalidest<\/li>\n<li>Matt must metallist alus kareda pulberv\u00e4rvitud viimistlusega \u00fchtlase v\u00e4limuse jaoks<\/li>\n<li>Lihtne kokkupanek<\/li>\n<li>Mahutab mugavalt kuni 4 inimest<\/li>\n<\/ul>\n","protected":false},"excerpt":{"rendered":"<p>\u00dcmmargune s\u00f6\u00f6gilaud Talon \u00dcmmargune s\u00f6\u00f6gilaud Talon, millel on loomulik puidust pealispind ja peen metallist alus, on loodud l\u00f5pututeks s\u00f6\u00f6maaegadeks. Elegantne disain kaasaegsetesse kodudesse See elegantne s\u00f6\u00f6gilaud \u00fchendab musta avatud raami pjedestaali alumiiniumist aluse ja pruuni poleeritud Emperador marmori t\u00f6\u00f6pinna, luues klassikalise ja kauni v\u00e4ljan\u00e4gemise. See pakub k\u00fcllaldaselt ruumi nauditavaks einestamiseks, tehes sellest suurep\u00e4rase lisanduse igasse [&hellip;]<\/p>\n","protected":false},"featured_media":51530,"comment_status":"closed","ping_status":"open","template":"","meta":[],"product_brand":[],"product_cat":[93],"product_tag":[],"class_list":{"0":"post-51529","1":"product","2":"type-product","3":"status-publish","4":"has-post-thumbnail","6":"product_cat-soogilauad","7":"product_shipping_class-furnicher","8":"pa_istekohtade-arv-kuni-4","9":"pa_kollektsioon-talon","10":"pa_laua-korgus-76-4","11":"pa_laua-pikkus-1195","12":"pa_materjal-puit","13":"pa_varv-naturaalne","15":"first","16":"instock","17":"sale","18":"taxable","19":"shipping-taxable","20":"purchasable","21":"product-type-simple"},"_links":{"self":[{"href":"https:\/\/blankpage.ee\/_ruumist-ruumi\/wp-json\/wp\/v2\/product\/51529","targetHints":{"allow":["GET"]}}],"collection":[{"href":"https:\/\/blankpage.ee\/_ruumist-ruumi\/wp-json\/wp\/v2\/product"}],"about":[{"href":"https:\/\/blankpage.ee\/_ruumist-ruumi\/wp-json\/wp\/v2\/types\/product"}],"replies":[{"embeddable":true,"href":"https:\/\/blankpage.ee\/_ruumist-ruumi\/wp-json\/wp\/v2\/comments?post=51529"}],"wp:featuredmedia":[{"embeddable":true,"href":"https:\/\/blankpage.ee\/_ruumist-ruumi\/wp-json\/wp\/v2\/media\/51530"}],"wp:attachment":[{"href":"https:\/\/blankpage.ee\/_ruumist-ruumi\/wp-json\/wp\/v2\/media?parent=51529"}],"wp:term":[{"taxonomy":"product_brand","embeddable":true,"href":"https:\/\/blankpage.ee\/_ruumist-ruumi\/wp-json\/wp\/v2\/product_brand?post=51529"},{"taxonomy":"product_cat","embeddable":true,"href":"https:\/\/blankpage.ee\/_ruumist-ruumi\/wp-json\/wp\/v2\/product_cat?post=51529"},{"taxonomy":"product_tag","embeddable":true,"href":"https:\/\/blankpage.ee\/_ruumist-ruumi\/wp-json\/wp\/v2\/product_tag?post=51529"}],"curies":[{"name":"wp","href":"https:\/\/api.w.org\/{rel}","templated":true}]}}