{"id":5256,"date":"2024-11-01T09:56:17","date_gmt":"2024-11-01T09:56:17","guid":{"rendered":"https:\/\/ruumistruumi.ee\/pood\/valge-seinapeegel-rimini-white-riw054-paulownia-puidust-mdf-st\/"},"modified":"2025-03-25T20:41:09","modified_gmt":"2025-03-25T20:41:09","slug":"valge-seinapeegel-rimini-white-riw054-lehtpuu-puidust","status":"publish","type":"product","link":"https:\/\/blankpage.ee\/_ruumist-ruumi\/pood\/valge-seinapeegel-rimini-white-riw054-lehtpuu-puidust\/","title":{"rendered":"Valge seinapeegel Rimini White RIW054, lehtpuu puidust"},"content":{"rendered":"<p>Rimini White RIW054 seinapeegel dekoratsioonideks. See elegantne peegel lisab igasse ruumi Provencal stiilis v\u00f5lu, olles samas praktiline ja stiilne sisustuselement. Valge raam koos tumeda pruuni \u00fclemise kaunistusega loob peene kontrasti, mis t\u00e4iendab erinevaid interj\u00f6\u00f6re.<\/p>\n<p>Peegli raam on valmistatud kvaliteetsest Paulownia puidust ja MDF-ist, pakkudes vastupidavust ja esteetilist ilu. Looduslikult pleegitatud spoon, millel on n\u00e4htavad oksakohad, annab peeglile unikaalse ja maal\u00e4hedase v\u00e4limuse. See dekoratiivne element sobib suurep\u00e4raselt nii elutuppa, magamistuppa kui ka esikusse, tuues ruumi avarust ja valgust.<\/p>\n<p>Omadused:<br \/>\n<strong>Materjal:<\/strong> Paulownia puit ja MDF.<br \/>\n<strong>V\u00e4rv:<\/strong> Valge raam, pruun \u00fclemine kaunistus.<br \/>\n<strong>M\u00f5\u00f5tmed:<\/strong> Laius 100 cm, s\u00fcgavus 4 cm, k\u00f5rgus 57 cm.<br \/>\n<strong>T\u00e4iendavad detailid:<\/strong> Looduslik pleegitatud spoon n\u00e4htavate oksakohtadega.<br \/>\n<strong>Kokkupanek:<\/strong> Kokkupandud, ei vaja paigaldust. S\u00e4\u00e4stab aega ja vaeva.<\/p>\n<p>&nbsp;<\/p>\n","protected":false},"excerpt":{"rendered":"<p>Rimini White RIW054 seinapeegel dekoratsioonideks. See elegantne peegel lisab igasse ruumi Provencal stiilis v\u00f5lu, olles samas praktiline ja stiilne sisustuselement. Valge raam koos tumeda pruuni \u00fclemise kaunistusega loob peene kontrasti, mis t\u00e4iendab erinevaid interj\u00f6\u00f6re. Peegli raam on valmistatud kvaliteetsest Paulownia puidust ja MDF-ist, pakkudes vastupidavust ja esteetilist ilu. Looduslikult pleegitatud spoon, millel on n\u00e4htavad oksakohad, [&hellip;]<\/p>\n","protected":false},"featured_media":5257,"comment_status":"open","ping_status":"closed","template":"","meta":[],"product_brand":[],"product_cat":[104],"product_tag":[],"class_list":{"0":"post-5256","1":"product","2":"type-product","3":"status-publish","4":"has-post-thumbnail","6":"product_cat-peeglid","7":"product_shipping_class-livin-hill","8":"pa_kollektsioon-rimini-white","9":"pa_materjal-paulownia-puit","10":"pa_varv-valge","12":"first","13":"outofstock","14":"sale","15":"taxable","16":"shipping-taxable","17":"purchasable","18":"product-type-simple"},"_links":{"self":[{"href":"https:\/\/blankpage.ee\/_ruumist-ruumi\/wp-json\/wp\/v2\/product\/5256","targetHints":{"allow":["GET"]}}],"collection":[{"href":"https:\/\/blankpage.ee\/_ruumist-ruumi\/wp-json\/wp\/v2\/product"}],"about":[{"href":"https:\/\/blankpage.ee\/_ruumist-ruumi\/wp-json\/wp\/v2\/types\/product"}],"replies":[{"embeddable":true,"href":"https:\/\/blankpage.ee\/_ruumist-ruumi\/wp-json\/wp\/v2\/comments?post=5256"}],"wp:featuredmedia":[{"embeddable":true,"href":"https:\/\/blankpage.ee\/_ruumist-ruumi\/wp-json\/wp\/v2\/media\/5257"}],"wp:attachment":[{"href":"https:\/\/blankpage.ee\/_ruumist-ruumi\/wp-json\/wp\/v2\/media?parent=5256"}],"wp:term":[{"taxonomy":"product_brand","embeddable":true,"href":"https:\/\/blankpage.ee\/_ruumist-ruumi\/wp-json\/wp\/v2\/product_brand?post=5256"},{"taxonomy":"product_cat","embeddable":true,"href":"https:\/\/blankpage.ee\/_ruumist-ruumi\/wp-json\/wp\/v2\/product_cat?post=5256"},{"taxonomy":"product_tag","embeddable":true,"href":"https:\/\/blankpage.ee\/_ruumist-ruumi\/wp-json\/wp\/v2\/product_tag?post=5256"}],"curies":[{"name":"wp","href":"https:\/\/api.w.org\/{rel}","templated":true}]}}