{"id":5259,"date":"2024-11-01T09:56:47","date_gmt":"2024-11-01T09:56:47","guid":{"rendered":"https:\/\/ruumistruumi.ee\/pood\/valge-vitriinkapp-latina-la01-paulownia-puidust\/"},"modified":"2025-06-17T08:57:04","modified_gmt":"2025-06-17T08:57:04","slug":"valge-vitriinkapp-latina-la01-lehtpuu-puidust","status":"publish","type":"product","link":"https:\/\/blankpage.ee\/_ruumist-ruumi\/pood\/valge-vitriinkapp-latina-la01-lehtpuu-puidust\/","title":{"rendered":"Valge vitriinkapp Latina LA01, lehtpuu puidust"},"content":{"rendered":"<p>Latina LA01 vitriinkapp elutuppa. See stiilne vitriinkapp klassikalises stiilis toob teie elutuppa ajatu elegantsi. Kapi valge mattviimistlus koos dekoratiivsete messingitooni metallist k\u00e4epidemetega loob harmoonilise ja kutsuva atmosf\u00e4\u00e4ri. Kapi korpus, viimistlus ja soklid on hoolikalt valitud, et r\u00f5hutada selle klassikalist disaini. Kapi alusel on kaunid nikerdused, mis lisavad sellele erilise v\u00f5lu.<\/p>\n<p>Latina LA01 vitriinkapp on praktiline ja stiilne lahendus, mis v\u00f5imaldab eksponeerida teie lemmikesemeid v\u00f5i raamatuid. Kaks avanevat ust ja kolm riiulit pakuvad piisavalt ruumi, et hoida k\u00f5ik vajalik k\u00e4eulatuses. Kapil on metallist k\u00e4epidemed, mis lisavad sellele vastupidavust ja mugavust igap\u00e4evaseks kasutamiseks. See kapp on kokkupandud, ei vaja paigaldust, s\u00e4\u00e4stes teie aega ja vaeva.<\/p>\n<p>Omadused:<br \/>\n<strong>Materjal:<\/strong> Paulownia puit ja MDF.<br \/>\n<strong>V\u00e4rv:<\/strong> Valge, messingitooni metallist k\u00e4epidemed.<br \/>\n<strong>M\u00f5\u00f5tmed:<\/strong> Laius 107 cm, s\u00fcgavus 40 cm, k\u00f5rgus 184 cm.<br \/>\n<strong>T\u00e4iendavad detailid:<\/strong> Kaks ust, kolm riiulit, kokkupandud, ei vaja paigaldust.<\/p>\n<p>&nbsp;<\/p>\n","protected":false},"excerpt":{"rendered":"<p>Latina LA01 vitriinkapp elutuppa. See stiilne vitriinkapp klassikalises stiilis toob teie elutuppa ajatu elegantsi. Kapi valge mattviimistlus koos dekoratiivsete messingitooni metallist k\u00e4epidemetega loob harmoonilise ja kutsuva atmosf\u00e4\u00e4ri. Kapi korpus, viimistlus ja soklid on hoolikalt valitud, et r\u00f5hutada selle klassikalist disaini. Kapi alusel on kaunid nikerdused, mis lisavad sellele erilise v\u00f5lu. Latina LA01 vitriinkapp on praktiline [&hellip;]<\/p>\n","protected":false},"featured_media":5260,"comment_status":"open","ping_status":"closed","template":"","meta":[],"product_brand":[],"product_cat":[73],"product_tag":[],"class_list":{"0":"post-5259","1":"product","2":"type-product","3":"status-publish","4":"has-post-thumbnail","6":"product_cat-vitriinkapid","7":"product_shipping_class-livin-hill","8":"pa_kaepidemed-metall","9":"pa_kollektsioon-latina","10":"pa_materjal-paulownia-puit","11":"pa_riiulite-arv-89","12":"pa_uste-arv-94","13":"pa_varv-valge","15":"first","16":"instock","17":"sale","18":"taxable","19":"shipping-taxable","20":"purchasable","21":"product-type-simple"},"_links":{"self":[{"href":"https:\/\/blankpage.ee\/_ruumist-ruumi\/wp-json\/wp\/v2\/product\/5259","targetHints":{"allow":["GET"]}}],"collection":[{"href":"https:\/\/blankpage.ee\/_ruumist-ruumi\/wp-json\/wp\/v2\/product"}],"about":[{"href":"https:\/\/blankpage.ee\/_ruumist-ruumi\/wp-json\/wp\/v2\/types\/product"}],"replies":[{"embeddable":true,"href":"https:\/\/blankpage.ee\/_ruumist-ruumi\/wp-json\/wp\/v2\/comments?post=5259"}],"wp:featuredmedia":[{"embeddable":true,"href":"https:\/\/blankpage.ee\/_ruumist-ruumi\/wp-json\/wp\/v2\/media\/5260"}],"wp:attachment":[{"href":"https:\/\/blankpage.ee\/_ruumist-ruumi\/wp-json\/wp\/v2\/media?parent=5259"}],"wp:term":[{"taxonomy":"product_brand","embeddable":true,"href":"https:\/\/blankpage.ee\/_ruumist-ruumi\/wp-json\/wp\/v2\/product_brand?post=5259"},{"taxonomy":"product_cat","embeddable":true,"href":"https:\/\/blankpage.ee\/_ruumist-ruumi\/wp-json\/wp\/v2\/product_cat?post=5259"},{"taxonomy":"product_tag","embeddable":true,"href":"https:\/\/blankpage.ee\/_ruumist-ruumi\/wp-json\/wp\/v2\/product_tag?post=5259"}],"curies":[{"name":"wp","href":"https:\/\/api.w.org\/{rel}","templated":true}]}}