{"id":5299,"date":"2024-11-01T09:59:36","date_gmt":"2024-11-01T09:59:36","guid":{"rendered":"https:\/\/ruumistruumi.ee\/pood\/kuldne-kohvilaud-glamour-gl1714-mdf-ja-roostevabast-terasest-jalad\/"},"modified":"2025-04-10T11:57:10","modified_gmt":"2025-04-10T11:57:10","slug":"kuldne-kohvilaud-glamour-gl1714-roostevaba-teras-mdf","status":"publish","type":"product","link":"https:\/\/blankpage.ee\/_ruumist-ruumi\/pood\/kuldne-kohvilaud-glamour-gl1714-roostevaba-teras-mdf\/","title":{"rendered":"Kuldne kohvilaud Glamour GL1714, roostevaba teras, MDF"},"content":{"rendered":"<p>Glamour GL1714 kohvilaud elutuppa. See stiilne kohvilaud lisab teie elutuppa modernset ja glamuurset h\u00f5ngu. Geomeetrilise kujuga kuldne roostevabast terasest raam toetab MDF-plaadist valmistatud kaheksanurkset lauaplaati, mis imiteerib toorest betooni. See ainulaadne disainielement loob ruumis pilkup\u00fc\u00fcdva keskpunkti.<\/p>\n<p>Glamour GL1714 kohvilaud sobib ideaalselt kaasaegsesse elutuppa, pakkudes nii praktilisust kui ka esteetilist v\u00e4\u00e4rtust. MDF-plaadist pealispind on vastupidav ja kergesti hooldatav, samas kui kuldsed jalad lisavad luksuslikku s\u00e4ra. Laua pealispinna tsemendihall toon loob rahuliku ja tasakaalustatud atmosf\u00e4\u00e4ri, mis t\u00e4iendab erinevaid sisekujundusstiile.<\/p>\n<p>Omadused:<br \/>\n<strong>Materjal:<\/strong> MDF-plaadist pealispind ja roostevabast terasest jalad.<br \/>\n<strong>V\u00e4rv:<\/strong> Kuldne raam ja tsemendihall pealispind.<br \/>\n<strong>M\u00f5\u00f5tmed:<\/strong> Laius 106 cm, s\u00fcgavus 106 cm, k\u00f5rgus 40 cm.<br \/>\n<strong>T\u00e4iendavad detailid:<\/strong> Kokkupandud, ei vaja paigaldust. S\u00e4\u00e4stab aega ja vaeva.<\/p>\n<p>&nbsp;<\/p>\n","protected":false},"excerpt":{"rendered":"<p>Glamour GL1714 kohvilaud elutuppa. See stiilne kohvilaud lisab teie elutuppa modernset ja glamuurset h\u00f5ngu. Geomeetrilise kujuga kuldne roostevabast terasest raam toetab MDF-plaadist valmistatud kaheksanurkset lauaplaati, mis imiteerib toorest betooni. See ainulaadne disainielement loob ruumis pilkup\u00fc\u00fcdva keskpunkti. Glamour GL1714 kohvilaud sobib ideaalselt kaasaegsesse elutuppa, pakkudes nii praktilisust kui ka esteetilist v\u00e4\u00e4rtust. MDF-plaadist pealispind on vastupidav ja [&hellip;]<\/p>\n","protected":false},"featured_media":5300,"comment_status":"open","ping_status":"closed","template":"","meta":[],"product_brand":[],"product_cat":[118],"product_tag":[],"class_list":{"0":"post-5299","1":"product","2":"type-product","3":"status-publish","4":"has-post-thumbnail","6":"product_cat-diivanilauad","7":"product_shipping_class-livin-hill","8":"pa_kollektsioon-glamour","9":"pa_materjal-metall","10":"pa_varv-kuldne","12":"first","13":"instock","14":"sale","15":"taxable","16":"shipping-taxable","17":"purchasable","18":"product-type-simple"},"_links":{"self":[{"href":"https:\/\/blankpage.ee\/_ruumist-ruumi\/wp-json\/wp\/v2\/product\/5299","targetHints":{"allow":["GET"]}}],"collection":[{"href":"https:\/\/blankpage.ee\/_ruumist-ruumi\/wp-json\/wp\/v2\/product"}],"about":[{"href":"https:\/\/blankpage.ee\/_ruumist-ruumi\/wp-json\/wp\/v2\/types\/product"}],"replies":[{"embeddable":true,"href":"https:\/\/blankpage.ee\/_ruumist-ruumi\/wp-json\/wp\/v2\/comments?post=5299"}],"wp:featuredmedia":[{"embeddable":true,"href":"https:\/\/blankpage.ee\/_ruumist-ruumi\/wp-json\/wp\/v2\/media\/5300"}],"wp:attachment":[{"href":"https:\/\/blankpage.ee\/_ruumist-ruumi\/wp-json\/wp\/v2\/media?parent=5299"}],"wp:term":[{"taxonomy":"product_brand","embeddable":true,"href":"https:\/\/blankpage.ee\/_ruumist-ruumi\/wp-json\/wp\/v2\/product_brand?post=5299"},{"taxonomy":"product_cat","embeddable":true,"href":"https:\/\/blankpage.ee\/_ruumist-ruumi\/wp-json\/wp\/v2\/product_cat?post=5299"},{"taxonomy":"product_tag","embeddable":true,"href":"https:\/\/blankpage.ee\/_ruumist-ruumi\/wp-json\/wp\/v2\/product_tag?post=5299"}],"curies":[{"name":"wp","href":"https:\/\/api.w.org\/{rel}","templated":true}]}}