{"id":5408,"date":"2024-11-01T10:13:20","date_gmt":"2024-11-01T10:13:20","guid":{"rendered":"https:\/\/ruumistruumi.ee\/pood\/tundrahall-kohvilaud-capella-capl06-akatsiapuust\/"},"modified":"2025-04-10T11:57:11","modified_gmt":"2025-04-10T11:57:11","slug":"hall-kohvilaud-capella-capl06-akaatsiapuidust","status":"publish","type":"product","link":"https:\/\/blankpage.ee\/_ruumist-ruumi\/pood\/hall-kohvilaud-capella-capl06-akaatsiapuidust\/","title":{"rendered":"Hall kohvilaud Capella CAPL06, akaatsiapuidust"},"content":{"rendered":"<p>Capella CAPL06 kohvilaud elutuppa. See originaalne retrostiilis kohvilaud on valmistatud kvaliteetsest eksootilisest akaatsiapuidust, millel on ainulaadsed Tundra Halli toonid. Laua esik\u00fcljed on 3D-struktuuriga, millel on horisontaalsed lamellid, lisades visuaalset s\u00fcgavust ja huvitavat tekstuuri. Pimedas grafiiditoonis metallist sirged jalad annavad lauale kaasaegse ja elegantse ilme.<\/p>\n<p>Kohvilaud Capella kollektsioonist on ideaalne t\u00e4iendus igasse elutuppa, pakkudes nii praktilist kui ka esteetilist v\u00e4\u00e4rtust. Laual on kaks riiulit, mis pakuvad piisavalt hoiuruumi ajakirjadele, raamatutele v\u00f5i dekoratiivesemetele. Milled k\u00e4epidemed lisavad lauale minimalistlikku ja stiilset viimistlust.<\/p>\n<p>Omadused:<br \/>\n<strong>Materjal:<\/strong> Akaatsiapuit ja MDF.<br \/>\n<strong>V\u00e4rv:<\/strong> Tundra Hall, pimedas grafiidis jalad.<br \/>\n<strong>M\u00f5\u00f5tmed:<\/strong> Laius 120 cm, s\u00fcgavus 70 cm, k\u00f5rgus 40 cm.<br \/>\n<strong>T\u00e4iendavad detailid:<\/strong> Kaks riiulit, milled k\u00e4epidemed.<br \/>\n<strong>Kokkupanek:<\/strong> Osaliselt kokku pandud, ei vaja paigaldust. S\u00e4\u00e4stab aega ja vaeva.<\/p>\n<p>&nbsp;<\/p>\n","protected":false},"excerpt":{"rendered":"<p>Capella CAPL06 kohvilaud elutuppa. See originaalne retrostiilis kohvilaud on valmistatud kvaliteetsest eksootilisest akaatsiapuidust, millel on ainulaadsed Tundra Halli toonid. Laua esik\u00fcljed on 3D-struktuuriga, millel on horisontaalsed lamellid, lisades visuaalset s\u00fcgavust ja huvitavat tekstuuri. Pimedas grafiiditoonis metallist sirged jalad annavad lauale kaasaegse ja elegantse ilme. Kohvilaud Capella kollektsioonist on ideaalne t\u00e4iendus igasse elutuppa, pakkudes nii praktilist [&hellip;]<\/p>\n","protected":false},"featured_media":5409,"comment_status":"open","ping_status":"closed","template":"","meta":[],"product_brand":[],"product_cat":[118],"product_tag":[],"class_list":{"0":"post-5408","1":"product","2":"type-product","3":"status-publish","4":"has-post-thumbnail","6":"product_cat-diivanilauad","7":"product_shipping_class-livin-hill","8":"pa_kaepidemed-freesitud-kaepidemed","9":"pa_kollektsioon-capella","10":"pa_materjal-akaatsiapuit","11":"pa_riiulite-arv-76","12":"pa_sahtlite-arv-74","13":"pa_varv-hall","15":"first","16":"instock","17":"sale","18":"taxable","19":"shipping-taxable","20":"purchasable","21":"product-type-simple"},"_links":{"self":[{"href":"https:\/\/blankpage.ee\/_ruumist-ruumi\/wp-json\/wp\/v2\/product\/5408","targetHints":{"allow":["GET"]}}],"collection":[{"href":"https:\/\/blankpage.ee\/_ruumist-ruumi\/wp-json\/wp\/v2\/product"}],"about":[{"href":"https:\/\/blankpage.ee\/_ruumist-ruumi\/wp-json\/wp\/v2\/types\/product"}],"replies":[{"embeddable":true,"href":"https:\/\/blankpage.ee\/_ruumist-ruumi\/wp-json\/wp\/v2\/comments?post=5408"}],"wp:featuredmedia":[{"embeddable":true,"href":"https:\/\/blankpage.ee\/_ruumist-ruumi\/wp-json\/wp\/v2\/media\/5409"}],"wp:attachment":[{"href":"https:\/\/blankpage.ee\/_ruumist-ruumi\/wp-json\/wp\/v2\/media?parent=5408"}],"wp:term":[{"taxonomy":"product_brand","embeddable":true,"href":"https:\/\/blankpage.ee\/_ruumist-ruumi\/wp-json\/wp\/v2\/product_brand?post=5408"},{"taxonomy":"product_cat","embeddable":true,"href":"https:\/\/blankpage.ee\/_ruumist-ruumi\/wp-json\/wp\/v2\/product_cat?post=5408"},{"taxonomy":"product_tag","embeddable":true,"href":"https:\/\/blankpage.ee\/_ruumist-ruumi\/wp-json\/wp\/v2\/product_tag?post=5408"}],"curies":[{"name":"wp","href":"https:\/\/api.w.org\/{rel}","templated":true}]}}