{"id":5455,"date":"2024-11-01T10:15:52","date_gmt":"2024-11-01T10:15:52","guid":{"rendered":"https:\/\/ruumistruumi.ee\/pood\/tundrahall-ookapp-capella-capb02-akatsiapuust\/"},"modified":"2025-06-17T08:57:07","modified_gmt":"2025-06-17T08:57:07","slug":"hall-ookapp-capella-capb02-akaatsiapuidust","status":"publish","type":"product","link":"https:\/\/blankpage.ee\/_ruumist-ruumi\/pood\/hall-ookapp-capella-capb02-akaatsiapuidust\/","title":{"rendered":"Hall \u00f6\u00f6kapp Capella CAPB02, akaatsiapuidust"},"content":{"rendered":"<p>Capella CAPB02 \u00f6\u00f6kapp magamistuppa. See originaalne retrostiilis \u00f6\u00f6kapp on valmistatud kvaliteetsest eksootilisest akaatsiapuidust, millel on ainulaadsed Tundra Halli toonis servak\u00e4epidemed. Kapi esipaneelidel on 3D-struktuur koos horisontaalsete lamellide kerge aktsendiga, mis lisab visuaalset huvi. Tumedast grafiidist metalljalad annavad kapile stabiilsuse ja kaasaegse ilme. <\/p>\n<p>Capella kollektsiooni kuuluv \u00f6\u00f6kapp on ideaalne t\u00e4iendus teie magamistoa sisustusse, pakkudes nii stiili kui ka praktilisust. Kapi sees on \u00fcks riiul, mis aitab hoida teie \u00f6\u00f6kapil vajalikud esemed korras. Milled k\u00e4epidemed lisavad kapi disainile peent elegantsi. <\/p>\n<p>Omadused:<br \/>\n<strong>Materjal:<\/strong> Akaatsiapuit ja MDF.<br \/>\n<strong>V\u00e4rv:<\/strong> Tundra Hall, tumedad grafiidist jalad.<br \/>\n<strong>M\u00f5\u00f5tmed:<\/strong> Laius 55 cm, s\u00fcgavus 40 cm, k\u00f5rgus 55 cm.<br \/>\n<strong>T\u00e4iendavad detailid:<\/strong> \u00dcks riiul ja milled k\u00e4epidemed.<br \/>\n<strong>Kokkupanek:<\/strong> Osaliselt kokku pandud, ei vaja paigaldust. S\u00e4\u00e4stab aega ja vaeva.<\/p>\n<p>&nbsp;<\/p>\n","protected":false},"excerpt":{"rendered":"<p>Capella CAPB02 \u00f6\u00f6kapp magamistuppa. See originaalne retrostiilis \u00f6\u00f6kapp on valmistatud kvaliteetsest eksootilisest akaatsiapuidust, millel on ainulaadsed Tundra Halli toonis servak\u00e4epidemed. Kapi esipaneelidel on 3D-struktuur koos horisontaalsete lamellide kerge aktsendiga, mis lisab visuaalset huvi. Tumedast grafiidist metalljalad annavad kapile stabiilsuse ja kaasaegse ilme. Capella kollektsiooni kuuluv \u00f6\u00f6kapp on ideaalne t\u00e4iendus teie magamistoa sisustusse, pakkudes nii stiili [&hellip;]<\/p>\n","protected":false},"featured_media":5456,"comment_status":"open","ping_status":"closed","template":"","meta":[],"product_brand":[],"product_cat":[92],"product_tag":[],"class_list":{"0":"post-5455","1":"product","2":"type-product","3":"status-publish","4":"has-post-thumbnail","6":"product_cat-ookapid","7":"product_shipping_class-livin-hill","8":"pa_kaepidemed-freesitud-kaepidemed","9":"pa_kollektsioon-capella","10":"pa_materjal-akaatsiapuit","11":"pa_riiulite-arv-99","12":"pa_sahtlite-arv-87","13":"pa_varv-hall","15":"first","16":"instock","17":"sale","18":"taxable","19":"shipping-taxable","20":"purchasable","21":"product-type-simple"},"_links":{"self":[{"href":"https:\/\/blankpage.ee\/_ruumist-ruumi\/wp-json\/wp\/v2\/product\/5455","targetHints":{"allow":["GET"]}}],"collection":[{"href":"https:\/\/blankpage.ee\/_ruumist-ruumi\/wp-json\/wp\/v2\/product"}],"about":[{"href":"https:\/\/blankpage.ee\/_ruumist-ruumi\/wp-json\/wp\/v2\/types\/product"}],"replies":[{"embeddable":true,"href":"https:\/\/blankpage.ee\/_ruumist-ruumi\/wp-json\/wp\/v2\/comments?post=5455"}],"wp:featuredmedia":[{"embeddable":true,"href":"https:\/\/blankpage.ee\/_ruumist-ruumi\/wp-json\/wp\/v2\/media\/5456"}],"wp:attachment":[{"href":"https:\/\/blankpage.ee\/_ruumist-ruumi\/wp-json\/wp\/v2\/media?parent=5455"}],"wp:term":[{"taxonomy":"product_brand","embeddable":true,"href":"https:\/\/blankpage.ee\/_ruumist-ruumi\/wp-json\/wp\/v2\/product_brand?post=5455"},{"taxonomy":"product_cat","embeddable":true,"href":"https:\/\/blankpage.ee\/_ruumist-ruumi\/wp-json\/wp\/v2\/product_cat?post=5455"},{"taxonomy":"product_tag","embeddable":true,"href":"https:\/\/blankpage.ee\/_ruumist-ruumi\/wp-json\/wp\/v2\/product_tag?post=5455"}],"curies":[{"name":"wp","href":"https:\/\/api.w.org\/{rel}","templated":true}]}}