{"id":5477,"date":"2024-11-01T10:18:14","date_gmt":"2024-11-01T10:18:14","guid":{"rendered":"https:\/\/ruumistruumi.ee\/pood\/liivakarva-kohvilaud-flow-flol06-akatsiapuust\/"},"modified":"2025-04-10T11:57:14","modified_gmt":"2025-04-10T11:57:14","slug":"helepruun-kohvilaud-flow-flol06-akaatsiapuidust","status":"publish","type":"product","link":"https:\/\/blankpage.ee\/_ruumist-ruumi\/pood\/helepruun-kohvilaud-flow-flol06-akaatsiapuidust\/","title":{"rendered":"Helepruun kohvilaud Flow FLOL06, akaatsiapuidust"},"content":{"rendered":"<p>Flow FLOL06 kohvilaud elutuppa. See originaalne ja soliidne loft-stiilis kohvilaud on valmistatud kvaliteetsest harjatud eksootilisest akaatsiapuidust, mis lisab teie elutoale soojust ja isikup\u00e4ra. Lihtsad, grafiidiv\u00e4rvi metallist jalad, mis on U-kujulised ja \u00fchendatud keskmises alumises osas, loovad lauale stabiilse aluse. Lauaplaat on kauni liivakarva tooniga, mis t\u00e4iendab suurep\u00e4raselt selle \u00fcldist disaini.<\/p>\n<p>Flow FLOL06 kohvilaud on ideaalne valik neile, kes hindavad nii esteetikat kui ka funktsionaalsust. Akaatsiapuidust valmistatud lauaplaat toob esile puidu loomuliku ilu ja vastupidavuse, samas kui MDF materjal tagab laua pikaealisuse. Selle laua m\u00f5\u00f5tmed &#8211; laius 110 cm, s\u00fcgavus 65 cm ja k\u00f5rgus 36 cm &#8211; teevad sellest praktilise ja stiilse lisandi igasse elutuppa.<\/p>\n<p>Omadused:<br \/>\n<strong>Materjal:<\/strong> Akaatsiapuit ja MDF.<br \/>\n<strong>V\u00e4rv:<\/strong> Liivakarva lauaplaat ja grafiidiv\u00e4rvi jalad.<br \/>\n<strong>M\u00f5\u00f5tmed:<\/strong> Laius 110 cm, s\u00fcgavus 65 cm, k\u00f5rgus 36 cm.<br \/>\n<strong>T\u00e4iendavad detailid:<\/strong> Kokkupandud, ei vaja paigaldust. S\u00e4\u00e4stab aega ja vaeva.<\/p>\n<p>&nbsp;<\/p>\n","protected":false},"excerpt":{"rendered":"<p>Flow FLOL06 kohvilaud elutuppa. See originaalne ja soliidne loft-stiilis kohvilaud on valmistatud kvaliteetsest harjatud eksootilisest akaatsiapuidust, mis lisab teie elutoale soojust ja isikup\u00e4ra. Lihtsad, grafiidiv\u00e4rvi metallist jalad, mis on U-kujulised ja \u00fchendatud keskmises alumises osas, loovad lauale stabiilse aluse. Lauaplaat on kauni liivakarva tooniga, mis t\u00e4iendab suurep\u00e4raselt selle \u00fcldist disaini. Flow FLOL06 kohvilaud on ideaalne [&hellip;]<\/p>\n","protected":false},"featured_media":5478,"comment_status":"open","ping_status":"closed","template":"","meta":[],"product_brand":[],"product_cat":[118],"product_tag":[],"class_list":{"0":"post-5477","1":"product","2":"type-product","3":"status-publish","4":"has-post-thumbnail","6":"product_cat-diivanilauad","7":"product_shipping_class-livin-hill","8":"pa_kollektsioon-flow","9":"pa_materjal-akaatsiapuit","10":"pa_varv-helepruun","12":"first","13":"instock","14":"sale","15":"taxable","16":"shipping-taxable","17":"purchasable","18":"product-type-simple"},"_links":{"self":[{"href":"https:\/\/blankpage.ee\/_ruumist-ruumi\/wp-json\/wp\/v2\/product\/5477","targetHints":{"allow":["GET"]}}],"collection":[{"href":"https:\/\/blankpage.ee\/_ruumist-ruumi\/wp-json\/wp\/v2\/product"}],"about":[{"href":"https:\/\/blankpage.ee\/_ruumist-ruumi\/wp-json\/wp\/v2\/types\/product"}],"replies":[{"embeddable":true,"href":"https:\/\/blankpage.ee\/_ruumist-ruumi\/wp-json\/wp\/v2\/comments?post=5477"}],"wp:featuredmedia":[{"embeddable":true,"href":"https:\/\/blankpage.ee\/_ruumist-ruumi\/wp-json\/wp\/v2\/media\/5478"}],"wp:attachment":[{"href":"https:\/\/blankpage.ee\/_ruumist-ruumi\/wp-json\/wp\/v2\/media?parent=5477"}],"wp:term":[{"taxonomy":"product_brand","embeddable":true,"href":"https:\/\/blankpage.ee\/_ruumist-ruumi\/wp-json\/wp\/v2\/product_brand?post=5477"},{"taxonomy":"product_cat","embeddable":true,"href":"https:\/\/blankpage.ee\/_ruumist-ruumi\/wp-json\/wp\/v2\/product_cat?post=5477"},{"taxonomy":"product_tag","embeddable":true,"href":"https:\/\/blankpage.ee\/_ruumist-ruumi\/wp-json\/wp\/v2\/product_tag?post=5477"}],"curies":[{"name":"wp","href":"https:\/\/api.w.org\/{rel}","templated":true}]}}