{"id":5529,"date":"2024-11-01T10:22:14","date_gmt":"2024-11-01T10:22:14","guid":{"rendered":"https:\/\/ruumistruumi.ee\/pood\/valge-accent-laud-rimini-white-riw115-paulownia-puidust\/"},"modified":"2025-06-17T08:57:10","modified_gmt":"2025-06-17T08:57:10","slug":"valge-konsoollaud-rimini-white-riw115-lehtpuu-puidust","status":"publish","type":"product","link":"https:\/\/blankpage.ee\/_ruumist-ruumi\/pood\/valge-konsoollaud-rimini-white-riw115-lehtpuu-puidust\/","title":{"rendered":"Valge konsoollaud Rimini White RIW115, lehtpuu puidust"},"content":{"rendered":"<p>Rimini White RIW115 aktsentlaud magamistuppa. See Provansa stiilis kapp toob ruumi elegantsi ja ajatut v\u00f5lu. Valged nikerdused ja tumedaks p\u00fchitud pruun pealispind loovad harmoonilise kontrasti, mis t\u00e4iendab iga magamistoa sisekujundust. Kapi metallist k\u00e4epidemed ja kaardus jalad lisavad sellele ainulaadset iseloomu.<\/p>\n<p>Rimini White kollektsiooni kuuluv kapp on valmistatud Paulownia puidust ja MDF-ist, pakkudes vastupidavust ja kerget hooldust. Kaks riiulit pakuvad praktilist hoiustamisruumi, hoides teie magamistoa korras ja organiseeritud. Kapi loomulik, pleegitatud vineer koos n\u00e4htavate oksakohtadega lisab sellele maal\u00e4hedast v\u00f5lu.<\/p>\n<p>Omadused:<br \/>\n<strong>Materjal:<\/strong> Paulownia puit ja MDF.<br \/>\n<strong>V\u00e4rv:<\/strong> Valge, tumepruun pealispind.<br \/>\n<strong>M\u00f5\u00f5tmed:<\/strong> Laius 49 cm, s\u00fcgavus 36 cm, k\u00f5rgus 94 cm.<br \/>\n<strong>T\u00e4iendavad detailid:<\/strong> Kaks riiulit, metallist k\u00e4epidemed, loomulik pleegitatud vineer.<br \/>\n<strong>Kokkupanek:<\/strong> Kokkupandud, ei vaja paigaldust. S\u00e4\u00e4stab aega ja vaeva.<\/p>\n<p>&nbsp;<\/p>\n","protected":false},"excerpt":{"rendered":"<p>Rimini White RIW115 aktsentlaud magamistuppa. See Provansa stiilis kapp toob ruumi elegantsi ja ajatut v\u00f5lu. Valged nikerdused ja tumedaks p\u00fchitud pruun pealispind loovad harmoonilise kontrasti, mis t\u00e4iendab iga magamistoa sisekujundust. Kapi metallist k\u00e4epidemed ja kaardus jalad lisavad sellele ainulaadset iseloomu. Rimini White kollektsiooni kuuluv kapp on valmistatud Paulownia puidust ja MDF-ist, pakkudes vastupidavust ja kerget [&hellip;]<\/p>\n","protected":false},"featured_media":5530,"comment_status":"open","ping_status":"closed","template":"","meta":[],"product_brand":[],"product_cat":[92],"product_tag":[],"class_list":{"0":"post-5529","1":"product","2":"type-product","3":"status-publish","4":"has-post-thumbnail","6":"product_cat-ookapid","7":"product_shipping_class-livin-hill","8":"pa_kaepidemed-metall","9":"pa_kollektsioon-rimini-white","10":"pa_materjal-paulownia-puit","11":"pa_riiulite-arv-76","12":"pa_sahtlite-arv-87","13":"pa_varv-valge","15":"first","16":"instock","17":"sale","18":"taxable","19":"shipping-taxable","20":"purchasable","21":"product-type-simple"},"_links":{"self":[{"href":"https:\/\/blankpage.ee\/_ruumist-ruumi\/wp-json\/wp\/v2\/product\/5529","targetHints":{"allow":["GET"]}}],"collection":[{"href":"https:\/\/blankpage.ee\/_ruumist-ruumi\/wp-json\/wp\/v2\/product"}],"about":[{"href":"https:\/\/blankpage.ee\/_ruumist-ruumi\/wp-json\/wp\/v2\/types\/product"}],"replies":[{"embeddable":true,"href":"https:\/\/blankpage.ee\/_ruumist-ruumi\/wp-json\/wp\/v2\/comments?post=5529"}],"wp:featuredmedia":[{"embeddable":true,"href":"https:\/\/blankpage.ee\/_ruumist-ruumi\/wp-json\/wp\/v2\/media\/5530"}],"wp:attachment":[{"href":"https:\/\/blankpage.ee\/_ruumist-ruumi\/wp-json\/wp\/v2\/media?parent=5529"}],"wp:term":[{"taxonomy":"product_brand","embeddable":true,"href":"https:\/\/blankpage.ee\/_ruumist-ruumi\/wp-json\/wp\/v2\/product_brand?post=5529"},{"taxonomy":"product_cat","embeddable":true,"href":"https:\/\/blankpage.ee\/_ruumist-ruumi\/wp-json\/wp\/v2\/product_cat?post=5529"},{"taxonomy":"product_tag","embeddable":true,"href":"https:\/\/blankpage.ee\/_ruumist-ruumi\/wp-json\/wp\/v2\/product_tag?post=5529"}],"curies":[{"name":"wp","href":"https:\/\/api.w.org\/{rel}","templated":true}]}}