{"id":5560,"date":"2024-11-01T10:26:34","date_gmt":"2024-11-01T10:26:34","guid":{"rendered":"https:\/\/ruumistruumi.ee\/pood\/must-konsoollaud-cesena-ce012-paulownia-puidust-mdf\/"},"modified":"2025-07-15T18:41:47","modified_gmt":"2025-07-15T18:41:47","slug":"must-konsoollaud-cesena-ce012-paulownia-puidust-mdf","status":"publish","type":"product","link":"https:\/\/blankpage.ee\/_ruumist-ruumi\/pood\/must-konsoollaud-cesena-ce012-paulownia-puidust-mdf\/","title":{"rendered":"Must konsoollaud Cesena CE012, lehtpuu puidust"},"content":{"rendered":"<p>Cesena CE012 konsoollaud esikusse. See stiilne konsoollaud toob klassikalise elegantsi igasse esikusse, pakkudes samas ka praktilist hoiustamisruumi. Laua sirged jalad ja dekoratiivsed messingist metallist k\u00e4epidemed lisavad sellele ajatut v\u00f5lu. Kere ja pealisplaat on musta poolmati viimistlusega, millel on kerged kulutused ja n\u00e4htav puidustruktuur, andes sellele ainulaadse ja iseloomuliku v\u00e4limuse.<\/p>\n<p>Omadused:<br \/>\n<strong>Materjal:<\/strong> Paulownia puit ja MDF.<br \/>\n<strong>V\u00e4rv:<\/strong> Must poolmatt viimistlus, n\u00e4htava puidustruktuuriga.<br \/>\n<strong>M\u00f5\u00f5tmed:<\/strong> Laua laius 128 cm, s\u00fcgavus 40 cm, k\u00f5rgus 80 cm.<br \/>\n<strong>T\u00e4iendavad detailid:<\/strong> \u00dcks riiul, mis pakub t\u00e4iendavat hoiustamisruumi.<br \/>\n<strong>Kokkupanek:<\/strong> Osaliselt kokku pandud, ei vaja paigaldust. S\u00e4\u00e4stab aega ja vaeva.<\/p>\n<p>&nbsp;<\/p>\n","protected":false},"excerpt":{"rendered":"<p>Cesena CE012 konsoollaud esikusse. See stiilne konsoollaud toob klassikalise elegantsi igasse esikusse, pakkudes samas ka praktilist hoiustamisruumi. Laua sirged jalad ja dekoratiivsed messingist metallist k\u00e4epidemed lisavad sellele ajatut v\u00f5lu. Kere ja pealisplaat on musta poolmati viimistlusega, millel on kerged kulutused ja n\u00e4htav puidustruktuur, andes sellele ainulaadse ja iseloomuliku v\u00e4limuse. Omadused: Materjal: Paulownia puit ja MDF. [&hellip;]<\/p>\n","protected":false},"featured_media":5561,"comment_status":"open","ping_status":"closed","template":"","meta":[],"product_brand":[],"product_cat":[83],"product_tag":[],"class_list":{"0":"post-5560","1":"product","2":"type-product","3":"status-publish","4":"has-post-thumbnail","6":"product_cat-konsoollauad","7":"product_shipping_class-livin-hill","8":"pa_kollektsioon-cesena","9":"pa_materjal-paulownia-puit","10":"pa_riiulite-arv-99","11":"pa_sahtlite-arv-95","12":"pa_varv-must","14":"first","15":"outofstock","16":"sale","17":"taxable","18":"shipping-taxable","19":"purchasable","20":"product-type-simple"},"_links":{"self":[{"href":"https:\/\/blankpage.ee\/_ruumist-ruumi\/wp-json\/wp\/v2\/product\/5560","targetHints":{"allow":["GET"]}}],"collection":[{"href":"https:\/\/blankpage.ee\/_ruumist-ruumi\/wp-json\/wp\/v2\/product"}],"about":[{"href":"https:\/\/blankpage.ee\/_ruumist-ruumi\/wp-json\/wp\/v2\/types\/product"}],"replies":[{"embeddable":true,"href":"https:\/\/blankpage.ee\/_ruumist-ruumi\/wp-json\/wp\/v2\/comments?post=5560"}],"wp:featuredmedia":[{"embeddable":true,"href":"https:\/\/blankpage.ee\/_ruumist-ruumi\/wp-json\/wp\/v2\/media\/5561"}],"wp:attachment":[{"href":"https:\/\/blankpage.ee\/_ruumist-ruumi\/wp-json\/wp\/v2\/media?parent=5560"}],"wp:term":[{"taxonomy":"product_brand","embeddable":true,"href":"https:\/\/blankpage.ee\/_ruumist-ruumi\/wp-json\/wp\/v2\/product_brand?post=5560"},{"taxonomy":"product_cat","embeddable":true,"href":"https:\/\/blankpage.ee\/_ruumist-ruumi\/wp-json\/wp\/v2\/product_cat?post=5560"},{"taxonomy":"product_tag","embeddable":true,"href":"https:\/\/blankpage.ee\/_ruumist-ruumi\/wp-json\/wp\/v2\/product_tag?post=5560"}],"curies":[{"name":"wp","href":"https:\/\/api.w.org\/{rel}","templated":true}]}}