{"id":5606,"date":"2024-11-01T10:28:57","date_gmt":"2024-11-01T10:28:57","guid":{"rendered":"https:\/\/ruumistruumi.ee\/pood\/tumesinine-kummut-avola-av775-60-akatsiapuust-ja-mdf-st\/"},"modified":"2025-07-22T17:46:47","modified_gmt":"2025-07-22T17:46:47","slug":"tumesinine-kummut-avola-av775-60-akatsiapuust-ja-mdf-st","status":"publish","type":"product","link":"https:\/\/blankpage.ee\/_ruumist-ruumi\/pood\/tumesinine-kummut-avola-av775-60-akatsiapuust-ja-mdf-st\/","title":{"rendered":"Tumesinine kummut Avola AV775-60, akaatsiapuidust"},"content":{"rendered":"<p>Avola AV775-60 kummut elutuppa. See stiilne kummut on osa Avola kollektsioonist ja toob teie elutuppa elegantse ja kaasaegse ilme. Kummuti merev\u00e4esinine viimistlus koos peene viimistluse ja detailidega loob hubase ja rafineeritud atmosf\u00e4\u00e4ri.<\/p>\n<p>Kummut on valmistatud kvaliteetsest akaatsiapuidust ja MDF-ist, mis tagab vastupidavuse ja pikaealisuse. Sellel on neli ust ja kolm riiulit, pakkudes piisavalt ruumi erinevate esemete hoiustamiseks. Kummuti laius on 153 cm, s\u00fcgavus 49 cm ja k\u00f5rgus 82 cm, mis teeb sellest praktilise ja ruumikas m\u00f6\u00f6blieseme igasse elutuppa.<\/p>\n<p>Omadused:<br \/>\n<strong>Materjal:<\/strong> Akaatsiapuit ja MDF.<br \/>\n<strong>V\u00e4rv:<\/strong> Merev\u00e4esinine, viimistlus ja detailid.<br \/>\n<strong>M\u00f5\u00f5tmed:<\/strong> Laius 153 cm, s\u00fcgavus 49 cm, k\u00f5rgus 82 cm.<br \/>\n<strong>T\u00e4iendavad detailid:<\/strong> Neli ust ja kolm riiulit.<br \/>\n<strong>Kokkupanek:<\/strong> Kokkupandud, ei vaja paigaldust. S\u00e4\u00e4stab aega ja vaeva.<\/p>\n<p>&nbsp;<\/p>\n","protected":false},"excerpt":{"rendered":"<p>Avola AV775-60 kummut elutuppa. See stiilne kummut on osa Avola kollektsioonist ja toob teie elutuppa elegantse ja kaasaegse ilme. Kummuti merev\u00e4esinine viimistlus koos peene viimistluse ja detailidega loob hubase ja rafineeritud atmosf\u00e4\u00e4ri. Kummut on valmistatud kvaliteetsest akaatsiapuidust ja MDF-ist, mis tagab vastupidavuse ja pikaealisuse. Sellel on neli ust ja kolm riiulit, pakkudes piisavalt ruumi erinevate [&hellip;]<\/p>\n","protected":false},"featured_media":5607,"comment_status":"open","ping_status":"closed","template":"","meta":[],"product_brand":[],"product_cat":[81],"product_tag":[],"class_list":{"0":"post-5606","1":"product","2":"type-product","3":"status-publish","4":"has-post-thumbnail","6":"product_cat-kapid-riiulid-ja-kummutid","7":"product_shipping_class-livin-hill","8":"pa_kollektsioon-avola","9":"pa_materjal-akaatsiapuit","10":"pa_riiulite-arv-89","11":"pa_sahtlite-arv-95","12":"pa_uste-arv-75","13":"pa_varv-tumesinine","15":"first","16":"outofstock","17":"sale","18":"taxable","19":"shipping-taxable","20":"purchasable","21":"product-type-simple"},"_links":{"self":[{"href":"https:\/\/blankpage.ee\/_ruumist-ruumi\/wp-json\/wp\/v2\/product\/5606","targetHints":{"allow":["GET"]}}],"collection":[{"href":"https:\/\/blankpage.ee\/_ruumist-ruumi\/wp-json\/wp\/v2\/product"}],"about":[{"href":"https:\/\/blankpage.ee\/_ruumist-ruumi\/wp-json\/wp\/v2\/types\/product"}],"replies":[{"embeddable":true,"href":"https:\/\/blankpage.ee\/_ruumist-ruumi\/wp-json\/wp\/v2\/comments?post=5606"}],"wp:featuredmedia":[{"embeddable":true,"href":"https:\/\/blankpage.ee\/_ruumist-ruumi\/wp-json\/wp\/v2\/media\/5607"}],"wp:attachment":[{"href":"https:\/\/blankpage.ee\/_ruumist-ruumi\/wp-json\/wp\/v2\/media?parent=5606"}],"wp:term":[{"taxonomy":"product_brand","embeddable":true,"href":"https:\/\/blankpage.ee\/_ruumist-ruumi\/wp-json\/wp\/v2\/product_brand?post=5606"},{"taxonomy":"product_cat","embeddable":true,"href":"https:\/\/blankpage.ee\/_ruumist-ruumi\/wp-json\/wp\/v2\/product_cat?post=5606"},{"taxonomy":"product_tag","embeddable":true,"href":"https:\/\/blankpage.ee\/_ruumist-ruumi\/wp-json\/wp\/v2\/product_tag?post=5606"}],"curies":[{"name":"wp","href":"https:\/\/api.w.org\/{rel}","templated":true}]}}