{"id":5682,"date":"2024-11-01T10:32:17","date_gmt":"2024-11-01T10:32:17","guid":{"rendered":"https:\/\/ruumistruumi.ee\/pood\/must-kummut-avola-av275-32-akatsiapuust-mdf-st\/"},"modified":"2025-04-10T11:57:20","modified_gmt":"2025-04-10T11:57:20","slug":"must-kummut-avola-av275-32-akatsiapuust-mdf-st","status":"publish","type":"product","link":"https:\/\/blankpage.ee\/_ruumist-ruumi\/pood\/must-kummut-avola-av275-32-akatsiapuust-mdf-st\/","title":{"rendered":"Must kummut Avola AV275-32, akaatsiapuidust"},"content":{"rendered":"<p>Avola AV275-32 kummut elutuppa. See elegantne Avola kollektsiooni kummut lisab igasse elutuppa stiili ja praktilisust. Valmistatud kvaliteetsest akaatsiapuidust ja MDF-ist, on see kummut vastupidav ja kauakestev. Musta v\u00e4rvi viimistlus koos iseloomulike punaste kulumisj\u00e4lgedega annab sellele ainulaadse ja silmapaistva v\u00e4limuse.<\/p>\n<p>Kummutil on kaks ust ja \u00fcks riiul, pakkudes piisavalt hoiuruumi teie elutoa esemetele. Laius 82 cm, s\u00fcgavus 38 cm ja k\u00f5rgus 82 cm teevad sellest ideaalse valiku, kui otsite m\u00f6\u00f6blieset, mis ei v\u00f5ta liiga palju ruumi, kuid pakub siiski piisavalt funktsionaalsust.<\/p>\n<p>Omadused:<br \/>\n<strong>Materjal:<\/strong> Akaatsiapuit ja MDF.<br \/>\n<strong>V\u00e4rv:<\/strong> Must koos iseloomulike punaste kulumisj\u00e4lgedega.<br \/>\n<strong>M\u00f5\u00f5tmed:<\/strong> Laius 82 cm, s\u00fcgavus 38 cm, k\u00f5rgus 82 cm.<br \/>\n<strong>T\u00e4iendavad detailid:<\/strong> Kaks ust ja \u00fcks riiul.<br \/>\n<strong>Kokkupanek:<\/strong> Kokkupandud, ei vaja paigaldust. S\u00e4\u00e4stab aega ja vaeva.<\/p>\n<p>&nbsp;<\/p>\n","protected":false},"excerpt":{"rendered":"<p>Avola AV275-32 kummut elutuppa. See elegantne Avola kollektsiooni kummut lisab igasse elutuppa stiili ja praktilisust. Valmistatud kvaliteetsest akaatsiapuidust ja MDF-ist, on see kummut vastupidav ja kauakestev. Musta v\u00e4rvi viimistlus koos iseloomulike punaste kulumisj\u00e4lgedega annab sellele ainulaadse ja silmapaistva v\u00e4limuse. Kummutil on kaks ust ja \u00fcks riiul, pakkudes piisavalt hoiuruumi teie elutoa esemetele. Laius 82 cm, [&hellip;]<\/p>\n","protected":false},"featured_media":5683,"comment_status":"open","ping_status":"closed","template":"","meta":[],"product_brand":[],"product_cat":[81],"product_tag":[],"class_list":{"0":"post-5682","1":"product","2":"type-product","3":"status-publish","4":"has-post-thumbnail","6":"product_cat-kapid-riiulid-ja-kummutid","7":"product_shipping_class-livin-hill","8":"pa_kollektsioon-avola","9":"pa_materjal-akaatsiapuit","10":"pa_riiulite-arv-99","11":"pa_sahtlite-arv-87","12":"pa_uste-arv-94","13":"pa_varv-must","15":"first","16":"instock","17":"sale","18":"taxable","19":"shipping-taxable","20":"purchasable","21":"product-type-simple"},"_links":{"self":[{"href":"https:\/\/blankpage.ee\/_ruumist-ruumi\/wp-json\/wp\/v2\/product\/5682","targetHints":{"allow":["GET"]}}],"collection":[{"href":"https:\/\/blankpage.ee\/_ruumist-ruumi\/wp-json\/wp\/v2\/product"}],"about":[{"href":"https:\/\/blankpage.ee\/_ruumist-ruumi\/wp-json\/wp\/v2\/types\/product"}],"replies":[{"embeddable":true,"href":"https:\/\/blankpage.ee\/_ruumist-ruumi\/wp-json\/wp\/v2\/comments?post=5682"}],"wp:featuredmedia":[{"embeddable":true,"href":"https:\/\/blankpage.ee\/_ruumist-ruumi\/wp-json\/wp\/v2\/media\/5683"}],"wp:attachment":[{"href":"https:\/\/blankpage.ee\/_ruumist-ruumi\/wp-json\/wp\/v2\/media?parent=5682"}],"wp:term":[{"taxonomy":"product_brand","embeddable":true,"href":"https:\/\/blankpage.ee\/_ruumist-ruumi\/wp-json\/wp\/v2\/product_brand?post=5682"},{"taxonomy":"product_cat","embeddable":true,"href":"https:\/\/blankpage.ee\/_ruumist-ruumi\/wp-json\/wp\/v2\/product_cat?post=5682"},{"taxonomy":"product_tag","embeddable":true,"href":"https:\/\/blankpage.ee\/_ruumist-ruumi\/wp-json\/wp\/v2\/product_tag?post=5682"}],"curies":[{"name":"wp","href":"https:\/\/api.w.org\/{rel}","templated":true}]}}