{"id":5774,"date":"2024-11-01T10:37:38","date_gmt":"2024-11-01T10:37:38","guid":{"rendered":"https:\/\/ruumistruumi.ee\/pood\/saddle-avola-av1730-76-pehme-ottomann-ehtne-nahk\/"},"modified":"2025-07-15T18:41:50","modified_gmt":"2025-07-15T18:41:50","slug":"saddle-avola-av1730-76-pehme-ottomann-ehtne-nahk","status":"publish","type":"product","link":"https:\/\/blankpage.ee\/_ruumist-ruumi\/pood\/saddle-avola-av1730-76-pehme-ottomann-ehtne-nahk\/","title":{"rendered":"Pruun pink Avola AV1730-76, ehtsast nahast"},"content":{"rendered":"<p>Avola AV1730-76 polsterdatud tumba esikusse. See tumba \u00fchendab endas naturaalse naha luksuse ja industriaalstiili mustade metalljalgadega. Sadulav\u00e4rvi nahast tepitud iste lisab elegantsi ja mugavust igasse ruumi, pakkudes samas ka praktilist istumiskohta.<\/p>\n<p>Avola kollektsiooni kuuluv tumba on ideaalne t\u00e4iendus igale esikule, kus on vaja stiilset ja funktsionaalset istumisv\u00f5imalust. Naturaalsest nahast valmistatud iste on vastupidav ja ajatu, samas kui mustad metallist jalad annavad tugevuse ja kaasaegse v\u00e4limuse. Tumma on kokkupandud, mis s\u00e4\u00e4stab aega ja vaeva.<\/p>\n<p>Omadused:<br \/>\n<strong>Materjal:<\/strong> Naturaalsest nahast iste ja metallist jalad.<br \/>\n<strong>V\u00e4rv:<\/strong> Sadulav\u00e4rvi iste ja mustad jalad.<br \/>\n<strong>M\u00f5\u00f5tmed:<\/strong> Laius 140 cm, s\u00fcgavus 45 cm, k\u00f5rgus 45 cm.<br \/>\n<strong>T\u00e4iendavad detailid:<\/strong> Tepitud iste.<br \/>\n<strong>Kokkupanek:<\/strong> Kokkupandud, ei vaja paigaldust. S\u00e4\u00e4stab aega ja vaeva.<\/p>\n<p>&nbsp;<\/p>\n","protected":false},"excerpt":{"rendered":"<p>Avola AV1730-76 polsterdatud tumba esikusse. See tumba \u00fchendab endas naturaalse naha luksuse ja industriaalstiili mustade metalljalgadega. Sadulav\u00e4rvi nahast tepitud iste lisab elegantsi ja mugavust igasse ruumi, pakkudes samas ka praktilist istumiskohta. Avola kollektsiooni kuuluv tumba on ideaalne t\u00e4iendus igale esikule, kus on vaja stiilset ja funktsionaalset istumisv\u00f5imalust. Naturaalsest nahast valmistatud iste on vastupidav ja ajatu, [&hellip;]<\/p>\n","protected":false},"featured_media":5775,"comment_status":"open","ping_status":"closed","template":"","meta":[],"product_brand":[],"product_cat":[136],"product_tag":[],"class_list":{"0":"post-5774","1":"product","2":"type-product","3":"status-publish","4":"has-post-thumbnail","6":"product_cat-esikupingid","7":"product_shipping_class-livin-hill","8":"pa_kollektsioon-avola","9":"pa_materjal-metall","10":"pa_materjal-nahk","11":"pa_varv-pruun","12":"pa_varv-must","14":"first","15":"outofstock","16":"sale","17":"taxable","18":"shipping-taxable","19":"purchasable","20":"product-type-simple"},"_links":{"self":[{"href":"https:\/\/blankpage.ee\/_ruumist-ruumi\/wp-json\/wp\/v2\/product\/5774","targetHints":{"allow":["GET"]}}],"collection":[{"href":"https:\/\/blankpage.ee\/_ruumist-ruumi\/wp-json\/wp\/v2\/product"}],"about":[{"href":"https:\/\/blankpage.ee\/_ruumist-ruumi\/wp-json\/wp\/v2\/types\/product"}],"replies":[{"embeddable":true,"href":"https:\/\/blankpage.ee\/_ruumist-ruumi\/wp-json\/wp\/v2\/comments?post=5774"}],"wp:featuredmedia":[{"embeddable":true,"href":"https:\/\/blankpage.ee\/_ruumist-ruumi\/wp-json\/wp\/v2\/media\/5775"}],"wp:attachment":[{"href":"https:\/\/blankpage.ee\/_ruumist-ruumi\/wp-json\/wp\/v2\/media?parent=5774"}],"wp:term":[{"taxonomy":"product_brand","embeddable":true,"href":"https:\/\/blankpage.ee\/_ruumist-ruumi\/wp-json\/wp\/v2\/product_brand?post=5774"},{"taxonomy":"product_cat","embeddable":true,"href":"https:\/\/blankpage.ee\/_ruumist-ruumi\/wp-json\/wp\/v2\/product_cat?post=5774"},{"taxonomy":"product_tag","embeddable":true,"href":"https:\/\/blankpage.ee\/_ruumist-ruumi\/wp-json\/wp\/v2\/product_tag?post=5774"}],"curies":[{"name":"wp","href":"https:\/\/api.w.org\/{rel}","templated":true}]}}