{"id":5914,"date":"2024-11-01T10:57:30","date_gmt":"2024-11-01T10:57:30","guid":{"rendered":"https:\/\/ruumistruumi.ee\/pood\/antiksinine-kummut-avola-av175-50-akatsiapuust-ja-mdf-st\/"},"modified":"2025-07-22T17:46:51","modified_gmt":"2025-07-22T17:46:51","slug":"antiiksinine-kummut-avola-av175-50-akatsiapuust-ja-mdf-st","status":"publish","type":"product","link":"https:\/\/blankpage.ee\/_ruumist-ruumi\/pood\/antiiksinine-kummut-avola-av175-50-akatsiapuust-ja-mdf-st\/","title":{"rendered":"Antiiksinine kummut Avola AV175-50, akaatsiapuidust"},"content":{"rendered":"<p>Avola AV175-50 kummut elutuppa. See elegantne ja praktiline m\u00f6\u00f6bliese lisab teie elutuppa stiili ja funktsionaalsust. Avola kollektsiooni kuuluv kummut on valmistatud kvaliteetsest akaatsiapuidust ja MDF-ist, mis tagab vastupidavuse ja pikaealisuse. Antiiksinine viimistlus koos pealmise ja \u00e4\u00e4rise v\u00e4rviga loob ajatu v\u00e4limuse, mis sobib erinevatesse interj\u00f6\u00f6ridesse.<\/p>\n<p>Kummutil on kolm ust ja kaks riiulit, pakkudes piisavalt hoiuruumi teie elutoa esemetele. Kokkupandud kujul tarnitav kummut s\u00e4\u00e4stab teie aega ja vaeva, v\u00f5imaldades teil kohe nautida selle praktilisust ja ilu.<\/p>\n<p>Omadused:<br \/>\n<strong>Materjal:<\/strong> Akaatsiapuit ja MDF.<br \/>\n<strong>V\u00e4rv:<\/strong> Antiiksinine koos pealmise ja \u00e4\u00e4rise v\u00e4rviga.<br \/>\n<strong>M\u00f5\u00f5tmed:<\/strong> Laius 127 cm, s\u00fcgavus 49 cm, k\u00f5rgus 82 cm.<br \/>\n<strong>T\u00e4iendavad detailid:<\/strong> Kolm ust ja kaks riiulit pakuvad rohkelt hoiuruumi.<br \/>\n<strong>Kokkupanek:<\/strong> Kokkupandud, ei vaja paigaldust. S\u00e4\u00e4stab aega ja vaeva.<\/p>\n<p>&nbsp;<\/p>\n","protected":false},"excerpt":{"rendered":"<p>Avola AV175-50 kummut elutuppa. See elegantne ja praktiline m\u00f6\u00f6bliese lisab teie elutuppa stiili ja funktsionaalsust. Avola kollektsiooni kuuluv kummut on valmistatud kvaliteetsest akaatsiapuidust ja MDF-ist, mis tagab vastupidavuse ja pikaealisuse. Antiiksinine viimistlus koos pealmise ja \u00e4\u00e4rise v\u00e4rviga loob ajatu v\u00e4limuse, mis sobib erinevatesse interj\u00f6\u00f6ridesse. Kummutil on kolm ust ja kaks riiulit, pakkudes piisavalt hoiuruumi teie [&hellip;]<\/p>\n","protected":false},"featured_media":5915,"comment_status":"open","ping_status":"closed","template":"","meta":[],"product_brand":[],"product_cat":[81],"product_tag":[],"class_list":{"0":"post-5914","1":"product","2":"type-product","3":"status-publish","4":"has-post-thumbnail","6":"product_cat-kapid-riiulid-ja-kummutid","7":"product_shipping_class-livin-hill","8":"pa_kollektsioon-avola","9":"pa_materjal-akaatsiapuit","10":"pa_riiulite-arv-76","11":"pa_sahtlite-arv-74","12":"pa_uste-arv-84","13":"pa_varv-sinine","15":"first","16":"outofstock","17":"sale","18":"taxable","19":"shipping-taxable","20":"purchasable","21":"product-type-simple"},"_links":{"self":[{"href":"https:\/\/blankpage.ee\/_ruumist-ruumi\/wp-json\/wp\/v2\/product\/5914","targetHints":{"allow":["GET"]}}],"collection":[{"href":"https:\/\/blankpage.ee\/_ruumist-ruumi\/wp-json\/wp\/v2\/product"}],"about":[{"href":"https:\/\/blankpage.ee\/_ruumist-ruumi\/wp-json\/wp\/v2\/types\/product"}],"replies":[{"embeddable":true,"href":"https:\/\/blankpage.ee\/_ruumist-ruumi\/wp-json\/wp\/v2\/comments?post=5914"}],"wp:featuredmedia":[{"embeddable":true,"href":"https:\/\/blankpage.ee\/_ruumist-ruumi\/wp-json\/wp\/v2\/media\/5915"}],"wp:attachment":[{"href":"https:\/\/blankpage.ee\/_ruumist-ruumi\/wp-json\/wp\/v2\/media?parent=5914"}],"wp:term":[{"taxonomy":"product_brand","embeddable":true,"href":"https:\/\/blankpage.ee\/_ruumist-ruumi\/wp-json\/wp\/v2\/product_brand?post=5914"},{"taxonomy":"product_cat","embeddable":true,"href":"https:\/\/blankpage.ee\/_ruumist-ruumi\/wp-json\/wp\/v2\/product_cat?post=5914"},{"taxonomy":"product_tag","embeddable":true,"href":"https:\/\/blankpage.ee\/_ruumist-ruumi\/wp-json\/wp\/v2\/product_tag?post=5914"}],"curies":[{"name":"wp","href":"https:\/\/api.w.org\/{rel}","templated":true}]}}