{"id":5927,"date":"2024-11-01T10:58:06","date_gmt":"2024-11-01T10:58:06","guid":{"rendered":"https:\/\/ruumistruumi.ee\/pood\/antiksinine-ookapp-avola-av175-22-akatsiapuust-ja-mdf-st\/"},"modified":"2025-04-10T11:57:27","modified_gmt":"2025-04-10T11:57:27","slug":"antiiksinine-ookapp-avola-av175-22-akaatsiapuidust","status":"publish","type":"product","link":"https:\/\/blankpage.ee\/_ruumist-ruumi\/pood\/antiiksinine-ookapp-avola-av175-22-akaatsiapuidust\/","title":{"rendered":"Antiiksinine \u00f6\u00f6kapp Avola AV175-22, akaatsiapuidust"},"content":{"rendered":"<p>Avola AV175-22 \u00f6\u00f6kapp magamistuppa. See elegantne \u00f6\u00f6kapp on valmistatud akaatsiapuidust ja MDF-ist, millel on n\u00e4htav puidustruktuur, lisades ruumile soojust ja iseloomu. Tumedas antiiksinises toonis kapp on varustatud \u00fche klaasitud uksega, millel on dekoratiivsed liistud, ning \u00fche sahtliga, millel on peenelt freesitud servad. <\/p>\n<p>\u00d6\u00f6kapp pakub praktilist hoiuruumi, olles samas ka kaunis sisustuselement. Metallist k\u00e4epidemed lisavad sellele stiilset viimistlust. Kapi sees on ruumikas osa, mille uksed m\u00f5\u00f5tmetega 30,5 x 39,5 cm, ning sahtel m\u00f5\u00f5tmetega 24,5 x 28,5 x 5,5 cm. Lisaks on \u00f6\u00f6kapil integreeritud toiteplokk, millel on kaks pistikupesa ja kaks USB-porti, et hoida teie seadmed alati laetuna.<\/p>\n<p>Omadused:<br \/>\n<strong>Materjal:<\/strong> Akaatsiapuit ja MDF.<br \/>\n<strong>V\u00e4rv:<\/strong> Antiiksinine, pealis\/trimmi v\u00e4rv.<br \/>\n<strong>M\u00f5\u00f5tmed:<\/strong> Laius: 41 cm, s\u00fcgavus: 56 cm, k\u00f5rgus: 64 cm.<br \/>\n<strong>T\u00e4iendavad detailid:<\/strong> Dekoratiivsed liistud ja metallist k\u00e4epidemed.<br \/>\n<strong>Kokkupanek:<\/strong> Kokkupandud, ei vaja paigaldust. S\u00e4\u00e4stab aega ja vaeva.<\/p>\n<p>&nbsp;<\/p>\n","protected":false},"excerpt":{"rendered":"<p>Avola AV175-22 \u00f6\u00f6kapp magamistuppa. See elegantne \u00f6\u00f6kapp on valmistatud akaatsiapuidust ja MDF-ist, millel on n\u00e4htav puidustruktuur, lisades ruumile soojust ja iseloomu. Tumedas antiiksinises toonis kapp on varustatud \u00fche klaasitud uksega, millel on dekoratiivsed liistud, ning \u00fche sahtliga, millel on peenelt freesitud servad. \u00d6\u00f6kapp pakub praktilist hoiuruumi, olles samas ka kaunis sisustuselement. Metallist k\u00e4epidemed lisavad sellele [&hellip;]<\/p>\n","protected":false},"featured_media":5928,"comment_status":"open","ping_status":"closed","template":"","meta":[],"product_brand":[],"product_cat":[92],"product_tag":[],"class_list":{"0":"post-5927","1":"product","2":"type-product","3":"status-publish","4":"has-post-thumbnail","6":"product_cat-ookapid","7":"product_shipping_class-livin-hill","8":"pa_kaepidemed-metall","9":"pa_kollektsioon-avola","10":"pa_materjal-akaatsiapuit","11":"pa_sahtlite-arv-87","12":"pa_uste-arv-88","13":"pa_varv-sinine","15":"first","16":"instock","17":"sale","18":"taxable","19":"shipping-taxable","20":"purchasable","21":"product-type-simple"},"_links":{"self":[{"href":"https:\/\/blankpage.ee\/_ruumist-ruumi\/wp-json\/wp\/v2\/product\/5927","targetHints":{"allow":["GET"]}}],"collection":[{"href":"https:\/\/blankpage.ee\/_ruumist-ruumi\/wp-json\/wp\/v2\/product"}],"about":[{"href":"https:\/\/blankpage.ee\/_ruumist-ruumi\/wp-json\/wp\/v2\/types\/product"}],"replies":[{"embeddable":true,"href":"https:\/\/blankpage.ee\/_ruumist-ruumi\/wp-json\/wp\/v2\/comments?post=5927"}],"wp:featuredmedia":[{"embeddable":true,"href":"https:\/\/blankpage.ee\/_ruumist-ruumi\/wp-json\/wp\/v2\/media\/5928"}],"wp:attachment":[{"href":"https:\/\/blankpage.ee\/_ruumist-ruumi\/wp-json\/wp\/v2\/media?parent=5927"}],"wp:term":[{"taxonomy":"product_brand","embeddable":true,"href":"https:\/\/blankpage.ee\/_ruumist-ruumi\/wp-json\/wp\/v2\/product_brand?post=5927"},{"taxonomy":"product_cat","embeddable":true,"href":"https:\/\/blankpage.ee\/_ruumist-ruumi\/wp-json\/wp\/v2\/product_cat?post=5927"},{"taxonomy":"product_tag","embeddable":true,"href":"https:\/\/blankpage.ee\/_ruumist-ruumi\/wp-json\/wp\/v2\/product_tag?post=5927"}],"curies":[{"name":"wp","href":"https:\/\/api.w.org\/{rel}","templated":true}]}}