{"id":6121,"date":"2024-11-01T11:20:53","date_gmt":"2024-11-01T11:20:53","guid":{"rendered":"https:\/\/ruumistruumi.ee\/pood\/pahklipuu-baarilaud-avola-av1781-52-akatsiapuust\/"},"modified":"2025-06-17T08:57:29","modified_gmt":"2025-06-17T08:57:29","slug":"pahklitooni-baarilaud-avola-av1781-52-akaatsiapuidust","status":"publish","type":"product","link":"https:\/\/blankpage.ee\/_ruumist-ruumi\/pood\/pahklitooni-baarilaud-avola-av1781-52-akaatsiapuidust\/","title":{"rendered":"P\u00e4hklitooni baarilaud Avola AV1781-52, akaatsiapuidust"},"content":{"rendered":"<p>Avola AV1781-52 baarilaud toob teie s\u00f6\u00f6gituppa t\u00f6\u00f6stusliku elegantsi ja sooja puidutunde. Toode \u00fchendab endas vastupidava akaatsiapuidust lauaplaadi ja mustad metallist jalad, on see ideaalne valik, et luua hubane ja stiilne koht koosolekute jaoks. Lauaplaadi ebaregulaarne kuju, mis tuleneb loodusliku puidu omadustest, annab igale lauale ainulaadse ilme, muutes selle t\u00f5eliselt silmapaistvaks.<\/p>\n<p>Omadused:<br \/>\n<strong>Materjal:<\/strong> Tugev ja kvaliteetne akaatsiapuit, mis tagab pikaajalise kasutuse, ning vastupidavad metallist jalad, mis lisavad stabiilsust.<br \/>\n<strong>V\u00e4rv:<\/strong> P\u00e4hklitooni lauaplaat koos mustade jalgadega, mis loob kauni kontrasti ja sobib erinevatesse interj\u00f6\u00f6ridesse.<br \/>\n<strong>M\u00f5\u00f5tmed:<\/strong> Laua laius 132 cm, s\u00fcgavus 71 cm, k\u00f5rgus 92 cm, mis muudab selle sobivaks nii v\u00e4iksematesse kui ka avaramatesse ruumidesse.<br \/>\n<strong>T\u00e4iendavad detailid:<\/strong> Lauaplaadi paksus on 40 mm, mis lisab sellele vastupidavust ja kvaliteeti. Naturaalne puidu variatsioon tagab, et iga laud on ainulaadne.<br \/>\n<strong>Kokkupanek:<\/strong> Osaliselt kokku pandud, mis muudab selle paigaldamise lihtsaks ja mugavaks.<\/p>\n<p>Avola AV1781-52 baarilaud on suurep\u00e4rane valik, et t\u00e4iendada teie s\u00f6\u00f6gituba, luues sooja ja kutsuva atmosf\u00e4\u00e4ri, kus nautida toitu ja seltskonda.<\/p>\n<p>&nbsp;<\/p>\n","protected":false},"excerpt":{"rendered":"<p>Avola AV1781-52 baarilaud toob teie s\u00f6\u00f6gituppa t\u00f6\u00f6stusliku elegantsi ja sooja puidutunde. Toode \u00fchendab endas vastupidava akaatsiapuidust lauaplaadi ja mustad metallist jalad, on see ideaalne valik, et luua hubane ja stiilne koht koosolekute jaoks. Lauaplaadi ebaregulaarne kuju, mis tuleneb loodusliku puidu omadustest, annab igale lauale ainulaadse ilme, muutes selle t\u00f5eliselt silmapaistvaks. Omadused: Materjal: Tugev ja kvaliteetne [&hellip;]<\/p>\n","protected":false},"featured_media":6122,"comment_status":"open","ping_status":"closed","template":"","meta":[],"product_brand":[],"product_cat":[93],"product_tag":[],"class_list":{"0":"post-6121","1":"product","2":"type-product","3":"status-publish","4":"has-post-thumbnail","6":"product_cat-soogilauad","7":"product_shipping_class-livin-hill","8":"pa_kollektsioon-avola","9":"pa_materjal-akaatsiapuit","10":"pa_varv-tumepruun","12":"first","13":"instock","14":"sale","15":"taxable","16":"shipping-taxable","17":"purchasable","18":"product-type-simple"},"_links":{"self":[{"href":"https:\/\/blankpage.ee\/_ruumist-ruumi\/wp-json\/wp\/v2\/product\/6121","targetHints":{"allow":["GET"]}}],"collection":[{"href":"https:\/\/blankpage.ee\/_ruumist-ruumi\/wp-json\/wp\/v2\/product"}],"about":[{"href":"https:\/\/blankpage.ee\/_ruumist-ruumi\/wp-json\/wp\/v2\/types\/product"}],"replies":[{"embeddable":true,"href":"https:\/\/blankpage.ee\/_ruumist-ruumi\/wp-json\/wp\/v2\/comments?post=6121"}],"wp:featuredmedia":[{"embeddable":true,"href":"https:\/\/blankpage.ee\/_ruumist-ruumi\/wp-json\/wp\/v2\/media\/6122"}],"wp:attachment":[{"href":"https:\/\/blankpage.ee\/_ruumist-ruumi\/wp-json\/wp\/v2\/media?parent=6121"}],"wp:term":[{"taxonomy":"product_brand","embeddable":true,"href":"https:\/\/blankpage.ee\/_ruumist-ruumi\/wp-json\/wp\/v2\/product_brand?post=6121"},{"taxonomy":"product_cat","embeddable":true,"href":"https:\/\/blankpage.ee\/_ruumist-ruumi\/wp-json\/wp\/v2\/product_cat?post=6121"},{"taxonomy":"product_tag","embeddable":true,"href":"https:\/\/blankpage.ee\/_ruumist-ruumi\/wp-json\/wp\/v2\/product_tag?post=6121"}],"curies":[{"name":"wp","href":"https:\/\/api.w.org\/{rel}","templated":true}]}}