{"id":6210,"date":"2024-11-01T11:26:35","date_gmt":"2024-11-01T11:26:35","guid":{"rendered":"https:\/\/ruumistruumi.ee\/pood\/helepruun-konsoollaud-maze-mazl08-akaatsiapuidust-vineerist-metallist-jalgadega\/"},"modified":"2025-04-10T11:57:33","modified_gmt":"2025-04-10T11:57:33","slug":"helepruun-konsoollaud-maze-mazl08-akaatsiapuidust","status":"publish","type":"product","link":"https:\/\/blankpage.ee\/_ruumist-ruumi\/pood\/helepruun-konsoollaud-maze-mazl08-akaatsiapuidust\/","title":{"rendered":"Helepruun konsoollaud Maze MAZL08, akaatsiapuidust"},"content":{"rendered":"<p>Maze MAZL08 konsoollaud esikusse. See originaalne retrostiilis konsoollaud on valmistatud kvaliteetsest harjatud eksootilisest akaatsiapuidust ning sellel on metallist sirge k\u00e4epide. Esipaneelidel on 3D-struktuur koos as\u00fcmmeetrilise ruudulise mustriga, mis lisab ainulaadset visuaalset efekti. Metallist poolmati musta v\u00e4rvi sirged jalad koos kuldsete detailidega loovad elegantse ja modernse ilme.<\/p>\n<p>Maze kollektsiooni kuuluv konsoollaud on ideaalne lisand igasse esikusse, pakkudes nii stiili kui ka praktilisust. Akaatsiapuidust ja spoonist valmistatud laud on vastupidav ja kauakestev. Hele pruun toon koos mustade metalljalgadega loob harmoonilise kontrasti, mis sobib erinevatesse interj\u00f6\u00f6ridesse. Laua pealispinna laius on 120 cm, s\u00fcgavus 35 cm ning k\u00f5rgus 80 cm, pakkudes piisavalt ruumi dekoratiivsete esemete v\u00f5i igap\u00e4evaste vajalike asjade hoidmiseks.<\/p>\n<p>Omadused:<br \/>\n<strong>Materjal:<\/strong> Akaatsiapuit, spoon ja metallist jalad.<br \/>\n<strong>V\u00e4rv:<\/strong> Hele pruun, mustad jalad kuldsete detailidega.<br \/>\n<strong>M\u00f5\u00f5tmed:<\/strong> Laius 120 cm, s\u00fcgavus 35 cm, k\u00f5rgus 80 cm.<br \/>\n<strong>T\u00e4iendavad detailid:<\/strong> Pehme sulgumise mehhanism.<br \/>\n<strong>Kokkupanek:<\/strong> Osaliselt kokku pandud, ei vaja paigaldust. S\u00e4\u00e4stab aega ja vaeva.<\/p>\n<p>&nbsp;<\/p>\n","protected":false},"excerpt":{"rendered":"<p>Maze MAZL08 konsoollaud esikusse. See originaalne retrostiilis konsoollaud on valmistatud kvaliteetsest harjatud eksootilisest akaatsiapuidust ning sellel on metallist sirge k\u00e4epide. Esipaneelidel on 3D-struktuur koos as\u00fcmmeetrilise ruudulise mustriga, mis lisab ainulaadset visuaalset efekti. Metallist poolmati musta v\u00e4rvi sirged jalad koos kuldsete detailidega loovad elegantse ja modernse ilme. Maze kollektsiooni kuuluv konsoollaud on ideaalne lisand igasse esikusse, [&hellip;]<\/p>\n","protected":false},"featured_media":6211,"comment_status":"open","ping_status":"closed","template":"","meta":[],"product_brand":[],"product_cat":[83],"product_tag":[],"class_list":{"0":"post-6210","1":"product","2":"type-product","3":"status-publish","4":"has-post-thumbnail","6":"product_cat-konsoollauad","7":"product_shipping_class-livin-hill","8":"pa_kollektsioon-maze","9":"pa_materjal-akaatsiapuit","10":"pa_sahtlite-arv-95","11":"pa_varv-helepruun","13":"first","14":"instock","15":"sale","16":"taxable","17":"shipping-taxable","18":"purchasable","19":"product-type-simple"},"_links":{"self":[{"href":"https:\/\/blankpage.ee\/_ruumist-ruumi\/wp-json\/wp\/v2\/product\/6210","targetHints":{"allow":["GET"]}}],"collection":[{"href":"https:\/\/blankpage.ee\/_ruumist-ruumi\/wp-json\/wp\/v2\/product"}],"about":[{"href":"https:\/\/blankpage.ee\/_ruumist-ruumi\/wp-json\/wp\/v2\/types\/product"}],"replies":[{"embeddable":true,"href":"https:\/\/blankpage.ee\/_ruumist-ruumi\/wp-json\/wp\/v2\/comments?post=6210"}],"wp:featuredmedia":[{"embeddable":true,"href":"https:\/\/blankpage.ee\/_ruumist-ruumi\/wp-json\/wp\/v2\/media\/6211"}],"wp:attachment":[{"href":"https:\/\/blankpage.ee\/_ruumist-ruumi\/wp-json\/wp\/v2\/media?parent=6210"}],"wp:term":[{"taxonomy":"product_brand","embeddable":true,"href":"https:\/\/blankpage.ee\/_ruumist-ruumi\/wp-json\/wp\/v2\/product_brand?post=6210"},{"taxonomy":"product_cat","embeddable":true,"href":"https:\/\/blankpage.ee\/_ruumist-ruumi\/wp-json\/wp\/v2\/product_cat?post=6210"},{"taxonomy":"product_tag","embeddable":true,"href":"https:\/\/blankpage.ee\/_ruumist-ruumi\/wp-json\/wp\/v2\/product_tag?post=6210"}],"curies":[{"name":"wp","href":"https:\/\/api.w.org\/{rel}","templated":true}]}}