{"id":6239,"date":"2024-11-01T11:29:15","date_gmt":"2024-11-01T11:29:15","guid":{"rendered":"https:\/\/ruumistruumi.ee\/pood\/helepruun-kummut-maze-mazd01-akaatsiapuidust-vineerist-metallist-jalad\/"},"modified":"2025-07-22T17:46:54","modified_gmt":"2025-07-22T17:46:54","slug":"helepruun-kummut-maze-mazd01-akaatsiapuidust-vineerist-metallist-jalad","status":"publish","type":"product","link":"https:\/\/blankpage.ee\/_ruumist-ruumi\/pood\/helepruun-kummut-maze-mazd01-akaatsiapuidust-vineerist-metallist-jalad\/","title":{"rendered":"Helepruun kummut Maze MAZD01, akaatsiapuidust"},"content":{"rendered":"<p>Maze MAZD01 kummut elutuppa. See ainulaadne kummut on valmistatud kvaliteetsest harjatud eksootilisest akaatsiapuidust, millel on metallist sirged k\u00e4epidemed. Kapi esik\u00fcljed on kaunistatud 3D-struktuuriga, millel on as\u00fcmmeetriline ruuduline muster, mis lisab interj\u00f6\u00f6rile retroh\u00f5ngu. Kapi metallist poolmati musta viimistlusega sirged jalad, millel on kuldsed aktsendid, annavad sellele elegantse ja ajatu v\u00e4limuse.<\/p>\n<p>Kummuti kolm ust ja \u00fcks riiul pakuvad piisavalt ruumi elutoa esemete hoiustamiseks, hoides ruumi korras ja organiseerituna. Pehme sulgemise mehhanism tagab vaikse ja sujuva kasutuskogemuse, muutes kummuti praktiliseks ja mugavaks igap\u00e4evaseks kasutamiseks.<\/p>\n<p>Omadused:<br \/>\n<strong>Materjal:<\/strong> Akaatsiapuit, spoon, metallist jalad.<br \/>\n<strong>V\u00e4rv:<\/strong> Hele pruun.<br \/>\n<strong>M\u00f5\u00f5tmed:<\/strong> Laius: 160 cm, S\u00fcgavus: 45 cm, K\u00f5rgus: 80 cm.<br \/>\n<strong>T\u00e4iendavad detailid:<\/strong> 3 ust, 1 riiul, pehme sulgemine.<br \/>\n<strong>Kokkupanek:<\/strong> Osaliselt kokku pandud, ei vaja paigaldust. S\u00e4\u00e4stab aega ja vaeva.<\/p>\n<p>&nbsp;<\/p>\n","protected":false},"excerpt":{"rendered":"<p>Maze MAZD01 kummut elutuppa. See ainulaadne kummut on valmistatud kvaliteetsest harjatud eksootilisest akaatsiapuidust, millel on metallist sirged k\u00e4epidemed. Kapi esik\u00fcljed on kaunistatud 3D-struktuuriga, millel on as\u00fcmmeetriline ruuduline muster, mis lisab interj\u00f6\u00f6rile retroh\u00f5ngu. Kapi metallist poolmati musta viimistlusega sirged jalad, millel on kuldsed aktsendid, annavad sellele elegantse ja ajatu v\u00e4limuse. Kummuti kolm ust ja \u00fcks riiul [&hellip;]<\/p>\n","protected":false},"featured_media":6240,"comment_status":"open","ping_status":"closed","template":"","meta":[],"product_brand":[],"product_cat":[81],"product_tag":[],"class_list":{"0":"post-6239","1":"product","2":"type-product","3":"status-publish","4":"has-post-thumbnail","6":"product_cat-kapid-riiulid-ja-kummutid","7":"product_shipping_class-livin-hill","8":"pa_kollektsioon-maze","9":"pa_materjal-akaatsiapuit","10":"pa_riiulite-arv-99","11":"pa_uste-arv-84","12":"pa_varv-helepruun","14":"first","15":"outofstock","16":"sale","17":"taxable","18":"shipping-taxable","19":"purchasable","20":"product-type-simple"},"_links":{"self":[{"href":"https:\/\/blankpage.ee\/_ruumist-ruumi\/wp-json\/wp\/v2\/product\/6239","targetHints":{"allow":["GET"]}}],"collection":[{"href":"https:\/\/blankpage.ee\/_ruumist-ruumi\/wp-json\/wp\/v2\/product"}],"about":[{"href":"https:\/\/blankpage.ee\/_ruumist-ruumi\/wp-json\/wp\/v2\/types\/product"}],"replies":[{"embeddable":true,"href":"https:\/\/blankpage.ee\/_ruumist-ruumi\/wp-json\/wp\/v2\/comments?post=6239"}],"wp:featuredmedia":[{"embeddable":true,"href":"https:\/\/blankpage.ee\/_ruumist-ruumi\/wp-json\/wp\/v2\/media\/6240"}],"wp:attachment":[{"href":"https:\/\/blankpage.ee\/_ruumist-ruumi\/wp-json\/wp\/v2\/media?parent=6239"}],"wp:term":[{"taxonomy":"product_brand","embeddable":true,"href":"https:\/\/blankpage.ee\/_ruumist-ruumi\/wp-json\/wp\/v2\/product_brand?post=6239"},{"taxonomy":"product_cat","embeddable":true,"href":"https:\/\/blankpage.ee\/_ruumist-ruumi\/wp-json\/wp\/v2\/product_cat?post=6239"},{"taxonomy":"product_tag","embeddable":true,"href":"https:\/\/blankpage.ee\/_ruumist-ruumi\/wp-json\/wp\/v2\/product_tag?post=6239"}],"curies":[{"name":"wp","href":"https:\/\/api.w.org\/{rel}","templated":true}]}}