{"id":6247,"date":"2024-12-05T11:35:50","date_gmt":"2024-12-05T11:35:50","guid":{"rendered":"https:\/\/ruumistruumi.ee\/pood\/helepruun-soogilaud-maze-mazd05-200-akaatsiapuidust-vineerist-metallist-jalgadega\/"},"modified":"2025-04-10T11:57:33","modified_gmt":"2025-04-10T11:57:33","slug":"helepruun-soogilaud-maze-mazd05-200-akaatsiapuidust-vineerist-metallist-jalgadega","status":"publish","type":"product","link":"https:\/\/blankpage.ee\/_ruumist-ruumi\/pood\/helepruun-soogilaud-maze-mazd05-200-akaatsiapuidust-vineerist-metallist-jalgadega\/","title":{"rendered":"Helepruun s\u00f6\u00f6gilaud Maze MAZD05-200, akaatsiapuidust"},"content":{"rendered":"<p>Maze MAZD05-200 s\u00f6\u00f6gilaud s\u00f6\u00f6gituppa. See retrostiilis s\u00f6\u00f6gilaud on valmistatud kvaliteetsest harjatud eksootilisest akaatsiapuidust, mis lisab teie s\u00f6\u00f6gitoale ainulaadse karakteri. Laua mustad metallist jalad, millel on poolmatt viimistlus ja kuldsed aktsendid, pakuvad stabiilsust ja visuaalset huvi.<\/p>\n<p>Maze kollektsiooni kuuluv s\u00f6\u00f6gilaud on ideaalne valik neile, kes hindavad ajatut disaini ja vastupidavust. Akaatsiapuidust lauaplaat toob esile puidu loomuliku ilu ja tekstuuri, samal ajal kui kuldsed detailid jalgadel lisavad peent elegantsi. Laua m\u00f5\u00f5tmed \u2013 laius 200 cm, s\u00fcgavus 100 cm ja k\u00f5rgus 76 cm \u2013 pakuvad piisavalt ruumi mugavaks einestamiseks ja seltskondlikeks koosviibimisteks.<\/p>\n<p>Omadused:<br \/>\n<strong>Materjal:<\/strong> Akaatsiapuit, spoon, metallist jalad.<br \/>\n<strong>V\u00e4rv:<\/strong> Hele pruun lauaplaat, mustad jalad kuldsete aktsentidega.<br \/>\n<strong>M\u00f5\u00f5tmed:<\/strong> Laua laius 200 cm, s\u00fcgavus 100 cm, k\u00f5rgus 76 cm.<br \/>\n<strong>T\u00e4iendavad detailid:<\/strong> Osaliselt kokku pandud, ei vaja paigaldust. S\u00e4\u00e4stab aega ja vaeva.<\/p>\n<p>&nbsp;<\/p>\n","protected":false},"excerpt":{"rendered":"<p>Maze MAZD05-200 s\u00f6\u00f6gilaud s\u00f6\u00f6gituppa. See retrostiilis s\u00f6\u00f6gilaud on valmistatud kvaliteetsest harjatud eksootilisest akaatsiapuidust, mis lisab teie s\u00f6\u00f6gitoale ainulaadse karakteri. Laua mustad metallist jalad, millel on poolmatt viimistlus ja kuldsed aktsendid, pakuvad stabiilsust ja visuaalset huvi. Maze kollektsiooni kuuluv s\u00f6\u00f6gilaud on ideaalne valik neile, kes hindavad ajatut disaini ja vastupidavust. Akaatsiapuidust lauaplaat toob esile puidu loomuliku [&hellip;]<\/p>\n","protected":false},"featured_media":6248,"comment_status":"open","ping_status":"closed","template":"","meta":[],"product_brand":[],"product_cat":[93],"product_tag":[],"class_list":{"0":"post-6247","1":"product","2":"type-product","3":"status-publish","4":"has-post-thumbnail","6":"product_cat-soogilauad","7":"product_shipping_class-livin-hill","8":"pa_kollektsioon-maze","9":"pa_materjal-akaatsiapuit","10":"pa_varv-helepruun","12":"first","13":"instock","14":"sale","15":"taxable","16":"shipping-taxable","17":"purchasable","18":"product-type-simple"},"_links":{"self":[{"href":"https:\/\/blankpage.ee\/_ruumist-ruumi\/wp-json\/wp\/v2\/product\/6247","targetHints":{"allow":["GET"]}}],"collection":[{"href":"https:\/\/blankpage.ee\/_ruumist-ruumi\/wp-json\/wp\/v2\/product"}],"about":[{"href":"https:\/\/blankpage.ee\/_ruumist-ruumi\/wp-json\/wp\/v2\/types\/product"}],"replies":[{"embeddable":true,"href":"https:\/\/blankpage.ee\/_ruumist-ruumi\/wp-json\/wp\/v2\/comments?post=6247"}],"wp:featuredmedia":[{"embeddable":true,"href":"https:\/\/blankpage.ee\/_ruumist-ruumi\/wp-json\/wp\/v2\/media\/6248"}],"wp:attachment":[{"href":"https:\/\/blankpage.ee\/_ruumist-ruumi\/wp-json\/wp\/v2\/media?parent=6247"}],"wp:term":[{"taxonomy":"product_brand","embeddable":true,"href":"https:\/\/blankpage.ee\/_ruumist-ruumi\/wp-json\/wp\/v2\/product_brand?post=6247"},{"taxonomy":"product_cat","embeddable":true,"href":"https:\/\/blankpage.ee\/_ruumist-ruumi\/wp-json\/wp\/v2\/product_cat?post=6247"},{"taxonomy":"product_tag","embeddable":true,"href":"https:\/\/blankpage.ee\/_ruumist-ruumi\/wp-json\/wp\/v2\/product_tag?post=6247"}],"curies":[{"name":"wp","href":"https:\/\/api.w.org\/{rel}","templated":true}]}}