{"id":6264,"date":"2024-11-01T11:31:27","date_gmt":"2024-11-01T11:31:27","guid":{"rendered":"https:\/\/ruumistruumi.ee\/pood\/helepruun-raamatukapp-maze-mazl02-akatsiapuust-vineerist-metallist-jalad\/"},"modified":"2025-04-10T11:57:34","modified_gmt":"2025-04-10T11:57:34","slug":"helepruun-raamaturiiul-maze-mazl02-akaatsiapuidust","status":"publish","type":"product","link":"https:\/\/blankpage.ee\/_ruumist-ruumi\/pood\/helepruun-raamaturiiul-maze-mazl02-akaatsiapuidust\/","title":{"rendered":"Helepruun raamaturiiul Maze MAZL02, akaatsiapuidust"},"content":{"rendered":"<p>Maze MAZL02 raamaturiiul kodukontorisse. See ainulaadne retrostiilis raamaturiiul on valmistatud kvaliteetsest harjatud eksootilisest akaatsiapuidust, millele lisavad iseloomu metallist sirged k\u00e4epidemed. Riiuli esipaneelidel on 3D-struktuur, millel on as\u00fcmmeetriline ruuduline muster. Mustad poolmatt metalljalad kuldsete aktsentidega lisavad elegantsi ja stabiilsust.<\/p>\n<p>Maze MAZL02 raamaturiiul on ideaalne valik kodukontorisse, kus stiil ja funktsionaalsus peavad k\u00e4ima k\u00e4sik\u00e4es. Riiulil on \u00fcks uks ja kaks riiulit, pakkudes piisavalt ruumi raamatute ja dekoratiivesemete paigutamiseks. Pehme sulgumise mehhanism tagab sujuva ja vaikse kasutamise. Osaliselt kokkupandud, s\u00e4\u00e4stes aega ja vaeva paigaldamisel.<\/p>\n<p>Omadused:<br \/>\n<strong>Materjal:<\/strong> Akaatsiapuit, spoon ja metallist jalad.<br \/>\n<strong>V\u00e4rv:<\/strong> Hele pruun, mustad jalad kuldsete aktsentidega.<br \/>\n<strong>M\u00f5\u00f5tmed:<\/strong> Laius 100 cm, s\u00fcgavus 35 cm, k\u00f5rgus 190 cm.<br \/>\n<strong>T\u00e4iendavad detailid:<\/strong> 3D as\u00fcmmeetriline ruuduline muster, pehme sulgumise mehhanism.<br \/>\n<strong>Kokkupanek:<\/strong> Osaliselt kokku pandud, ei vaja paigaldust. S\u00e4\u00e4stab aega ja vaeva.<\/p>\n<p>&nbsp;<\/p>\n","protected":false},"excerpt":{"rendered":"<p>Maze MAZL02 raamaturiiul kodukontorisse. See ainulaadne retrostiilis raamaturiiul on valmistatud kvaliteetsest harjatud eksootilisest akaatsiapuidust, millele lisavad iseloomu metallist sirged k\u00e4epidemed. Riiuli esipaneelidel on 3D-struktuur, millel on as\u00fcmmeetriline ruuduline muster. Mustad poolmatt metalljalad kuldsete aktsentidega lisavad elegantsi ja stabiilsust. Maze MAZL02 raamaturiiul on ideaalne valik kodukontorisse, kus stiil ja funktsionaalsus peavad k\u00e4ima k\u00e4sik\u00e4es. Riiulil on \u00fcks [&hellip;]<\/p>\n","protected":false},"featured_media":6265,"comment_status":"open","ping_status":"closed","template":"","meta":[],"product_brand":[],"product_cat":[97],"product_tag":[],"class_list":{"0":"post-6264","1":"product","2":"type-product","3":"status-publish","4":"has-post-thumbnail","6":"product_cat-raamaturiiulid","7":"product_shipping_class-livin-hill","8":"pa_kollektsioon-maze","9":"pa_materjal-akaatsiapuit","10":"pa_riiulite-arv-76","11":"pa_sahtlite-arv-95","12":"pa_uste-arv-88","13":"pa_varv-helepruun","15":"first","16":"instock","17":"sale","18":"taxable","19":"shipping-taxable","20":"purchasable","21":"product-type-simple"},"_links":{"self":[{"href":"https:\/\/blankpage.ee\/_ruumist-ruumi\/wp-json\/wp\/v2\/product\/6264","targetHints":{"allow":["GET"]}}],"collection":[{"href":"https:\/\/blankpage.ee\/_ruumist-ruumi\/wp-json\/wp\/v2\/product"}],"about":[{"href":"https:\/\/blankpage.ee\/_ruumist-ruumi\/wp-json\/wp\/v2\/types\/product"}],"replies":[{"embeddable":true,"href":"https:\/\/blankpage.ee\/_ruumist-ruumi\/wp-json\/wp\/v2\/comments?post=6264"}],"wp:featuredmedia":[{"embeddable":true,"href":"https:\/\/blankpage.ee\/_ruumist-ruumi\/wp-json\/wp\/v2\/media\/6265"}],"wp:attachment":[{"href":"https:\/\/blankpage.ee\/_ruumist-ruumi\/wp-json\/wp\/v2\/media?parent=6264"}],"wp:term":[{"taxonomy":"product_brand","embeddable":true,"href":"https:\/\/blankpage.ee\/_ruumist-ruumi\/wp-json\/wp\/v2\/product_brand?post=6264"},{"taxonomy":"product_cat","embeddable":true,"href":"https:\/\/blankpage.ee\/_ruumist-ruumi\/wp-json\/wp\/v2\/product_cat?post=6264"},{"taxonomy":"product_tag","embeddable":true,"href":"https:\/\/blankpage.ee\/_ruumist-ruumi\/wp-json\/wp\/v2\/product_tag?post=6264"}],"curies":[{"name":"wp","href":"https:\/\/api.w.org\/{rel}","templated":true}]}}