{"id":6281,"date":"2024-11-01T11:32:44","date_gmt":"2024-11-01T11:32:44","guid":{"rendered":"https:\/\/ruumistruumi.ee\/pood\/helepruun-kohvilaud-maze-mazl06-drw-akatsiapuust-vineerist-metallist-jalad\/"},"modified":"2025-04-10T11:57:34","modified_gmt":"2025-04-10T11:57:34","slug":"helepruun-kohvilaud-maze-mazl06-drw-akatsiapuust-vineerist-metallist-jalad","status":"publish","type":"product","link":"https:\/\/blankpage.ee\/_ruumist-ruumi\/pood\/helepruun-kohvilaud-maze-mazl06-drw-akatsiapuust-vineerist-metallist-jalad\/","title":{"rendered":"Helepruun kohvilaud Maze MAZL06-DRW, akaatsiapuidust"},"content":{"rendered":"<p>Maze MAZL06-DRW kohvilaud elutuppa. See ainulaadne kohvilaud toob teie elutuppa retrolikku v\u00f5lu ja kvaliteeti. Valmistatud k\u00f5rgekvaliteedilisest harjatud eksootilisest akaatsiapuidust, millele lisavad iseloomu metallist sirged k\u00e4epidemed. Laua esipaneelidel on 3D struktuur, millel on as\u00fcmmeetriline ruuduline muster, mis lisab visuaalset huvi ja tekstuuri. Poolmati musta v\u00e4rvi metallist jalad kuldsete aktsentidega annavad lauale stabiilsuse ja kaasaegse ilme.<\/p>\n<p>Maze kollektsiooni kuuluv kohvilaud on ideaalne valik neile, kes hindavad unikaalset disaini ja kvaliteetseid materjale. Akaatsiapuit ja spoon tagavad vastupidavuse ja pikaealisuse, samas kui \u00fcks riiul pakub praktilist hoiuruumi ajakirjadele v\u00f5i kaugjuhtimispultidele. Laua pehme sulgumise mehhanism lisab kasutusmugavust ja hoiab \u00e4ra soovimatu m\u00fcra.<\/p>\n<p>Omadused:<br \/>\n<strong>Materjal:<\/strong> Akaatsiapuit, spoon, metallist jalad.<br \/>\n<strong>V\u00e4rv:<\/strong> Hele pruun.<br \/>\n<strong>M\u00f5\u00f5tmed:<\/strong> Laius 120 cm, s\u00fcgavus 60 cm, k\u00f5rgus 40 cm.<br \/>\n<strong>T\u00e4iendavad detailid:<\/strong> Pehme sulgumine, \u00fcks riiul.<br \/>\n<strong>Kokkupanek:<\/strong> Osaliselt kokkupandud, ei vaja paigaldust. S\u00e4\u00e4stab aega ja vaeva.<\/p>\n<p>&nbsp;<\/p>\n","protected":false},"excerpt":{"rendered":"<p>Maze MAZL06-DRW kohvilaud elutuppa. See ainulaadne kohvilaud toob teie elutuppa retrolikku v\u00f5lu ja kvaliteeti. Valmistatud k\u00f5rgekvaliteedilisest harjatud eksootilisest akaatsiapuidust, millele lisavad iseloomu metallist sirged k\u00e4epidemed. Laua esipaneelidel on 3D struktuur, millel on as\u00fcmmeetriline ruuduline muster, mis lisab visuaalset huvi ja tekstuuri. Poolmati musta v\u00e4rvi metallist jalad kuldsete aktsentidega annavad lauale stabiilsuse ja kaasaegse ilme. Maze [&hellip;]<\/p>\n","protected":false},"featured_media":6282,"comment_status":"open","ping_status":"closed","template":"","meta":[],"product_brand":[],"product_cat":[118],"product_tag":[],"class_list":{"0":"post-6281","1":"product","2":"type-product","3":"status-publish","4":"has-post-thumbnail","6":"product_cat-diivanilauad","7":"product_shipping_class-livin-hill","8":"pa_kollektsioon-maze","9":"pa_materjal-akaatsiapuit","10":"pa_riiulite-arv-99","11":"pa_sahtlite-arv-87","12":"pa_varv-helepruun","14":"first","15":"instock","16":"sale","17":"taxable","18":"shipping-taxable","19":"purchasable","20":"product-type-simple"},"_links":{"self":[{"href":"https:\/\/blankpage.ee\/_ruumist-ruumi\/wp-json\/wp\/v2\/product\/6281","targetHints":{"allow":["GET"]}}],"collection":[{"href":"https:\/\/blankpage.ee\/_ruumist-ruumi\/wp-json\/wp\/v2\/product"}],"about":[{"href":"https:\/\/blankpage.ee\/_ruumist-ruumi\/wp-json\/wp\/v2\/types\/product"}],"replies":[{"embeddable":true,"href":"https:\/\/blankpage.ee\/_ruumist-ruumi\/wp-json\/wp\/v2\/comments?post=6281"}],"wp:featuredmedia":[{"embeddable":true,"href":"https:\/\/blankpage.ee\/_ruumist-ruumi\/wp-json\/wp\/v2\/media\/6282"}],"wp:attachment":[{"href":"https:\/\/blankpage.ee\/_ruumist-ruumi\/wp-json\/wp\/v2\/media?parent=6281"}],"wp:term":[{"taxonomy":"product_brand","embeddable":true,"href":"https:\/\/blankpage.ee\/_ruumist-ruumi\/wp-json\/wp\/v2\/product_brand?post=6281"},{"taxonomy":"product_cat","embeddable":true,"href":"https:\/\/blankpage.ee\/_ruumist-ruumi\/wp-json\/wp\/v2\/product_cat?post=6281"},{"taxonomy":"product_tag","embeddable":true,"href":"https:\/\/blankpage.ee\/_ruumist-ruumi\/wp-json\/wp\/v2\/product_tag?post=6281"}],"curies":[{"name":"wp","href":"https:\/\/api.w.org\/{rel}","templated":true}]}}