{"id":6402,"date":"2024-11-01T11:39:43","date_gmt":"2024-11-01T11:39:43","guid":{"rendered":"https:\/\/ruumistruumi.ee\/pood\/beez-kummut-avola-av675-32-akatsiapuust-ja-mdf-st\/"},"modified":"2025-06-17T08:57:36","modified_gmt":"2025-06-17T08:57:36","slug":"beez-kummut-avola-av675-32-akatsiapuust-ja-mdf-st","status":"publish","type":"product","link":"https:\/\/blankpage.ee\/_ruumist-ruumi\/pood\/beez-kummut-avola-av675-32-akatsiapuust-ja-mdf-st\/","title":{"rendered":"Bee\u017e kummut Avola AV675-32, akaatsiapuidust"},"content":{"rendered":"<p>Avola AV675-32 kummut elutuppa. See klassikaline bee\u017e kummut on valmistatud akaatsiapuidust, mille struktuur on selgelt n\u00e4htav. Kummut sisaldab kahte klaasist ust, millel on dekoratiivsed detailid, ning \u00fchte sahtlit, mis pakub lisaruumi v\u00e4ikeste esemete hoidmiseks. Laua servad on freesitud ja aluse esipaneelil on dekoratiivne l\u00f5ikekuju, mis lisab tootele elegantsi ja isikup\u00e4ra. <a href=\"https:\/\/blankpage.ee\/_ruumist-ruumi\/?post_type=product&amp;s=avola\">Avola<\/a> kollektsiooni kuuluv kummut sobib suurep\u00e4raselt nii traditsioonilisse kui ka kaasaegsesse elutuppa, luues sooja ja kutsuva atmosf\u00e4\u00e4ri.<\/p>\n<p>Omadused:<br \/>\n<strong>Materjal:<\/strong> Tugev akaatsiapuit ja MDF.<br \/>\n<strong>V\u00e4rv:<\/strong> Bee\u017e, pealmine ja \u00e4\u00e4rte v\u00e4rv.<br \/>\n<strong>M\u00f5\u00f5tmed:<\/strong> Laius 82 cm, s\u00fcgavus 38 cm, k\u00f5rgus 82 cm.<br \/>\n<strong>T\u00e4iendavad detailid:<\/strong> Kaks klaasist ust dekoratiivsete muntinsidega, \u00fcks riiul ja sahtel.<br \/>\n<strong>Kokkupanek:<\/strong> Kokkupandud, ei vaja paigaldust. S\u00e4\u00e4stab aega ja vaeva.<\/p>\n<p>Avola AV675-32 kummut on ideaalne valik, et lisada oma elutuppa nii funktsionaalsust kui ka stiili.<\/p>\n<p>&nbsp;<\/p>\n","protected":false},"excerpt":{"rendered":"<p>Avola AV675-32 kummut elutuppa. See klassikaline bee\u017e kummut on valmistatud akaatsiapuidust, mille struktuur on selgelt n\u00e4htav. Kummut sisaldab kahte klaasist ust, millel on dekoratiivsed detailid, ning \u00fchte sahtlit, mis pakub lisaruumi v\u00e4ikeste esemete hoidmiseks. Laua servad on freesitud ja aluse esipaneelil on dekoratiivne l\u00f5ikekuju, mis lisab tootele elegantsi ja isikup\u00e4ra. Avola kollektsiooni kuuluv kummut sobib [&hellip;]<\/p>\n","protected":false},"featured_media":6403,"comment_status":"open","ping_status":"closed","template":"","meta":[],"product_brand":[],"product_cat":[81],"product_tag":[],"class_list":{"0":"post-6402","1":"product","2":"type-product","3":"status-publish","4":"has-post-thumbnail","6":"product_cat-kapid-riiulid-ja-kummutid","7":"product_shipping_class-livin-hill","8":"pa_kollektsioon-avola","9":"pa_materjal-akaatsiapuit","10":"pa_riiulite-arv-99","11":"pa_sahtlite-arv-87","12":"pa_uste-arv-94","13":"pa_varv-beez","15":"first","16":"instock","17":"sale","18":"taxable","19":"shipping-taxable","20":"purchasable","21":"product-type-simple"},"_links":{"self":[{"href":"https:\/\/blankpage.ee\/_ruumist-ruumi\/wp-json\/wp\/v2\/product\/6402","targetHints":{"allow":["GET"]}}],"collection":[{"href":"https:\/\/blankpage.ee\/_ruumist-ruumi\/wp-json\/wp\/v2\/product"}],"about":[{"href":"https:\/\/blankpage.ee\/_ruumist-ruumi\/wp-json\/wp\/v2\/types\/product"}],"replies":[{"embeddable":true,"href":"https:\/\/blankpage.ee\/_ruumist-ruumi\/wp-json\/wp\/v2\/comments?post=6402"}],"wp:featuredmedia":[{"embeddable":true,"href":"https:\/\/blankpage.ee\/_ruumist-ruumi\/wp-json\/wp\/v2\/media\/6403"}],"wp:attachment":[{"href":"https:\/\/blankpage.ee\/_ruumist-ruumi\/wp-json\/wp\/v2\/media?parent=6402"}],"wp:term":[{"taxonomy":"product_brand","embeddable":true,"href":"https:\/\/blankpage.ee\/_ruumist-ruumi\/wp-json\/wp\/v2\/product_brand?post=6402"},{"taxonomy":"product_cat","embeddable":true,"href":"https:\/\/blankpage.ee\/_ruumist-ruumi\/wp-json\/wp\/v2\/product_cat?post=6402"},{"taxonomy":"product_tag","embeddable":true,"href":"https:\/\/blankpage.ee\/_ruumist-ruumi\/wp-json\/wp\/v2\/product_tag?post=6402"}],"curies":[{"name":"wp","href":"https:\/\/api.w.org\/{rel}","templated":true}]}}