{"id":6420,"date":"2024-11-01T11:40:40","date_gmt":"2024-11-01T11:40:40","guid":{"rendered":"https:\/\/ruumistruumi.ee\/pood\/tumepruun-soogilaud-massa-masd05-200-akatsiapuust\/"},"modified":"2025-04-10T11:57:38","modified_gmt":"2025-04-10T11:57:38","slug":"tumepruun-soogilaud-massa-masd05-200-akatsiapuust","status":"publish","type":"product","link":"https:\/\/blankpage.ee\/_ruumist-ruumi\/pood\/tumepruun-soogilaud-massa-masd05-200-akatsiapuust\/","title":{"rendered":"Tumepruun s\u00f6\u00f6gilaud Massa MASD05-200, akaatsiapuidust"},"content":{"rendered":"<p>Massa MASD05-200 s\u00f6\u00f6gilaud s\u00f6\u00f6gituppa. See originaalne ja soliidne s\u00f6\u00f6gilaud on loodud k\u00f5rgekvaliteedilisest harjatud eksootilisest akaatsiapuidust, tuues teie s\u00f6\u00f6gituppa modernse vintage stiili. Tumedad grafiitmetallist jalad on profiilidena kujundatud, pakkudes lauale nii stabiilsust kui ka visuaalset huvi.<\/p>\n<p>Massa kollektsiooni kuuluv laud on ideaalne valik neile, kes hindavad nii esteetikat kui ka praktilisust. Akaatsiapuit on tuntud oma vastupidavuse ja kauni tekstuuri poolest, mis lisab igale interj\u00f6\u00f6rile soojust ja isikup\u00e4ra. Metallist jalad lisavad lauale kaasaegset kontrasti, samas kui nende tumedam toon loob elegantse ja ajatu ilme.<\/p>\n<p>Omadused:<br \/>\n<strong>Materjal:<\/strong> Akaatsiapuit, spoon, metallist jalad.<br \/>\n<strong>V\u00e4rv:<\/strong> Pruun lauaplaat ja tumedad grafiitmetallist jalad.<br \/>\n<strong>M\u00f5\u00f5tmed:<\/strong> Laius 200 cm, s\u00fcgavus 100 cm, k\u00f5rgus 75 cm.<br \/>\n<strong>T\u00e4iendavad detailid:<\/strong> Osaliselt kokkupandud, ei vaja paigaldust. S\u00e4\u00e4stab aega ja vaeva.<\/p>\n<p>&nbsp;<\/p>\n","protected":false},"excerpt":{"rendered":"<p>Massa MASD05-200 s\u00f6\u00f6gilaud s\u00f6\u00f6gituppa. See originaalne ja soliidne s\u00f6\u00f6gilaud on loodud k\u00f5rgekvaliteedilisest harjatud eksootilisest akaatsiapuidust, tuues teie s\u00f6\u00f6gituppa modernse vintage stiili. Tumedad grafiitmetallist jalad on profiilidena kujundatud, pakkudes lauale nii stabiilsust kui ka visuaalset huvi. Massa kollektsiooni kuuluv laud on ideaalne valik neile, kes hindavad nii esteetikat kui ka praktilisust. Akaatsiapuit on tuntud oma vastupidavuse [&hellip;]<\/p>\n","protected":false},"featured_media":6421,"comment_status":"open","ping_status":"closed","template":"","meta":[],"product_brand":[],"product_cat":[93],"product_tag":[],"class_list":{"0":"post-6420","1":"product","2":"type-product","3":"status-publish","4":"has-post-thumbnail","6":"product_cat-soogilauad","7":"product_shipping_class-livin-hill","8":"pa_kollektsioon-massa","9":"pa_materjal-akaatsiapuit","10":"pa_varv-tumepruun","12":"first","13":"instock","14":"sale","15":"taxable","16":"shipping-taxable","17":"purchasable","18":"product-type-simple"},"_links":{"self":[{"href":"https:\/\/blankpage.ee\/_ruumist-ruumi\/wp-json\/wp\/v2\/product\/6420","targetHints":{"allow":["GET"]}}],"collection":[{"href":"https:\/\/blankpage.ee\/_ruumist-ruumi\/wp-json\/wp\/v2\/product"}],"about":[{"href":"https:\/\/blankpage.ee\/_ruumist-ruumi\/wp-json\/wp\/v2\/types\/product"}],"replies":[{"embeddable":true,"href":"https:\/\/blankpage.ee\/_ruumist-ruumi\/wp-json\/wp\/v2\/comments?post=6420"}],"wp:featuredmedia":[{"embeddable":true,"href":"https:\/\/blankpage.ee\/_ruumist-ruumi\/wp-json\/wp\/v2\/media\/6421"}],"wp:attachment":[{"href":"https:\/\/blankpage.ee\/_ruumist-ruumi\/wp-json\/wp\/v2\/media?parent=6420"}],"wp:term":[{"taxonomy":"product_brand","embeddable":true,"href":"https:\/\/blankpage.ee\/_ruumist-ruumi\/wp-json\/wp\/v2\/product_brand?post=6420"},{"taxonomy":"product_cat","embeddable":true,"href":"https:\/\/blankpage.ee\/_ruumist-ruumi\/wp-json\/wp\/v2\/product_cat?post=6420"},{"taxonomy":"product_tag","embeddable":true,"href":"https:\/\/blankpage.ee\/_ruumist-ruumi\/wp-json\/wp\/v2\/product_tag?post=6420"}],"curies":[{"name":"wp","href":"https:\/\/api.w.org\/{rel}","templated":true}]}}