{"id":6494,"date":"2024-11-01T11:46:01","date_gmt":"2024-11-01T11:46:01","guid":{"rendered":"https:\/\/ruumistruumi.ee\/pood\/beez-dijon-di42k-kummut-saarepuust-kasepuust-vineerist\/"},"modified":"2025-07-15T18:42:02","modified_gmt":"2025-07-15T18:42:02","slug":"beez-riidekapp-dijon-di42k-kasepuust","status":"publish","type":"product","link":"https:\/\/blankpage.ee\/_ruumist-ruumi\/pood\/beez-riidekapp-dijon-di42k-kasepuust\/","title":{"rendered":"Bee\u017e riidekapp Dijon DI42K, kasepuust"},"content":{"rendered":"<p>Dijon DI42K riidekapp magamistuppa. See stiilne riidekapp, millel on kaunilt kaardus jalad, toob magamistuppa provansaalse elegantsi. Kapi antiikvalge toon koos sujuva pinnaga, millel on n\u00e4htav puidustruktuur, lisab ruumi hubasust ja soojust. Esiosa on kaunistatud freesitud ja h\u00f5\u00f5rutud servadega, mis annavad sellele ainulaadse iseloomu. Dekoratiivsed metallist k\u00e4epidemed vanandatud toonis lisavad ajatut v\u00f5lu.<\/p>\n<p>Riidekapil on kaks ust ja kaks riiulit, pakkudes piisavalt ruumi riiete ja aksessuaaride hoiustamiseks. Kaks riidepuutoru v\u00f5imaldavad mugavalt riputada erinevaid r\u00f5ivaid, hoides need korras ja kergesti k\u00e4ttesaadavad. Kapp on osaliselt kokku pandud, s\u00e4\u00e4stes aega ja vaeva paigaldamisel.<\/p>\n<p>Omadused:<br \/>\n<strong>Materjal:<\/strong> Saarepuit, kasepuit, vineer.<br \/>\n<strong>V\u00e4rv:<\/strong> Hele kreemjas, antiikvalge.<br \/>\n<strong>M\u00f5\u00f5tmed:<\/strong> Laius 131 cm, s\u00fcgavus 60 cm, k\u00f5rgus 214 cm.<br \/>\n<strong>T\u00e4iendavad detailid:<\/strong> 2 ust, 2 riiulit, 2 riidepuutoru, metallist k\u00e4epidemed.<br \/>\n<strong>Kokkupanek:<\/strong> Osaliselt kokku pandud, ei vaja paigaldust. S\u00e4\u00e4stab aega ja vaeva.<\/p>\n<p>&nbsp;<\/p>\n","protected":false},"excerpt":{"rendered":"<p>Dijon DI42K riidekapp magamistuppa. See stiilne riidekapp, millel on kaunilt kaardus jalad, toob magamistuppa provansaalse elegantsi. Kapi antiikvalge toon koos sujuva pinnaga, millel on n\u00e4htav puidustruktuur, lisab ruumi hubasust ja soojust. Esiosa on kaunistatud freesitud ja h\u00f5\u00f5rutud servadega, mis annavad sellele ainulaadse iseloomu. Dekoratiivsed metallist k\u00e4epidemed vanandatud toonis lisavad ajatut v\u00f5lu. Riidekapil on kaks ust [&hellip;]<\/p>\n","protected":false},"featured_media":6495,"comment_status":"open","ping_status":"closed","template":"","meta":[],"product_brand":[],"product_cat":[257],"product_tag":[],"class_list":{"0":"post-6494","1":"product","2":"type-product","3":"status-publish","4":"has-post-thumbnail","6":"product_cat-riidekapid","7":"product_shipping_class-livin-hill","8":"pa_kaepidemed-metall","9":"pa_kollektsioon-dijon","10":"pa_materjal-puit","11":"pa_riiulite-arv-76","12":"pa_uste-arv-94","13":"pa_varv-beez","15":"first","16":"outofstock","17":"sale","18":"taxable","19":"shipping-taxable","20":"purchasable","21":"product-type-simple"},"_links":{"self":[{"href":"https:\/\/blankpage.ee\/_ruumist-ruumi\/wp-json\/wp\/v2\/product\/6494","targetHints":{"allow":["GET"]}}],"collection":[{"href":"https:\/\/blankpage.ee\/_ruumist-ruumi\/wp-json\/wp\/v2\/product"}],"about":[{"href":"https:\/\/blankpage.ee\/_ruumist-ruumi\/wp-json\/wp\/v2\/types\/product"}],"replies":[{"embeddable":true,"href":"https:\/\/blankpage.ee\/_ruumist-ruumi\/wp-json\/wp\/v2\/comments?post=6494"}],"wp:featuredmedia":[{"embeddable":true,"href":"https:\/\/blankpage.ee\/_ruumist-ruumi\/wp-json\/wp\/v2\/media\/6495"}],"wp:attachment":[{"href":"https:\/\/blankpage.ee\/_ruumist-ruumi\/wp-json\/wp\/v2\/media?parent=6494"}],"wp:term":[{"taxonomy":"product_brand","embeddable":true,"href":"https:\/\/blankpage.ee\/_ruumist-ruumi\/wp-json\/wp\/v2\/product_brand?post=6494"},{"taxonomy":"product_cat","embeddable":true,"href":"https:\/\/blankpage.ee\/_ruumist-ruumi\/wp-json\/wp\/v2\/product_cat?post=6494"},{"taxonomy":"product_tag","embeddable":true,"href":"https:\/\/blankpage.ee\/_ruumist-ruumi\/wp-json\/wp\/v2\/product_tag?post=6494"}],"curies":[{"name":"wp","href":"https:\/\/api.w.org\/{rel}","templated":true}]}}