{"id":6858,"date":"2024-11-01T12:15:41","date_gmt":"2024-11-01T12:15:41","guid":{"rendered":"https:\/\/ruumistruumi.ee\/pood\/beez-tv-alus-rimini-ri034-paulownia-puidust\/"},"modified":"2025-07-15T18:42:07","modified_gmt":"2025-07-15T18:42:07","slug":"beez-tv-alus-rimini-ri034-lehtpuu-puidust","status":"publish","type":"product","link":"https:\/\/blankpage.ee\/_ruumist-ruumi\/pood\/beez-tv-alus-rimini-ri034-lehtpuu-puidust\/","title":{"rendered":"Bee\u017e TV-alus Rimini RI034, lehtpuu puidust"},"content":{"rendered":"<p>Rimini RI034 TV-alus elutuppa. See elegantne provanssaali stiilis TV-alus on valmistatud Paulownia puidust ja MDF-ist, pakkudes teie elutoale isikup\u00e4ra ja stiili. K\u00e4sitsi v\u00e4rvitud kreemjas korpus ja helepruun pealmine osa, millel on n\u00e4htav puidustruktuur, loovad harmoonilise ja sooja atmosf\u00e4\u00e4ri. Kumerad jalad, dekoratiivsed metallist k\u00e4epidemed ja kaunid nikerdused jalamil lisavad sellele ainulaadsele m\u00f6\u00f6bliesemele erilise v\u00f5lu.<\/p>\n<p>Rimini RI034 TV-alus on mitte ainult ilus, vaid ka praktiline. Selle m\u00f5\u00f5tmed on 120 cm lai, 50 cm s\u00fcgav ja 60 cm k\u00f5rge, pakkudes piisavalt ruumi teie meediaseadmetele. Lisaks on tootel kaks hoiuruumi, mis aitavad hoida teie elutoa korras ja organiseeritud. Pealmise osa servad on hoolikalt freesitud, andes sellele peene viimistluse.<\/p>\n<p>Omadused:<br \/>\n<strong>Materjal:<\/strong> Paulownia puit ja MDF.<br \/>\n<strong>V\u00e4rv:<\/strong> Kreemjas korpus, helepruun pealmine osa.<br \/>\n<strong>M\u00f5\u00f5tmed:<\/strong> Laius 120 cm, s\u00fcgavus 50 cm, k\u00f5rgus 60 cm.<br \/>\n<strong>T\u00e4iendavad detailid:<\/strong> S\u00fcvendi m\u00f5\u00f5tmed &#8211; 46 x 46 x 19 cm.<br \/>\n<strong>Kokkupanek:<\/strong> Kokkupandud, ei vaja paigaldust. S\u00e4\u00e4stab aega ja vaeva.<\/p>\n<p>&nbsp;<\/p>\n","protected":false},"excerpt":{"rendered":"<p>Rimini RI034 TV-alus elutuppa. See elegantne provanssaali stiilis TV-alus on valmistatud Paulownia puidust ja MDF-ist, pakkudes teie elutoale isikup\u00e4ra ja stiili. K\u00e4sitsi v\u00e4rvitud kreemjas korpus ja helepruun pealmine osa, millel on n\u00e4htav puidustruktuur, loovad harmoonilise ja sooja atmosf\u00e4\u00e4ri. Kumerad jalad, dekoratiivsed metallist k\u00e4epidemed ja kaunid nikerdused jalamil lisavad sellele ainulaadsele m\u00f6\u00f6bliesemele erilise v\u00f5lu. Rimini RI034 [&hellip;]<\/p>\n","protected":false},"featured_media":6859,"comment_status":"open","ping_status":"closed","template":"","meta":[],"product_brand":[],"product_cat":[85],"product_tag":[],"class_list":{"0":"post-6858","1":"product","2":"type-product","3":"status-publish","4":"has-post-thumbnail","6":"product_cat-tv-alused","7":"product_shipping_class-livin-hill","8":"pa_kollektsioon-rimini","9":"pa_materjal-paulownia-puit","10":"pa_varv-beez","12":"first","13":"outofstock","14":"sale","15":"taxable","16":"shipping-taxable","17":"purchasable","18":"product-type-simple"},"_links":{"self":[{"href":"https:\/\/blankpage.ee\/_ruumist-ruumi\/wp-json\/wp\/v2\/product\/6858","targetHints":{"allow":["GET"]}}],"collection":[{"href":"https:\/\/blankpage.ee\/_ruumist-ruumi\/wp-json\/wp\/v2\/product"}],"about":[{"href":"https:\/\/blankpage.ee\/_ruumist-ruumi\/wp-json\/wp\/v2\/types\/product"}],"replies":[{"embeddable":true,"href":"https:\/\/blankpage.ee\/_ruumist-ruumi\/wp-json\/wp\/v2\/comments?post=6858"}],"wp:featuredmedia":[{"embeddable":true,"href":"https:\/\/blankpage.ee\/_ruumist-ruumi\/wp-json\/wp\/v2\/media\/6859"}],"wp:attachment":[{"href":"https:\/\/blankpage.ee\/_ruumist-ruumi\/wp-json\/wp\/v2\/media?parent=6858"}],"wp:term":[{"taxonomy":"product_brand","embeddable":true,"href":"https:\/\/blankpage.ee\/_ruumist-ruumi\/wp-json\/wp\/v2\/product_brand?post=6858"},{"taxonomy":"product_cat","embeddable":true,"href":"https:\/\/blankpage.ee\/_ruumist-ruumi\/wp-json\/wp\/v2\/product_cat?post=6858"},{"taxonomy":"product_tag","embeddable":true,"href":"https:\/\/blankpage.ee\/_ruumist-ruumi\/wp-json\/wp\/v2\/product_tag?post=6858"}],"curies":[{"name":"wp","href":"https:\/\/api.w.org\/{rel}","templated":true}]}}

Beež TV-alus Rimini RI034, lehtpuu puidust

<p>Rimini RI034 TV-alus elutuppa. See elegantne provanssaali stiilis TV-alus on valmistatud Paulownia puidust ja MDF-ist, pakkudes teie elutoale isikupära ja stiili. Käsitsi värvitud kreemjas korpus ja helepruun pealmine osa, millel on nähtav puidustruktuur, loovad harmoonilise ja sooja atmosfääri. Kumerad jalad, dekoratiivsed metallist käepidemed ja kaunid nikerdused jalamil lisavad sellele ainulaadsele mööbliesemele erilise võlu.</p>
<p>Rimini RI034 TV-alus on mitte ainult ilus, vaid ka praktiline. Selle mõõtmed on 120 cm lai, 50 cm sügav ja 60 cm kõrge, pakkudes piisavalt ruumi teie meediaseadmetele. Lisaks on tootel kaks hoiuruumi, mis aitavad hoida teie elutoa korras ja organiseeritud. Pealmise osa servad on hoolikalt freesitud, andes sellele peene viimistluse.</p>
<p>Omadused:<br />
<strong>Materjal:</strong> Paulownia puit ja MDF.<br />
<strong>Värv:</strong> Kreemjas korpus, helepruun pealmine osa.<br />
<strong>Mõõtmed:</strong> Laius 120 cm, sügavus 50 cm, kõrgus 60 cm.<br />
<strong>Täiendavad detailid:</strong> Süvendi mõõtmed &#8211; 46 x 46 x 19 cm.<br />
<strong>Kokkupanek:</strong> Kokkupandud, ei vaja paigaldust. Säästab aega ja vaeva.</p>
<p>&nbsp;</p>

<p>Rimini RI034 TV-alus elutuppa. See elegantne provanssaali stiilis TV-alus on valmistatud Paulownia puidust ja MDF-ist, pakkudes teie elutoale isikupära ja stiili. Käsitsi värvitud kreemjas korpus ja helepruun pealmine osa, millel on nähtav puidustruktuur, loovad harmoonilise ja sooja atmosfääri. Kumerad jalad, dekoratiivsed metallist käepidemed ja kaunid nikerdused jalamil lisavad sellele ainulaadsele mööbliesemele erilise võlu. Rimini RI034 [&hellip;]</p>
